INSERT INTO `ndfb_nsnst_blocked_ips` (`ip_addr`, `user_id`, `username`, `user_agent`, `date`, `notes`, `reason`, `query_string`, `get_string`, `post_string`, `x_forward_for`, `client_ip`, `remote_addr`, `remote_port`, `request_method`, `expires`, `c2c`) VALUES
('202.228.204.*', 1, 'Anonymous', 'Opera/9.60 (J2ME/MIDP; Opera Mini/4.2.13337/504; U; ru) Presto/2.2.0', 1394003400, 'Added by NukeSentinel(tm)', 7, 'd3d3LmRmYmdhbWluZy5jb20vbW9kdWxlcy5waHA/bmFtZT00bkFsYnVtLy9tb2R1bGVzLzRuQWxidW0vcHVibGljL2Rpc3BsYXlDYXRlZ29yeS5waHA/YmFzZXBhdGg9aHR0cDovL3d3dy5nb2xkZW5uYXR1cmFsLmNvbS8uc2V0YW4vZGFzdGVyLmpwZz8/', 'd3d3LmRmYmdhbWluZy5jb20vbW9kdWxlcy5waHA/bmFtZT00bkFsYnVtLy9tb2R1bGVzLzRuQWxidW0vcHVibGljL2Rpc3BsYXlDYXRlZ29yeS5waHA/YmFzZXBhdGg9aHR0cDovL3d3dy5nb2xkZW5uYXR1cmFsLmNvbS8uc2V0YW4vZGFzdGVyLmpwZz8/', 'd3d3LmRmYmdhbWluZy5jb20vbW9kdWxlcy5waHA=', 'none', 'none', '202.228.204.204', '38466', 'GET', 0, '00'),
('95.244.76.*', 1, 'Anonymous', 'Mozilla/5.0', 1395243903, 'Added by NukeSentinel(tm)', 7, 'd3d3LmRmYmdhbWluZy5jb20vbW9kdWxlcy5waHA/bmFtZT00bkFsYnVtLy9tb2R1bGVzLzRuQWxidW0vcHVibGljL2Rpc3BsYXlDYXRlZ29yeS5waHA/YmFzZXBhdGg9aHR0cDovL3huLS1wbjNiOGo1N2dleWk2Yy5rci9vbmxpbmVfZGF0YS9raXJhMS5qcGc/Pw==', 'd3d3LmRmYmdhbWluZy5jb20vbW9kdWxlcy5waHA/bmFtZT00bkFsYnVtLy9tb2R1bGVzLzRuQWxidW0vcHVibGljL2Rpc3BsYXlDYXRlZ29yeS5waHA/YmFzZXBhdGg9aHR0cDovL3huLS1wbjNiOGo1N2dleWk2Yy5rci9vbmxpbmVfZGF0YS9raXJhMS5qcGc/Pw==', 'd3d3LmRmYmdhbWluZy5jb20vbW9kdWxlcy5waHA=', 'none', 'none', '95.244.76.199', '39276', 'GET', 0, '00'),
('87.0.0.*', 1, 'Anonymous', 'Mozilla/5.0', 1396171512, 'Added by NukeSentinel(tm)', 7, 'd3d3LmRmYmdhbWluZy5jb20vbW9kdWxlcy5waHA/bmFtZT00bkFsYnVtLy9tb2R1bGVzLzRuQWxidW0vcHVibGljL2Rpc3BsYXlDYXRlZ29yeS5waHA/YmFzZXBhdGg9aHR0cDovL3huLS1wbjNiOGo1N2dleWk2Yy5rci9vbmxpbmVfZGF0YS9raXJhMS5qcGc/Pw==', 'd3d3LmRmYmdhbWluZy5jb20vbW9kdWxlcy5waHA/bmFtZT00bkFsYnVtLy9tb2R1bGVzLzRuQWxidW0vcHVibGljL2Rpc3BsYXlDYXRlZ29yeS5waHA/YmFzZXBhdGg9aHR0cDovL3huLS1wbjNiOGo1N2dleWk2Yy5rci9vbmxpbmVfZGF0YS9raXJhMS5qcGc/Pw==', 'd3d3LmRmYmdhbWluZy5jb20vbW9kdWxlcy5waHA=', 'none', 'none', '87.0.0.73', '33511', 'GET', 0, '00'),
('67.55.62.*', 1, 'Anonymous', 'BlackBerry9000/4.6.0.126 Profile/MIDP-2.0 Configuration/CLDC-1.1 VendorID/-1', 1396244673, 'Added by NukeSentinel(tm)', 7, 'd3d3LmRmYmdhbWluZy5jb20vbW9kdWxlcy5waHA/bmFtZT00bkFsYnVtLy9tb2R1bGVzLzRuQWxidW0vcHVibGljL2Rpc3BsYXlDYXRlZ29yeS5waHA/YmFzZXBhdGg9aHR0cDovL3BpY2FzYS5jb20ucm50LmNhL2JhdC50eHQ/', 'd3d3LmRmYmdhbWluZy5jb20vbW9kdWxlcy5waHA/bmFtZT00bkFsYnVtLy9tb2R1bGVzLzRuQWxidW0vcHVibGljL2Rpc3BsYXlDYXRlZ29yeS5waHA/YmFzZXBhdGg9aHR0cDovL3BpY2FzYS5jb20ucm50LmNhL2JhdC50eHQ/', 'd3d3LmRmYmdhbWluZy5jb20vbW9kdWxlcy5waHA=', 'none', 'none', '67.55.62.31', '40884', 'GET', 0, '00'),
('91.121.210.*', 1, 'Anonymous', 'BlackBerry9000/4.6.0.126 Profile/MIDP-2.0 Configuration/CLDC-1.1 VendorID/-1', 1396244703, 'Added by NukeSentinel(tm)', 7, 'd3d3LmRmYmdhbWluZy5jb20vbW9kdWxlcy5waHA/bmFtZT00bkFsYnVtLy9tb2R1bGVzLzRuQWxidW0vcHVibGljL2Rpc3BsYXlDYXRlZ29yeS5waHA/YmFzZXBhdGg9aHR0cDovL3BpY2FzYS5jb20ucm50LmNhL2JhdC50eHQ/', 'd3d3LmRmYmdhbWluZy5jb20vbW9kdWxlcy5waHA/bmFtZT00bkFsYnVtLy9tb2R1bGVzLzRuQWxidW0vcHVibGljL2Rpc3BsYXlDYXRlZ29yeS5waHA/YmFzZXBhdGg9aHR0cDovL3BpY2FzYS5jb20ucm50LmNhL2JhdC50eHQ/', 'd3d3LmRmYmdhbWluZy5jb20vbW9kdWxlcy5waHA=', 'none', 'none', '91.121.210.73', '38547', 'GET', 0, '00'),
('66.49.161.*', 1, 'Anonymous', 'Mozilla/1.22 (compatible; MSIE 1.5; Windows NT)', 1396244730, 'Added by NukeSentinel(tm)', 7, 'd3d3LmRmYmdhbWluZy5jb20vbW9kdWxlcy5waHA/bmFtZT00bkFsYnVtLy9tb2R1bGVzLzRuQWxidW0vcHVibGljL2Rpc3BsYXlDYXRlZ29yeS5waHA/YmFzZXBhdGg9aHR0cDovL3BpY2FzYS5jb20ucm50LmNhL2JhdC50eHQ/', 'd3d3LmRmYmdhbWluZy5jb20vbW9kdWxlcy5waHA/bmFtZT00bkFsYnVtLy9tb2R1bGVzLzRuQWxidW0vcHVibGljL2Rpc3BsYXlDYXRlZ29yeS5waHA/YmFzZXBhdGg9aHR0cDovL3BpY2FzYS5jb20ucm50LmNhL2JhdC50eHQ/', 'd3d3LmRmYmdhbWluZy5jb20vbW9kdWxlcy5waHA=', 'none', 'none', '66.49.161.151', '39838', 'GET', 0, '00'),
('91.207.61.*', 1, 'Anonymous', 'Mozilla/4.0 (compatible; Synapse)', 1396818081, 'Added by NukeSentinel(tm)', 7, 'd3d3LmRmYmdhbWluZy5jb20vbW9kdWxlcy5waHA/bmFtZT1Eb3dubG9hZHMmZF9vcD12aWV3ZG93bmxvYWQmY2lkPTMwJm9yZGVyYnk9LTk5OS45K2FuZChzZWxlY3QrMStmcm9tKHNlbGVjdCtjb3VudCgqKSxjb25jYXQoKHNlbGVjdCsoc2VsZWN0K2NvbmNhdCgweDdlLDB4MjcsdW5oZXgoSGV4KGNhc3QoZGF0YWJhc2UoKSthcytjaGFyKSkpLDB4MjcsMHg3ZSkpK2Zyb20rYGluZm9ybWF0aW9uX3NjaGVtYWAudGFibGVzK2xpbWl0KzAsMSksZmxvb3IocmFuZCgwKSoyKSl4K2Zyb20rYGluZm9ybWF0aW9uX3NjaGVtYWAudGFibGVzK2dyb3VwK2J5K3gpYSktLQ==', 'd3d3LmRmYmdhbWluZy5jb20vbW9kdWxlcy5waHA/bmFtZT1Eb3dubG9hZHMmZF9vcD12aWV3ZG93bmxvYWQmY2lkPTMwJm9yZGVyYnk9LTk5OS45IGFuZChzZWxlY3QgMSBmcm9tKHNlbGVjdCBjb3VudCgqKSxjb25jYXQoKHNlbGVjdCAoc2VsZWN0IGNvbmNhdCgweDdlLDB4MjcsdW5oZXgoSGV4KGNhc3QoZGF0YWJhc2UoKSBhcyBjaGFyKSkpLDB4MjcsMHg3ZSkpIGZyb20gYGluZm9ybWF0aW9uX3NjaGVtYWAudGFibGVzIGxpbWl0IDAsMSksZmxvb3IocmFuZCgwKSoyKSl4IGZyb20gYGluZm9ybWF0aW9uX3NjaGVtYWAudGFibGVzIGdyb3VwIGJ5IHgpYSktLQ==', 'd3d3LmRmYmdhbWluZy5jb20vbW9kdWxlcy5waHA=', 'none', 'none', '91.207.61.66', '56637', 'GET', 0, '00'),
('178.158.214.*', 1, 'Anonymous', 'Mozilla/5.0 (Windows NT 5.1) AppleWebKit/537.36 (KHTML, like Gecko) Chrome/30.0.1599.17 Safari/537.36', 1396917771, 'Added by NukeSentinel(tm)', 2, 'd3d3LmRmYmdhbWluZy5jb20vaW5kZXgucGhwP29wdGlvbj1jb21fdGFnJmNvbnRyb2xsZXI9dGFnJnRhc2s9YWRkJmFydGljbGVfaWQ9LTI2MDQ3OS8qKi8vKiF1bmlvbiovLyoqLy8qIXNlbGVjdCovLyoqL2NvbmNhdCh1c2VybmFtZSwweDNhLHBhc3N3b3JkLDB4M2EsdXNlcnR5cGUpLyoqLy8qIWZyb20qLy8qKi9qb3NfdXNlcnMvKiovJnRtcGw9Y29tcG9uZW50', 'd3d3LmRmYmdhbWluZy5jb20vaW5kZXgucGhwP29wdGlvbj1jb21fdGFnJmNvbnRyb2xsZXI9dGFnJnRhc2s9YWRkJmFydGljbGVfaWQ9LTI2MDQ3OS8qKi8vKiF1bmlvbiovLyoqLy8qIXNlbGVjdCovLyoqL2NvbmNhdCh1c2VybmFtZSwweDNhLHBhc3N3b3JkLDB4M2EsdXNlcnR5cGUpLyoqLy8qIWZyb20qLy8qKi9qb3NfdXNlcnMvKiovJnRtcGw9Y29tcG9uZW50', 'd3d3LmRmYmdhbWluZy5jb20vaW5kZXgucGhw', 'none', 'none', '178.158.214.36', '63704', 'GET', 0, '00'),
('5.135.163.*', 1, 'Anonymous', 'Mozilla/5.0 (Windows; U; Windows NT 5.1; en-US; rv:1.9.2) Gecko/20100115 Firefox/3.6', 1398148319, 'Added by NukeSentinel(tm)', 7, 'd3d3LmRmYmdhbWluZy5jb20vbW9kdWxlcy5waHA/bmFtZT00bkFsYnVtL21vZHVsZXMvNG5BbGJ1bS9wdWJsaWMvZGlzcGxheUNhdGVnb3J5LnBocD9iYXNlcGF0aD1odHRwOi8vcGljYXNhLmNvbS5neW1lbGl0eXMuY2Evc2VueXVtLnR4dD8=', 'd3d3LmRmYmdhbWluZy5jb20vbW9kdWxlcy5waHA/bmFtZT00bkFsYnVtL21vZHVsZXMvNG5BbGJ1bS9wdWJsaWMvZGlzcGxheUNhdGVnb3J5LnBocD9iYXNlcGF0aD1odHRwOi8vcGljYXNhLmNvbS5neW1lbGl0eXMuY2Evc2VueXVtLnR4dD8=', 'd3d3LmRmYmdhbWluZy5jb20vbW9kdWxlcy5waHA=', 'none', 'none', '5.135.163.49', '60298', 'GET', 0, '00'),
('81.25.96.*', 1, 'Anonymous', 'Mozilla/5.0 (Windows; U; Windows NT 5.1; en-US; rv:1.9.2) Gecko/20100115 Firefox/3.6', 1398148355, 'Added by NukeSentinel(tm)', 7, 'd3d3LmRmYmdhbWluZy5jb20vbW9kdWxlcy5waHA/bmFtZT00bkFsYnVtL21vZHVsZXMvNG5BbGJ1bS9wdWJsaWMvZGlzcGxheUNhdGVnb3J5LnBocD9iYXNlcGF0aD1odHRwOi8vcGljYXNhLmNvbS5neW1lbGl0eXMuY2Evc2VueXVtLnR4dD8=', 'd3d3LmRmYmdhbWluZy5jb20vbW9kdWxlcy5waHA/bmFtZT00bkFsYnVtL21vZHVsZXMvNG5BbGJ1bS9wdWJsaWMvZGlzcGxheUNhdGVnb3J5LnBocD9iYXNlcGF0aD1odHRwOi8vcGljYXNhLmNvbS5neW1lbGl0eXMuY2Evc2VueXVtLnR4dD8=', 'd3d3LmRmYmdhbWluZy5jb20vbW9kdWxlcy5waHA=', 'none', 'none', '81.25.96.13', '45458', 'GET', 0, '00'),
('198.58.100.*', 1, 'Anonymous', 'Mozilla/5.0 (Windows; U; Windows NT 5.1; it; rv:1.8.1b1) Gecko/20060710 Firefox/2.0b1', 1398148389, 'Added by NukeSentinel(tm)', 7, 'd3d3LmRmYmdhbWluZy5jb20vbW9kdWxlcy5waHA/bmFtZT00bkFsYnVtL21vZHVsZXMvNG5BbGJ1bS9wdWJsaWMvZGlzcGxheUNhdGVnb3J5LnBocD9iYXNlcGF0aD1odHRwOi8vcGljYXNhLmNvbS5neW1lbGl0eXMuY2Evc2VueXVtLnR4dD8=', 'd3d3LmRmYmdhbWluZy5jb20vbW9kdWxlcy5waHA/bmFtZT00bkFsYnVtL21vZHVsZXMvNG5BbGJ1bS9wdWJsaWMvZGlzcGxheUNhdGVnb3J5LnBocD9iYXNlcGF0aD1odHRwOi8vcGljYXNhLmNvbS5neW1lbGl0eXMuY2Evc2VueXVtLnR4dD8=', 'd3d3LmRmYmdhbWluZy5jb20vbW9kdWxlcy5waHA=', 'none', 'none', '198.58.100.83', '33070', 'GET', 0, '00'),
('211.234.110.*', 1, 'Anonymous', 'Mozilla/5.0 (Windows; U; Windows NT 5.1; en-US; rv:1.9.2) Gecko/20100115 Firefox/3.6', 1398148394, 'Added by NukeSentinel(tm)', 7, 'd3d3LmRmYmdhbWluZy5jb20vbW9kdWxlcy5waHA/bmFtZT00bkFsYnVtL21vZHVsZXMvNG5BbGJ1bS9wdWJsaWMvZGlzcGxheUNhdGVnb3J5LnBocD9iYXNlcGF0aD1odHRwOi8vcGljYXNhLmNvbS5neW1lbGl0eXMuY2Evc2VueXVtLnR4dD8=', 'd3d3LmRmYmdhbWluZy5jb20vbW9kdWxlcy5waHA/bmFtZT00bkFsYnVtL21vZHVsZXMvNG5BbGJ1bS9wdWJsaWMvZGlzcGxheUNhdGVnb3J5LnBocD9iYXNlcGF0aD1odHRwOi8vcGljYXNhLmNvbS5neW1lbGl0eXMuY2Evc2VueXVtLnR4dD8=', 'd3d3LmRmYmdhbWluZy5jb20vbW9kdWxlcy5waHA=', 'none', 'none', '211.234.110.168', '52861', 'GET', 0, '00'),
('60.248.224.*', 1, 'Anonymous', 'Mozilla/4.0 (compatible; MSIE 5.17; Mac_PowerPC)', 1398148836, 'Added by NukeSentinel(tm)', 7, 'd3d3LmRmYmdhbWluZy5jb20vbW9kdWxlcy5waHA/bmFtZT00bkFsYnVtL21vZHVsZXMvNG5BbGJ1bS9wdWJsaWMvZGlzcGxheUNhdGVnb3J5LnBocD9iYXNlcGF0aD1odHRwOi8vcGljYXNhLmNvbS5neW1lbGl0eXMuY2Evc2VueXVtLnR4dD8=', 'd3d3LmRmYmdhbWluZy5jb20vbW9kdWxlcy5waHA/bmFtZT00bkFsYnVtL21vZHVsZXMvNG5BbGJ1bS9wdWJsaWMvZGlzcGxheUNhdGVnb3J5LnBocD9iYXNlcGF0aD1odHRwOi8vcGljYXNhLmNvbS5neW1lbGl0eXMuY2Evc2VueXVtLnR4dD8=', 'd3d3LmRmYmdhbWluZy5jb20vbW9kdWxlcy5waHA=', 'none', 'none', '60.248.224.205', '59873', 'GET', 0, '00'),
('50.62.74.*', 1, 'Anonymous', 'Mozilla/4.0 (compatible; MSIE 7.0; America Online Browser 1.1; Windows NT 5.1; (R1 1.5); .NET CLR 2.0.50727; InfoPath.1)', 1399354702, 'Added by NukeSentinel(tm)', 7, 'd3d3LmRmYmdhbWluZy5jb20vbW9kdWxlcy5waHA/bmFtZT00bkFsYnVtLy9tb2R1bGVzLzRuQWxidW0vcHVibGljL2Rpc3BsYXlDYXRlZ29yeS5waHA/YmFzZXBhdGg9aHR0cDovL3BpY2FzYS5jb20ucm9jYWRlc2lnbi5jYS9iYXQudHh0Pw==', 'd3d3LmRmYmdhbWluZy5jb20vbW9kdWxlcy5waHA/bmFtZT00bkFsYnVtLy9tb2R1bGVzLzRuQWxidW0vcHVibGljL2Rpc3BsYXlDYXRlZ29yeS5waHA/YmFzZXBhdGg9aHR0cDovL3BpY2FzYS5jb20ucm9jYWRlc2lnbi5jYS9iYXQudHh0Pw==', 'd3d3LmRmYmdhbWluZy5jb20vbW9kdWxlcy5waHA=', 'none', 'none', '50.62.74.127', '60280', 'GET', 0, '00'),
('195.186.81.*', 1, 'Anonymous', 'Mozilla/4.0 (compatible; MSIE 7.0; America Online Browser 1.1; Windows NT 5.1; (R1 1.5); .NET CLR 2.0.50727; InfoPath.1)', 1399359547, 'Added by NukeSentinel(tm)', 7, 'd3d3LmRmYmdhbWluZy5jb20vbW9kdWxlcy5waHA/bmFtZT00bkFsYnVtLy9tb2R1bGVzLzRuQWxidW0vcHVibGljL2Rpc3BsYXlDYXRlZ29yeS5waHA/YmFzZXBhdGg9aHR0cDovL3BpY2FzYS5jb20ucm9jYWRlc2lnbi5jYS9iYXQudHh0Pw==', 'd3d3LmRmYmdhbWluZy5jb20vbW9kdWxlcy5waHA/bmFtZT00bkFsYnVtLy9tb2R1bGVzLzRuQWxidW0vcHVibGljL2Rpc3BsYXlDYXRlZ29yeS5waHA/YmFzZXBhdGg9aHR0cDovL3BpY2FzYS5jb20ucm9jYWRlc2lnbi5jYS9iYXQudHh0Pw==', 'd3d3LmRmYmdhbWluZy5jb20vbW9kdWxlcy5waHA=', 'none', 'none', '195.186.81.72', '56180', 'GET', 0, '00'),
('188.132.129.*', 1, 'Anonymous', 'none', 1399494233, 'Added by NukeSentinel(tm)', 7, 'd3d3LmRmYmdhbWluZy5jb20vbW9kdWxlcy5waHA/bmFtZT1odHRwOi8vd3d3Lm1vcnBodW4uY28ua3IvZGF0YS81MjQ4L2VudmlhZG9yLnR4dD8mc2Vydmlkb3I9d3d3LmRmYmdhbWluZy5jb20vbW9kdWxlcy5waHA/bmFtZT0mcGFyYT1zZXh5Y2Ficml0b0BnbWFpbC5jb20=', 'd3d3LmRmYmdhbWluZy5jb20vbW9kdWxlcy5waHA/bmFtZT1odHRwOi8vd3d3Lm1vcnBodW4uY28ua3IvZGF0YS81MjQ4L2VudmlhZG9yLnR4dD8mc2Vydmlkb3I9d3d3LmRmYmdhbWluZy5jb20vbW9kdWxlcy5waHA/bmFtZT0mcGFyYT1zZXh5Y2Ficml0b0BnbWFpbC5jb20=', 'd3d3LmRmYmdhbWluZy5jb20vbW9kdWxlcy5waHA=', 'none', 'none', '188.132.129.9', '49597', 'GET', 0, '00'),
('37.9.53.*', 1, 'Anonymous', 'Mozilla/5.0 (Windows NT 6.0) AppleWebKit/537.36 (KHTML, like Gecko) Chrome/31.0.1650.16 Safari/537.36', 1400421130, 'Added by NukeSentinel(tm)', 2, 'd3d3LmRmYmdhbWluZy5jb20vaW5kZXgucGhwP29wdGlvbj1jb21fdGFnJmNvbnRyb2xsZXI9dGFnJnRhc2s9YWRkJmFydGljbGVfaWQ9LTI2MDQ3OS8qKi8vKiF1bmlvbiovLyoqLy8qIXNlbGVjdCovLyoqL2NvbmNhdCh1c2VybmFtZSwweDNhLHBhc3N3b3JkLDB4M2EsdXNlcnR5cGUpLyoqLy8qIWZyb20qLy8qKi9qb3NfdXNlcnMvKiovJnRtcGw9Y29tcG9uZW50', 'd3d3LmRmYmdhbWluZy5jb20vaW5kZXgucGhwP29wdGlvbj1jb21fdGFnJmNvbnRyb2xsZXI9dGFnJnRhc2s9YWRkJmFydGljbGVfaWQ9LTI2MDQ3OS8qKi8vKiF1bmlvbiovLyoqLy8qIXNlbGVjdCovLyoqL2NvbmNhdCh1c2VybmFtZSwweDNhLHBhc3N3b3JkLDB4M2EsdXNlcnR5cGUpLyoqLy8qIWZyb20qLy8qKi9qb3NfdXNlcnMvKiovJnRtcGw9Y29tcG9uZW50', 'd3d3LmRmYmdhbWluZy5jb20vaW5kZXgucGhw', 'none', 'none', '37.9.53.67', '1792', 'GET', 0, '00'),
('91.124.28.*', 1, 'Anonymous', 'Mozilla/5.0 (Windows NT 6.0) AppleWebKit/537.36 (KHTML, like Gecko) Chrome/29.0.1547.57 Safari/537.36', 1404840593, 'Added by NukeSentinel(tm)', 2, 'd3d3LmRmYmdhbWluZy5jb20vaW5kZXgucGhwP29wdGlvbj1jb21fdGFnJmNvbnRyb2xsZXI9dGFnJnRhc2s9YWRkJmFydGljbGVfaWQ9LTI2MDQ3OS8qKi8vKiF1bmlvbiovLyoqLy8qIXNlbGVjdCovLyoqL2NvbmNhdCh1c2VybmFtZSwweDNhLHBhc3N3b3JkLDB4M2EsdXNlcnR5cGUpLyoqLy8qIWZyb20qLy8qKi9qb3NfdXNlcnMvKiovJnRtcGw9Y29tcG9uZW50', 'd3d3LmRmYmdhbWluZy5jb20vaW5kZXgucGhwP29wdGlvbj1jb21fdGFnJmNvbnRyb2xsZXI9dGFnJnRhc2s9YWRkJmFydGljbGVfaWQ9LTI2MDQ3OS8qKi8vKiF1bmlvbiovLyoqLy8qIXNlbGVjdCovLyoqL2NvbmNhdCh1c2VybmFtZSwweDNhLHBhc3N3b3JkLDB4M2EsdXNlcnR5cGUpLyoqLy8qIWZyb20qLy8qKi9qb3NfdXNlcnMvKiovJnRtcGw9Y29tcG9uZW50', 'd3d3LmRmYmdhbWluZy5jb20vaW5kZXgucGhw', 'none', 'none', '91.124.28.160', '49302', 'GET', 0, '00'),
('94.228.220.*', 1, 'Anonymous', 'none', 1406459609, 'Added by NukeSentinel(tm)', 2, 'd3d3LmRmYmdhbWluZy5jb20vaW5kZXgucGhwP29wdGlvbj1jb21fdGFnJmNvbnRyb2xsZXI9dGFnJnRhc2s9YWRkJmFydGljbGVfaWQ9LTI2MDQ3OS8qKi8vKiF1bmlvbiovLyoqLy8qIXNlbGVjdCovLyoqL2dyb3VwX2NvbmNhdCgweDNDNkI2NTc5M0UsdXNlcm5hbWUsMHgzYSxwYXNzd29yZCwweDNhLHVzZXJ0eXBlLDB4M0M2MjcyM0UsMHgzQzZCNjU3OTczM0UpLyoqL2Zyb20vKiovam9zX3VzZXJzLyoqL3doZXJlLyoqL3VzZXJ0eXBlPSdTdXBlciUyMEFkbWluaXN0cmF0b3InLyoqL29yLyoqL3VzZXJ0eXBlPSdBZG1pbmlzdHJhdG9yJyUyMC0tJTIwJyZ0bXBsPWNvbXBvbmVudA==', 'd3d3LmRmYmdhbWluZy5jb20vaW5kZXgucGhwP29wdGlvbj1jb21fdGFnJmNvbnRyb2xsZXI9dGFnJnRhc2s9YWRkJmFydGljbGVfaWQ9LTI2MDQ3OS8qKi8vKiF1bmlvbiovLyoqLy8qIXNlbGVjdCovLyoqL2dyb3VwX2NvbmNhdCgweDNDNkI2NTc5M0UsdXNlcm5hbWUsMHgzYSxwYXNzd29yZCwweDNhLHVzZXJ0eXBlLDB4M0M2MjcyM0UsMHgzQzZCNjU3OTczM0UpLyoqL2Zyb20vKiovam9zX3VzZXJzLyoqL3doZXJlLyoqL3VzZXJ0eXBlPSdTdXBlciBBZG1pbmlzdHJhdG9yJy8qKi9vci8qKi91c2VydHlwZT0nQWRtaW5pc3RyYXRvcicgLS0gJyZ0bXBsPWNvbXBvbmVudA==', 'd3d3LmRmYmdhbWluZy5jb20vaW5kZXgucGhw', 'none', 'none', '94.228.220.68', '57681', 'GET', 0, '00'),
('174.139.20.*', 1, 'Anonymous', 'Mozilla/5.0 (Windows NT 5.1) AppleWebKit/537.36 (KHTML, like Gecko) Chrome/28.0.1500.71 Safari/537.36', 1409730848, 'Added by NukeSentinel(tm)', 7, 'd3d3LmRmYmdhbWluZy5jb20vaW5kZXgucGhwP2NtZD1zaWdu', 'd3d3LmRmYmdhbWluZy5jb20vaW5kZXgucGhwP2NtZD1zaWdu', 'd3d3LmRmYmdhbWluZy5jb20vaW5kZXgucGhw', 'none', 'none', '174.139.20.146', '63643', 'GET', 0, '00'),
('188.143.235.*', 1, 'Anonymous', 'Mozilla/5.0 (Windows NT 6.1; WOW64; rv:24.0) Gecko/20100101 Firefox/24.0', 1414762061, 'Added by NukeSentinel(tm)', 7, 'd3d3LmRmYmdhbWluZy5jb20vbW9kdWxlcy5waHA/bmFtZT0oU0VMRUNUKzErQU5EK0V4dHJhY3RWYWx1ZSgxLCtDT05DQVQoMHg1YywrQEB2ZXJzaW9uKSkp', 'd3d3LmRmYmdhbWluZy5jb20vbW9kdWxlcy5waHA/bmFtZT0oU0VMRUNUIDEgQU5EIEV4dHJhY3RWYWx1ZSgxLCBDT05DQVQoMHg1YywgQEB2ZXJzaW9uKSkp', 'd3d3LmRmYmdhbWluZy5jb20vbW9kdWxlcy5waHA=', 'none', 'none', '188.143.235.17', '53495', 'GET', 0, '00'),
('191.33.89.*', 1, 'Anonymous', 'Mozilla/5.0 (Windows NT 6.1; WOW64) AppleWebKit/537.36 (KHTML, like Gecko) Chrome/37.0.2062.124 Safari/537.36', 1415108871, 'Added by NukeSentinel(tm)', 7, 'd3d3LmRmYmdhbWluZy5jb20vbW9kdWxlcy5waHA/bmFtZT1odHRwOi8vc2hvd2lwLmNvbS8/LnBocA==', 'd3d3LmRmYmdhbWluZy5jb20vbW9kdWxlcy5waHA/bmFtZT1odHRwOi8vc2hvd2lwLmNvbS8/LnBocA==', 'd3d3LmRmYmdhbWluZy5jb20vbW9kdWxlcy5waHA=', 'none', 'none', '191.33.89.1', '51471', 'GET', 0, '00'),
('177.73.4.*', 1, 'Anonymous', 'Mozilla/5.0 (Windows NT 6.1; WOW64) AppleWebKit/537.36 (KHTML, like Gecko) Chrome/37.0.2062.124 Safari/537.36', 1415108872, 'Added by NukeSentinel(tm)', 7, 'd3d3LmRmYmdhbWluZy5jb20vbW9kdWxlcy5waHA/bmFtZT1odHRwOi8vc2hvd2lwLmNvbS8/LnBocA==', 'd3d3LmRmYmdhbWluZy5jb20vbW9kdWxlcy5waHA/bmFtZT1odHRwOi8vc2hvd2lwLmNvbS8/LnBocA==', 'd3d3LmRmYmdhbWluZy5jb20vbW9kdWxlcy5waHA=', 'none', 'none', '177.73.4.70', '1511', 'GET', 0, '00'),
('201.22.164.*', 1, 'Anonymous', 'Mozilla/5.0 (Windows NT 6.1; WOW64) AppleWebKit/537.36 (KHTML, like Gecko) Chrome/37.0.2062.124 Safari/537.36', 1415203912, 'Added by NukeSentinel(tm)', 7, 'd3d3LmRmYmdhbWluZy5jb20vbW9kdWxlcy5waHA/bmFtZT1odHRwOi8vc2hvd2lwLmNvbS8/LnBocA==', 'd3d3LmRmYmdhbWluZy5jb20vbW9kdWxlcy5waHA/bmFtZT1odHRwOi8vc2hvd2lwLmNvbS8/LnBocA==', 'd3d3LmRmYmdhbWluZy5jb20vbW9kdWxlcy5waHA=', 'none', 'none', '201.22.164.63', '51237', 'GET', 0, '00'),
('85.18.29.*', 1, 'Anonymous', 'none', 1415465241, 'Added by NukeSentinel(tm)', 1, 'd3d3LmRmYmdhbWluZy5jb20vaW5kZXgucGhwP29wdGlvbj1jb21fY2tmb3JtcyZjb250cm9sbGVyPWNrZGF0YSZ2aWV3PWNrZm9ybXNkYXRhJmxheW91dD1kZXRhaWwmdGFzaz1kZXRhaWwmZmlkPS0xK3VuaW9uK3NlbGVjdCsxLDIsMyw0LDUsNiw3LDgsOSwxMCwxMSwxMiwxMywxNCwxNSwxNiwxNywxOCwxOSwyMCwyMSwyMiwyMywyNCwyNSwyNiwyNywyOCwyOSwzMCwzMSwzMiwzMyxncm91cF9jb25jYXQoMHgzQzZCNjU3OTNFLHZlcnNpb24oKSwweDNDNkI2NTc5NzMzRSksMzUtLSZpZD1mMSZjaWRbXT05NCZJdGVtaWQ9ODYmbGltaXRzdGFydD02MA==', 'd3d3LmRmYmdhbWluZy5jb20vaW5kZXgucGhwP29wdGlvbj1jb21fY2tmb3JtcyZjb250cm9sbGVyPWNrZGF0YSZ2aWV3PWNrZm9ybXNkYXRhJmxheW91dD1kZXRhaWwmdGFzaz1kZXRhaWwmZmlkPS0xIHVuaW9uIHNlbGVjdCAxLDIsMyw0LDUsNiw3LDgsOSwxMCwxMSwxMiwxMywxNCwxNSwxNiwxNywxOCwxOSwyMCwyMSwyMiwyMywyNCwyNSwyNiwyNywyOCwyOSwzMCwzMSwzMiwzMyxncm91cF9jb25jYXQoMHgzQzZCNjU3OTNFLHZlcnNpb24oKSwweDNDNkI2NTc5NzMzRSksMzUtLSZpZD1mMSZjaWRbXT05NCZJdGVtaWQ9ODYmbGltaXRzdGFydD02MA==', 'd3d3LmRmYmdhbWluZy5jb20vaW5kZXgucGhw', 'none', 'none', '85.18.29.111', '39223', 'GET', 0, '00'),
('37.235.195.*', 1, 'Anonymous', 'none', 1415560768, 'Added by NukeSentinel(tm)', 1, 'd3d3LmRmYmdhbWluZy5jb20vaW5kZXgucGhwP29wdGlvbj1jb21fY2tmb3JtcyZjb250cm9sbGVyPWNrZGF0YSZ2aWV3PWNrZm9ybXNkYXRhJmxheW91dD1kZXRhaWwmdGFzaz1kZXRhaWwmZmlkPS0xK3VuaW9uK3NlbGVjdCsxLDIsMyw0LDUsNiw3LDgsOSwxMCwxMSwxMiwxMywxNCwxNSwxNiwxNywxOCwxOSwyMCwyMSwyMiwyMywyNCwyNSwyNiwyNywyOCwyOSwzMCwzMSwzMiwzMyxncm91cF9jb25jYXQoMHgzQzZCNjU3OTNFLHZlcnNpb24oKSwweDNDNkI2NTc5NzMzRSksMzUtLSZpZD1mMSZjaWRbXT05NCZJdGVtaWQ9ODYmbGltaXRzdGFydD02MA==', 'd3d3LmRmYmdhbWluZy5jb20vaW5kZXgucGhwP29wdGlvbj1jb21fY2tmb3JtcyZjb250cm9sbGVyPWNrZGF0YSZ2aWV3PWNrZm9ybXNkYXRhJmxheW91dD1kZXRhaWwmdGFzaz1kZXRhaWwmZmlkPS0xIHVuaW9uIHNlbGVjdCAxLDIsMyw0LDUsNiw3LDgsOSwxMCwxMSwxMiwxMywxNCwxNSwxNiwxNywxOCwxOSwyMCwyMSwyMiwyMywyNCwyNSwyNiwyNywyOCwyOSwzMCwzMSwzMiwzMyxncm91cF9jb25jYXQoMHgzQzZCNjU3OTNFLHZlcnNpb24oKSwweDNDNkI2NTc5NzMzRSksMzUtLSZpZD1mMSZjaWRbXT05NCZJdGVtaWQ9ODYmbGltaXRzdGFydD02MA==', 'd3d3LmRmYmdhbWluZy5jb20vaW5kZXgucGhw', 'none', 'none', '37.235.195.223', '64736', 'GET', 0, '00'),
('98.126.3.*', 1, 'Anonymous', 'Mozilla/4.0 (compatible; MSIE 6.0; Windows NT 5.0)', 1419715966, 'Added by NukeSentinel(tm)', 2, 'd3d3LmRmYmdhbWluZy5jb20vbW9kdWxlcy5waHA/bmFtZT1XZWJfTGlua3MmbF9vcD12aXNpdCZsaWQ9MS8qKi9hTkQvKiovOD04', 'd3d3LmRmYmdhbWluZy5jb20vbW9kdWxlcy5waHA/bmFtZT1XZWJfTGlua3MmbF9vcD12aXNpdCZsaWQ9MS8qKi9hTkQvKiovOD04', 'd3d3LmRmYmdhbWluZy5jb20vbW9kdWxlcy5waHA=', 'none', 'none', '98.126.3.98', '62237', 'GET', 0, '00'),
('217.69.135.*', 1, 'Anonymous', 'Mozilla/5.0 (compatible; Linux x86_64; Mail.RU_Bot/2.0; +http://go.mail.ru/help/robots)', 1422453525, 'Added by NukeSentinel(tm)', 10, 'd3d3LmRmYmdhbWluZy5jb20vYWRtaW4ucGhwP29wPWhyZWZlcmVy', 'd3d3LmRmYmdhbWluZy5jb20vYWRtaW4ucGhwP29wPWhyZWZlcmVy', 'd3d3LmRmYmdhbWluZy5jb20vYWRtaW4ucGhw', 'none', 'none', '217.69.135.246', '35297', 'GET', 0, '00'),
('217.69.136.*', 1, 'Anonymous', 'Mozilla/5.0 (compatible; Linux x86_64; Mail.RU_Bot/2.0; +http://go.mail.ru/help/robots)', 1424846714, 'Added by NukeSentinel(tm)', 10, 'd3d3LmRmYmdhbWluZy5jb20vYWRtaW4ucGhwP29wPWhyZWZlcmVy', 'd3d3LmRmYmdhbWluZy5jb20vYWRtaW4ucGhwP29wPWhyZWZlcmVy', 'd3d3LmRmYmdhbWluZy5jb20vYWRtaW4ucGhw', 'none', 'none', '217.69.136.203', '55050', 'GET', 0, '00'),
('194.6.233.*', 1, 'Anonymous', 'Mozilla/5.0 (Windows NT 5.1) AppleWebKit/537.1 (KHTML, like Gecko) Chrome/24.0.1290.1 Safari/537.13', 1426638891, 'Added by NukeSentinel(tm)', 2, 'd3d3LmRmYmdhbWluZy5jb20vaW5kZXgucGhwP29wdGlvbj1jb21fbXlibG9nJmNhdGVnb3J5PWFjYScgLyohdW5pb24qLy8qKi8vKiFzZWxlY3QqLyBncm91cF9jb25jYXQodXNlcm5hbWUsMHgzYSxwYXNzd29yZCwweDNhLHVzZXJ0eXBlKSBmcm9tIGpvc191c2VycyB3aGVyZSB1c2VydHlwZT0nU3VwZXIgQWRtaW5pc3RyYXRvcicgLS0gJw==', 'd3d3LmRmYmdhbWluZy5jb20vaW5kZXgucGhwP29wdGlvbj1jb21fbXlibG9nJmNhdGVnb3J5PWFjYScgLyohdW5pb24qLy8qKi8vKiFzZWxlY3QqLyBncm91cF9jb25jYXQodXNlcm5hbWUsMHgzYSxwYXNzd29yZCwweDNhLHVzZXJ0eXBlKSBmcm9tIGpvc191c2VycyB3aGVyZSB1c2VydHlwZT0nU3VwZXIgQWRtaW5pc3RyYXRvcicgLS0gJw==', 'd3d3LmRmYmdhbWluZy5jb20vaW5kZXgucGhw', 'none', 'none', '194.6.233.33', '54710', 'GET', 0, '00'),
('81.244.248.*', 1, 'Anonymous', 'Mozilla/5.0 (Windows; U; Windows NT 5.1; pt-PT; rv:1.9.1.2) Gecko/20090729 Firefox/3.5.2 (.NET CLR 3.5.30729)', 1428432390, 'Added by NukeSentinel(tm)', 2, 'd3d3LmRmYmdhbWluZy5jb20vbW9kdWxlcy5waHA/bmFtZT0oLyoqL3NFbEVjVCsxKy8qKi9mUm9NKC8qKi9zRWxFY1QrY291bnQoKiksLyoqL2NPbkNhVCgoLyoqL3NFbEVjVCgvKiovc0VsRWNUKy8qKi91TmhFeCgvKiovaEV4KC8qKi9jT25DYVQoMHgyMTdlMjEsMHg0MTQyNDMzMTM0MzU1YTUxMzYzMjQ0NTc1MTQxNDY1MDRmNDk1OTQzNDY0NCwweDIxN2UyMSkpKSkrLyoqL2ZSb00raW5mb3JtYXRpb25fc2NoZW1hLi8qKi90QWJMZVMrLyoqL2xJbUl0KzAsMSksZmxvb3IocmFuZCgwKSoyKSl4Ky8qKi9mUm9NK2luZm9ybWF0aW9uX3NjaGVtYS4vKiovdEFiTGVTKy8qKi9nUm9VcC8qKi9iWSt4KWEpJmZ1bmM9dmlldyZjaWQ9NA==', 'd3d3LmRmYmdhbWluZy5jb20vbW9kdWxlcy5waHA/bmFtZT0oLyoqL3NFbEVjVCAxIC8qKi9mUm9NKC8qKi9zRWxFY1QgY291bnQoKiksLyoqL2NPbkNhVCgoLyoqL3NFbEVjVCgvKiovc0VsRWNUIC8qKi91TmhFeCgvKiovaEV4KC8qKi9jT25DYVQoMHgyMTdlMjEsMHg0MTQyNDMzMTM0MzU1YTUxMzYzMjQ0NTc1MTQxNDY1MDRmNDk1OTQzNDY0NCwweDIxN2UyMSkpKSkgLyoqL2ZSb00gaW5mb3JtYXRpb25fc2NoZW1hLi8qKi90QWJMZVMgLyoqL2xJbUl0IDAsMSksZmxvb3IocmFuZCgwKSoyKSl4IC8qKi9mUm9NIGluZm9ybWF0aW9uX3NjaGVtYS4vKiovdEFiTGVTIC8qKi9nUm9VcC8qKi9iWSB4KWEpJmZ1bmM9dmlldyZjaWQ9NA==', 'd3d3LmRmYmdhbWluZy5jb20vbW9kdWxlcy5waHA=', 'none', 'none', '81.244.248.57', '55908', 'POST', 0, '00'),
('27.159.217.*', 1, 'Anonymous', 'Mozilla/5.0 (Windows NT 6.1; rv:26.0) Gecko/20100101 Firefox/26.0', 1431932262, 'Added by NukeSentinel(tm)', 7, 'd3d3LmRmYmdhbWluZy5jb20vaW5kZXgucGhwP2NtZD1zaWdu', 'd3d3LmRmYmdhbWluZy5jb20vaW5kZXgucGhwP2NtZD1zaWdu', 'd3d3LmRmYmdhbWluZy5jb20vaW5kZXgucGhw', 'none', 'none', '27.159.217.55', '58073', 'GET', 0, '00'),
('77.247.181.*', 1, 'Anonymous', 'Mozilla/4.0 (compatible; MSIE 7.0; Windows NT 6.0; SLCC1; .NET CLR 1.1.4322; .NET CLR 2.0.50727; InfoPath.1; OfficeLiveConnector.1.5; OfficeLivePatch.1.3)', 1432894334, 'Added by NukeSentinel(tm)', 1, 'd3d3LmRmYmdhbWluZy5jb20vbW9kdWxlcy5waHA/bmFtZT05OTk5OTkuOSB1bmlvbiBhbGwgc2VsZWN0IDB4MzEzMDMyMzUzNDM4MzAzMDM1MzYtLQ==', 'd3d3LmRmYmdhbWluZy5jb20vbW9kdWxlcy5waHA/bmFtZT05OTk5OTkuOSB1bmlvbiBhbGwgc2VsZWN0IDB4MzEzMDMyMzUzNDM4MzAzMDM1MzYtLQ==', 'd3d3LmRmYmdhbWluZy5jb20vbW9kdWxlcy5waHA=', 'none', 'none', '77.247.181.163', '43845', 'GET', 0, '00'),
('208.109.252.*', 1, 'Anonymous', 'none', 1434370718, 'Added by NukeSentinel(tm)', 2, 'd3d3LmRmYmdhbWluZy5jb20vbW9kdWxlcy5waHA/bmFtZT1Zb3VyX0FjY291bnQgYW5kLyohYW5kKi8xPTE=', 'd3d3LmRmYmdhbWluZy5jb20vbW9kdWxlcy5waHA/bmFtZT1Zb3VyX0FjY291bnQgYW5kLyohYW5kKi8xPTE=', 'd3d3LmRmYmdhbWluZy5jb20vbW9kdWxlcy5waHA=', 'none', 'none', '208.109.252.167', '32657', 'GET', 0, '00'),
('217.23.12.*', 1, 'Anonymous', 'Mozilla/5.0 (compatible; MSIE 9.0; Windows NT 6.1; Trident/5.0)', 1446588206, 'Added by NukeSentinel(tm)', 7, 'd3d3LmRmYmdhbWluZy5jb20vaW5kZXgucGhwP29wdGlvbj1jb21fY29udGVudGhpc3Rvcnkmdmlldz1oaXN0b3J5Jmxpc3Rbb3JkZXJpbmddPSZpdGVtX2lkPTc1JnR5cGVfaWQ9MSZsaXN0W3NlbGVjdF09KEV4dHJhY3RWYWx1ZSgxLChzZWxlY3QlMjBjb25jYXQoMHgzYTY3NmY2ZjY0M2EpKSkp', 'd3d3LmRmYmdhbWluZy5jb20vaW5kZXgucGhwP29wdGlvbj1jb21fY29udGVudGhpc3Rvcnkmdmlldz1oaXN0b3J5Jmxpc3Q9QXJyYXkmaXRlbV9pZD03NSZ0eXBlX2lkPTE=', 'd3d3LmRmYmdhbWluZy5jb20vaW5kZXgucGhw', 'none', 'none', '217.23.12.208', '14175', 'GET', 0, '00'),
('94.242.222.*', 1, 'Anonymous', 'Mozilla/5.0 (compatible; MSIE 9.0; Windows NT 6.1; Trident/5.0)', 1446638600, 'Added by NukeSentinel(tm)', 7, 'd3d3LmRmYmdhbWluZy5jb20vaW5kZXgucGhwP29wdGlvbj1jb21fY29udGVudGhpc3Rvcnkmdmlldz1oaXN0b3J5Jmxpc3Rbb3JkZXJpbmddPSZpdGVtX2lkPTc1JnR5cGVfaWQ9MSZsaXN0W3NlbGVjdF09KEV4dHJhY3RWYWx1ZSgxLChzZWxlY3QlMjBjb25jYXQoMHgzYTY3NmY2ZjY0M2EpKSkp', 'd3d3LmRmYmdhbWluZy5jb20vaW5kZXgucGhwP29wdGlvbj1jb21fY29udGVudGhpc3Rvcnkmdmlldz1oaXN0b3J5Jmxpc3Rbb3JkZXJpbmddPSZpdGVtX2lkPTc1JnR5cGVfaWQ9MSZsaXN0W3NlbGVjdF09KEV4dHJhY3RWYWx1ZSgxLChzZWxlY3QgY29uY2F0KDB4M2E2NzZmNmY2NDNhKSkpKQ==', 'd3d3LmRmYmdhbWluZy5jb20vaW5kZXgucGhw', 'none', 'none', '94.242.222.40', '60587', 'GET', 0, '00'),
('144.76.10.*', 1, 'Anonymous', 'Mozilla/5.0 (Windows NT 5.1) AppleWebKit/537.36 (KHTML, like Gecko) Chrome/46.0.2490.86 Safari/537.36', 1452326632, 'Added by NukeSentinel(tm)', 7, 'd3d3LmRmYmdhbWluZy5jb20vaW5kZXgucGhwP29wdGlvbj1jb21fY29udGVudGhpc3Rvcnkmdmlldz1oaXN0b3J5Jmxpc3Rbb3JkZXJpbmddPSZpdGVtX2lkPTc1JnR5cGVfaWQ9MSZsaXN0W3NlbGVjdF09KEV4dHJhY3RWYWx1ZSgxLChzZWxlY3QlMjBjb25jYXRfd3MoMHgzYSx1c2VyKCksdmVyc2lvbigpLGRhdGFiYXNlKCkpKSkp', 'd3d3LmRmYmdhbWluZy5jb20vaW5kZXgucGhwP29wdGlvbj1jb21fY29udGVudGhpc3Rvcnkmdmlldz1oaXN0b3J5Jmxpc3Q9QXJyYXkmaXRlbV9pZD03NSZ0eXBlX2lkPTE=', 'd3d3LmRmYmdhbWluZy5jb20vaW5kZXgucGhw', 'none', 'none', '144.76.10.250', '60595', 'GET', 0, '00'),
('185.18.80.*', 1, 'Anonymous', 'Mozilla/5.0 (Windows NT 5.1) AppleWebKit/537.36 (KHTML, like Gecko) Chrome/46.0.2490.86 Safari/537.36', 1452326828, 'Added by NukeSentinel(tm)', 7, 'd3d3LmRmYmdhbWluZy5jb20vaW5kZXgucGhwP29wdGlvbj1jb21fY29udGVudGhpc3Rvcnkmdmlldz1oaXN0b3J5Jmxpc3Rbb3JkZXJpbmddPSZpdGVtX2lkPTc1JnR5cGVfaWQ9MSZsaXN0W3NlbGVjdF09KEV4dHJhY3RWYWx1ZSgxLChzZWxlY3QlMjBjb25jYXRfd3MoMHgzYSx1c2VyKCksdmVyc2lvbigpLGRhdGFiYXNlKCkpKSkp', 'd3d3LmRmYmdhbWluZy5jb20vaW5kZXgucGhwP29wdGlvbj1jb21fY29udGVudGhpc3Rvcnkmdmlldz1oaXN0b3J5Jmxpc3Q9QXJyYXkmaXRlbV9pZD03NSZ0eXBlX2lkPTE=', 'd3d3LmRmYmdhbWluZy5jb20vaW5kZXgucGhw', 'none', 'none', '185.18.80.47', '48638', 'GET', 0, '00'),
('213.152.162.*', 1, 'Anonymous', 'Mozilla/5.0 (Windows; U; Windows NT 5.1; pt-PT; rv:1.9.1.2) Gecko/20090729 Firefox/3.5.2 (.NET CLR 3.5.30729)', 1453903985, 'Added by NukeSentinel(tm)', 2, 'd3d3LmRmYmdhbWluZy5jb20vbW9kdWxlcy5waHA/bmFtZT1GbGFzaF9HYW1lcyZmdW5jPSgvKiovc0VsRWNUKzErLyoqL2ZSb00oLyoqL3NFbEVjVCtjb3VudCgqKSwvKiovY09uQ2FUKCgvKiovc0VsRWNUKC8qKi9zRWxFY1QrLyoqL3VOaEV4KC8qKi9oRXgoLyoqL2NPbkNhVCgweDIxN2UyMSwweDQxNDI0MzMxMzQzNTVhNTEzNjMyNDQ1NzUxNDE0NjUwNGY0OTU5NDM0NjQ0LDB4MjE3ZTIxKSkpKSsvKiovZlJvTStpbmZvcm1hdGlvbl9zY2hlbWEuLyoqL3RBYkxlUysvKiovbEltSXQrMCwxKSxmbG9vcihyYW5kKDApKjIpKXgrLyoqL2ZSb00raW5mb3JtYXRpb25fc2NoZW1hLi8qKi90QWJMZVMrLyoqL2dSb1VwLyoqL2JZK3gpYSkmZ2lkPTQx', 'd3d3LmRmYmdhbWluZy5jb20vbW9kdWxlcy5waHA/bmFtZT1GbGFzaF9HYW1lcyZmdW5jPSgvKiovc0VsRWNUIDEgLyoqL2ZSb00oLyoqL3NFbEVjVCBjb3VudCgqKSwvKiovY09uQ2FUKCgvKiovc0VsRWNUKC8qKi9zRWxFY1QgLyoqL3VOaEV4KC8qKi9oRXgoLyoqL2NPbkNhVCgweDIxN2UyMSwweDQxNDI0MzMxMzQzNTVhNTEzNjMyNDQ1NzUxNDE0NjUwNGY0OTU5NDM0NjQ0LDB4MjE3ZTIxKSkpKSAvKiovZlJvTSBpbmZvcm1hdGlvbl9zY2hlbWEuLyoqL3RBYkxlUyAvKiovbEltSXQgMCwxKSxmbG9vcihyYW5kKDApKjIpKXggLyoqL2ZSb00gaW5mb3JtYXRpb25fc2NoZW1hLi8qKi90QWJMZVMgLyoqL2dSb1VwLyoqL2JZIHgpYSkmZ2lkPTQx', 'd3d3LmRmYmdhbWluZy5jb20vbW9kdWxlcy5waHA=', 'none', 'none', '213.152.162.134', '64172', 'POST', 0, '00'),
('218.161.88.*', 1, 'Anonymous', 'Mozilla/5.0 (BeOS; U; BeOS BePC; en-US; rv:1.9a1) Gecko/20051002 Firefox/1.6a1', 1457416494, 'Added by NukeSentinel(tm)', 7, 'd3d3LmRmYmdhbWluZy5jb20vbW9kdWxlcy5waHA/bmFtZT1kRmJfTWFwcy8vbW9kdWxlcy9Gb3J1bXMvYWRtaW4vYWRtaW5fc21pbGllcy5waHA/cGhwYmJfcm9vdF9wYXRoPWh0dHA6Ly93d3cuZ2lyYXNvbGVpdGFsaWFpbW1vYmlsaWFyZS5pdC9pbW1hZ2luaV9hbm51bmNpLzE2MjgvbG9neD8/', 'd3d3LmRmYmdhbWluZy5jb20vbW9kdWxlcy5waHA/bmFtZT1kRmJfTWFwcy8vbW9kdWxlcy9Gb3J1bXMvYWRtaW4vYWRtaW5fc21pbGllcy5waHA/cGhwYmJfcm9vdF9wYXRoPWh0dHA6Ly93d3cuZ2lyYXNvbGVpdGFsaWFpbW1vYmlsaWFyZS5pdC9pbW1hZ2luaV9hbm51bmNpLzE2MjgvbG9neD8/', 'd3d3LmRmYmdhbWluZy5jb20vbW9kdWxlcy5waHA=', 'none', 'none', '218.161.88.80', '37125', 'GET', 0, '00'),
('75.146.183.*', 1, 'Anonymous', 'Mozilla/5.0 (Windows; U; Windows NT 5.1; pt-PT; rv:1.9.1.2) Gecko/20090729 Firefox/3.5.2 (.NET CLR 3.5.30729)', 1461422403, 'Added by NukeSentinel(tm)', 2, 'd3d3LmRmYmdhbWluZy5jb20vbW9kdWxlcy5waHA/bmFtZT1GbGFzaF9HYW1lcyZmdW5jPXBsYXkmZ2lkPSgvKiovc0VsRWNUKzErLyoqL2ZSb00oLyoqL3NFbEVjVCtjb3VudCgqKSwvKiovY09uQ2FUKCgvKiovc0VsRWNUKC8qKi9zRWxFY1QrLyoqL3VOaEV4KC8qKi9oRXgoLyoqL2NPbkNhVCgweDIxN2UyMSwweDQxNDI0MzMxMzQzNTVhNTEzNjMyNDQ1NzUxNDE0NjUwNGY0OTU5NDM0NjQ0LDB4MjE3ZTIxKSkpKSsvKiovZlJvTStpbmZvcm1hdGlvbl9zY2hlbWEuLyoqL3RBYkxlUysvKiovbEltSXQrMCwxKSxmbG9vcihyYW5kKDApKjIpKXgrLyoqL2ZSb00raW5mb3JtYXRpb25fc2NoZW1hLi8qKi90QWJMZVMrLyoqL2dSb1VwLyoqL2JZK3gpYSk=', 'd3d3LmRmYmdhbWluZy5jb20vbW9kdWxlcy5waHA/bmFtZT1GbGFzaF9HYW1lcyZmdW5jPXBsYXkmZ2lkPSgvKiovc0VsRWNUIDEgLyoqL2ZSb00oLyoqL3NFbEVjVCBjb3VudCgqKSwvKiovY09uQ2FUKCgvKiovc0VsRWNUKC8qKi9zRWxFY1QgLyoqL3VOaEV4KC8qKi9oRXgoLyoqL2NPbkNhVCgweDIxN2UyMSwweDQxNDI0MzMxMzQzNTVhNTEzNjMyNDQ1NzUxNDE0NjUwNGY0OTU5NDM0NjQ0LDB4MjE3ZTIxKSkpKSAvKiovZlJvTSBpbmZvcm1hdGlvbl9zY2hlbWEuLyoqL3RBYkxlUyAvKiovbEltSXQgMCwxKSxmbG9vcihyYW5kKDApKjIpKXggLyoqL2ZSb00gaW5mb3JtYXRpb25fc2NoZW1hLi8qKi90QWJMZVMgLyoqL2dSb1VwLyoqL2JZIHgpYSk=', 'd3d3LmRmYmdhbWluZy5jb20vbW9kdWxlcy5waHA=', 'none', 'none', '75.146.183.21', '57339', 'POST', 0, '00'),
('81.149.113.*', 1, 'Anonymous', 'Mozilla/5.0 (Windows; U; Windows NT 5.1; pt-PT; rv:1.9.1.2) Gecko/20090729 Firefox/3.5.2 (.NET CLR 3.5.30729)', 1461425665, 'Added by NukeSentinel(tm)', 2, 'd3d3LmRmYmdhbWluZy5jb20vbW9kdWxlcy5waHA/bmFtZT1GbGFzaF9HYW1lcyZmdW5jPXBsYXkmZ2lkPSgvKiovc0VsRWNUKzErLyoqL2ZSb00oLyoqL3NFbEVjVCtjb3VudCgqKSwvKiovY09uQ2FUKCgvKiovc0VsRWNUKC8qKi9zRWxFY1QrLyoqL3VOaEV4KC8qKi9oRXgoLyoqL2NPbkNhVCgweDIxN2UyMSwweDQxNDI0MzMxMzQzNTVhNTEzNjMyNDQ1NzUxNDE0NjUwNGY0OTU5NDM0NjQ0LDB4MjE3ZTIxKSkpKSsvKiovZlJvTStpbmZvcm1hdGlvbl9zY2hlbWEuLyoqL3RBYkxlUysvKiovbEltSXQrMCwxKSxmbG9vcihyYW5kKDApKjIpKXgrLyoqL2ZSb00raW5mb3JtYXRpb25fc2NoZW1hLi8qKi90QWJMZVMrLyoqL2dSb1VwLyoqL2JZK3gpYSk=', 'd3d3LmRmYmdhbWluZy5jb20vbW9kdWxlcy5waHA/bmFtZT1GbGFzaF9HYW1lcyZmdW5jPXBsYXkmZ2lkPSgvKiovc0VsRWNUIDEgLyoqL2ZSb00oLyoqL3NFbEVjVCBjb3VudCgqKSwvKiovY09uQ2FUKCgvKiovc0VsRWNUKC8qKi9zRWxFY1QgLyoqL3VOaEV4KC8qKi9oRXgoLyoqL2NPbkNhVCgweDIxN2UyMSwweDQxNDI0MzMxMzQzNTVhNTEzNjMyNDQ1NzUxNDE0NjUwNGY0OTU5NDM0NjQ0LDB4MjE3ZTIxKSkpKSAvKiovZlJvTSBpbmZvcm1hdGlvbl9zY2hlbWEuLyoqL3RBYkxlUyAvKiovbEltSXQgMCwxKSxmbG9vcihyYW5kKDApKjIpKXggLyoqL2ZSb00gaW5mb3JtYXRpb25fc2NoZW1hLi8qKi90QWJMZVMgLyoqL2dSb1VwLyoqL2JZIHgpYSk=', 'd3d3LmRmYmdhbWluZy5jb20vbW9kdWxlcy5waHA=', 'none', 'none', '81.149.113.129', '52477', 'POST', 0, '00');

-- --------------------------------------------------------

--
-- Table structure for table `ndfb_nsnst_blocked_ranges`
--

CREATE TABLE IF NOT EXISTS `ndfb_nsnst_blocked_ranges` (
  `ip_lo` int(10) unsigned NOT NULL DEFAULT '0',
  `ip_hi` int(10) unsigned NOT NULL DEFAULT '0',
  `date` int(20) NOT NULL DEFAULT '0',
  `notes` text NOT NULL,
  `reason` tinyint(1) NOT NULL DEFAULT '0',
  `expires` int(20) NOT NULL DEFAULT '0',
  `c2c` varchar(2) NOT NULL DEFAULT '00'
) ENGINE=MyISAM DEFAULT CHARSET=utf8;

-- --------------------------------------------------------

--
-- Table structure for table `ndfb_nsnst_blockers`
--

CREATE TABLE IF NOT EXISTS `ndfb_nsnst_blockers` (
  `blocker` int(4) NOT NULL DEFAULT '0',
  `block_name` varchar(20) NOT NULL DEFAULT '',
  `activate` int(4) NOT NULL DEFAULT '0',
  `block_type` int(4) NOT NULL DEFAULT '0',
  `email_lookup` int(4) NOT NULL DEFAULT '0',
  `forward` varchar(255) NOT NULL DEFAULT '',
  `reason` varchar(20) NOT NULL DEFAULT '',
  `template` varchar(255) NOT NULL DEFAULT '',
  `duration` int(20) NOT NULL DEFAULT '0',
  `htaccess` int(4) NOT NULL DEFAULT '0',
  `list` longtext NOT NULL
) ENGINE=MyISAM DEFAULT CHARSET=utf8;

--
-- Dumping data for table `ndfb_nsnst_blockers`
--

INSERT INTO `ndfb_nsnst_blockers` (`blocker`, `block_name`, `activate`, `block_type`, `email_lookup`, `forward`, `reason`, `template`, `duration`, `htaccess`, `list`) VALUES
(0, 'other', 0, 0, 0, '', 'Abuse-Other', 'abuse_default.tpl', 0, 0, ''),
(1, 'union', 5, 1, 1, '', 'Abuse-Union', 'abuse_union.tpl', 0, 1, ''),
(2, 'clike', 5, 1, 1, '', 'Abuse-CLike', 'abuse_clike.tpl', 0, 1, ''),
(3, 'harvester', 0, 0, 0, '', 'Abuse-Harvest', 'abuse_harvester.tpl', 0, 0, '@yahoo.com\r\nalexibot\r\nalligator\r\nanonymiz\r\nasterias\r\nbackdoorbot\r\nblack hole\r\nblackwidow\r\nblowfish\r\nbotalot\r\nbuiltbottough\r\nbullseye\r\nbunnyslippers\r\ncatch\r\ncegbfeieh\r\ncharon\r\ncheesebot\r\ncherrypicker\r\nchinaclaw\r\ncombine\r\ncopyrightcheck\r\ncosmos\r\ncrescent\r\ncurl\r\ndbrowse\r\ndisco\r\ndittospyder\r\ndlman\r\ndnloadmage\r\ndownload\r\ndreampassport\r\ndts agent\r\necatch\r\neirgrabber\r\nerocrawler\r\nexpress webpictures\r\nextractorpro\r\neyenetie\r\nfantombrowser\r\nfantomcrew browser\r\nfileheap\r\nfilehound\r\nflashget\r\nfoobot\r\nfranklin locator\r\nfreshdownload\r\nfscrawler\r\ngamespy_arcade\r\ngetbot\r\ngetright\r\ngetweb\r\ngo!zilla\r\ngo-ahead-got-it\r\ngrab\r\ngrafula\r\ngsa-crawler\r\nharvest\r\nhloader\r\nhmview\r\nhttplib\r\nhttpresume\r\nhttrack\r\nhumanlinks\r\nigetter\r\nimage stripper\r\nimage sucker\r\nindustry program\r\nindy library\r\ninfonavirobot\r\ninstallshield digitalwizard\r\ninterget\r\niria\r\nirvine\r\niupui research bot\r\njbh agent\r\njennybot\r\njetcar\r\njobo\r\njoc\r\nkapere\r\nkenjin spider\r\nkeyword density\r\nlarbin\r\nleechftp\r\nleechget\r\nlexibot\r\nlibweb/clshttp\r\nlibwww-perl\r\nlightningdownload\r\nlincoln state web browser\r\nlinkextractorpro\r\nlinkscan/8.1a.unix\r\nlinkwalker\r\nlwp-trivial\r\nlwp::simple\r\nmac finder\r\nmata hari\r\nmediasearch\r\nmetaproducts\r\nmicrosoft url control\r\nmidown tool\r\nmiixpc\r\nmissauga locate\r\nmissouri college browse\r\nmister pix\r\nmoget\r\nmozilla.*newt\r\nmozilla/3.0 (compatible)\r\nmozilla/3.mozilla/2.01\r\nmsie 4.0 (win95)\r\nmultiblocker browser\r\nmydaemon\r\nmygetright\r\nnabot\r\nnavroad\r\nnearsite\r\nnet vampire\r\nnetants\r\nnetmechanic\r\nnetpumper\r\nnetspider\r\nnewsearchengine\r\nnicerspro\r\nninja\r\nnitro downloader\r\nnpbot\r\noctopus\r\noffline explorer\r\noffline navigator\r\nopenfind\r\npagegrabber\r\npapa foto\r\npavuk\r\npbrowse\r\npcbrowser\r\npeval\r\npompos/\r\nprogram shareware\r\npropowerbot\r\nprowebwalker\r\npsurf\r\npuf\r\npuxarapido\r\nqueryn metasearch\r\nrealdownload\r\nreget\r\nrepomonkey\r\nrsurf\r\nrumours-agent\r\nsakura\r\nscan4mail\r\nsemanticdiscovery\r\nsitesnagger\r\nslysearch\r\nspankbot\r\nspanner \r\nspiderzilla\r\nsq webscanner\r\nstamina\r\nstar downloader\r\nsteeler\r\nsteeler\r\nstrip\r\nsuperbot\r\nsuperhttp\r\nsurfbot\r\nsuzuran\r\nswbot\r\nszukacz\r\ntakeout\r\nteleport\r\ntelesoft\r\ntest spider\r\nthe intraformant\r\nthenomad\r\ntighttwatbot\r\ntitan\r\ntocrawl/urldispatcher\r\ntrue_robot\r\ntsurf\r\nturing machine\r\nturingos\r\nurlblaze\r\nurlgetfile\r\nurly warning\r\nutilmind\r\nvci\r\nvoideye\r\nweb image collector\r\nweb sucker\r\nwebauto\r\nwebbandit\r\nwebcapture\r\nwebcollage\r\nwebcopier\r\nwebenhancer\r\nwebfetch\r\nwebgo\r\nwebleacher\r\nwebmasterworldforumbot\r\nwebql\r\nwebreaper\r\nwebsite extractor\r\nwebsite quester\r\nwebster\r\nwebstripper\r\nwebwhacker\r\nwep search\r\nwget\r\nwhizbang\r\nwidow\r\nwildsoft surfer\r\nwww-collector-e\r\nwww.netwu.com\r\nwwwoffle\r\nxaldon\r\nxenu\r\nzeus\r\nziggy\r\nzippy'),
(4, 'script', 1, 0, 1, '', 'Abuse-Script', 'abuse_script.tpl', 0, 0, ''),
(5, 'author', 5, 1, 1, '', 'Abuse-Author', 'abuse_author.tpl', 0, 1, ''),
(6, 'referer', 5, 0, 1, '', 'Abuse-Referer', 'abuse_referer.tpl', 0, 1, '121hr.com\r\n1st-call.net\r\n1stcool.com\r\n5000n.com\r\n69-xxx.com\r\n9irl.com\r\n9uy.com\r\na-day-at-the-party.com\r\naccessthepeace.com\r\nadult-model-nude-pictures.com\r\nadult-sex-toys-free-porn.com\r\nagnitum.com\r\nalfonssackpfeiffe.com\r\nalongwayfrommars.com\r\nanime-sex-1.com\r\nanorex-sf-stimulant-free.com\r\nantibot.net\r\nantique-tokiwa.com\r\napotheke-heute.com\r\narmada31.com\r\nartark.com\r\nartlilei.com\r\nascendbtg.com\r\naschalaecheck.com\r\nasian-sex-free-sex.com\r\naslowspeeker.com\r\nassasinatedfrogs.com\r\nathirst-for-tranquillity.net\r\naubonpanier.com\r\navalonumc.com\r\nayingba.com\r\nbayofnoreturn.com\r\nbbw4phonesex.com\r\nbeersarenotfree.com\r\nbierikiuetsch.com\r\nbilingualannouncements.com\r\nblack-pussy-toon-clip-anal-lover-single.com\r\nblownapart.com\r\nblueroutes.com\r\nboasex.com\r\nbooksandpages.com\r\nbootyquake.com\r\nbossyhunter.com\r\nboyz-sex.com\r\nbrokersaandpokers.com\r\nbrowserwindowcleaner.com\r\nbudobytes.com\r\nbusiness2fun.com\r\nbuymyshitz.com\r\nbyuntaesex.com\r\ncaniputsomeloveintoyou.com\r\ncartoons.net.ru\r\ncaverunsailing.com\r\ncertainhealth.com\r\nclantea.com\r\nclose-protection-services.com\r\nclubcanino.com\r\nclubstic.com\r\ncobrakai-skf.com\r\ncollegefucktour.co.uk\r\ncommanderspank.com\r\ncoolenabled.com\r\ncrusecountryart.com\r\ncrusingforsex.co.uk\r\ncunt-twat-pussy-juice-clit-licking.com\r\ncustomerhandshaker.com\r\ncyborgrama.com\r\ndarkprofits.co.uk\r\ndatingforme.co.uk\r\ndatingmind.com\r\ndegree.org.ru\r\ndelorentos.com\r\ndiggydigger.com\r\ndinkydonkyaussie.com\r\ndjpritchard.com\r\ndjtop.com\r\ndraufgeschissen.com\r\ndreamerteens.co.uk\r\nebonyarchives.co.uk\r\nebonyplaya.co.uk\r\necobuilder2000.com\r\nemailandemail.com\r\nemedici.net\r\nengine-on-fire.com\r\nerocity.co.uk\r\nesport3.com\r\neteenbabes.com\r\neurofreepages.com\r\neurotexans.com\r\nevolucionweb.com\r\nfakoli.com\r\nfe4ba.com\r\nferienschweden.com\r\nfindly.com\r\nfirsttimeteadrinker.com\r\nfishing.net.ru\r\nflatwonkers.com\r\nflowershopentertainment.com\r\nflymario.com\r\nfree-xxx-pictures-porno-gallery.com\r\nfreebestporn.com\r\nfreefuckingmovies.co.uk\r\nfreexxxstuff.co.uk\r\nfruitologist.net\r\nfruitsandbolts.com\r\nfuck-cumshots-free-midget-movie-clips.com\r\nfuck-michaelmoore.com\r\nfundacep.com\r\ngadless.com\r\ngallapagosrangers.com\r\ngalleries4free.co.uk\r\ngalofu.com\r\ngaypixpost.co.uk\r\ngeomasti.com\r\ngirltime.co.uk\r\nglassrope.com\r\ngodjustblessyouall.com\r\ngoldenageresort.com\r\ngonnabedaddies.com\r\ngranadasexi.com\r\ngranadasexi.com\r\nguardingtheangels.com\r\nguyprofiles.co.uk\r\nhappy1225.com\r\nhappychappywacky.com\r\nhealth.org.ru\r\nhexplas.com\r\nhighheelsmodels4fun.com\r\nhillsweb.com\r\nhiptuner.com\r\nhistoryintospace.com\r\nhoa-tuoi.com\r\nhomebuyinginatlanta.com\r\nhorizonultra.com\r\nhorseminiature.net\r\nhotkiss.co.uk\r\nhotlivegirls.co.uk\r\nhotmatchup.co.uk\r\nhusler.co.uk\r\niaentertainment.com\r\niamnotsomeone.com\r\niconsofcorruption.com\r\nihavenotrustinyou.com\r\ninformat-systems.com\r\ninteriorproshop.com\r\nintersoftnetworks.com\r\ninthecrib.com\r\ninvestment4cashiers.com\r\niti-trailers.com\r\njackpot-hacker.com\r\njacks-world.com\r\njamesthesailorbasher.com\r\njesuislemonds.com\r\njustanotherdomainname.com\r\nkampelicka.com\r\nkanalrattenarsch.com\r\nkatzasher.com\r\nkerosinjunkie.com\r\nkillasvideo.com\r\nkoenigspisser.com\r\nkontorpara.com\r\nl8t.com\r\nlaestacion101.com\r\nlambuschlamppen.com\r\nlankasex.co.uk\r\nlaser-creations.com\r\nle-tour-du-monde.com\r\nlecraft.com\r\nledo-design.com\r\nleftregistration.com\r\nlekkikoomastas.com\r\nlepommeau.com\r\nlibr-animal.com\r\nlibraries.org.ru\r\nlikewaterlikewind.com\r\nlimbojumpers.com\r\nlink.ru\r\nlockportlinks.com\r\nloiproject.com\r\nlongtermalternatives.com\r\nlottoeco.com\r\nlucalozzi.com\r\nmaki-e-pens.com\r\nmalepayperview.co.uk\r\nmangaxoxo.com\r\nmaps.org.ru\r\nmarcofields.com\r\nmasterofcheese.com\r\nmasteroftheblasterhill.com\r\nmastheadwankers.com\r\nmegafrontier.com\r\nmeinschuppen.com\r\nmercurybar.com\r\nmetapannas.com\r\nmicelebre.com\r\nmidnightlaundries.com\r\nmikeapartment.co.uk\r\nmillenniumchorus.com\r\nmimundial2002.com\r\nminiaturegallerymm.com\r\nmixtaperadio.com\r\nmondialcoral.com\r\nmonja-wakamatsu.com\r\nmonstermonkey.net\r\nmouthfreshners.com\r\nmullensholiday.com\r\nmusilo.com\r\nmyhollowlog.com\r\nmyhomephonenumber.com\r\nmykeyboardisbroken.com\r\nmysofia.net\r\nnaked-cheaters.com\r\nnaked-old-women.com\r\nnastygirls.co.uk\r\nnationclan.net\r\nnatterratter.com\r\nnaughtyadam.com\r\nnestbeschmutzer.com\r\nnetwu.com\r\nnewrealeaseonline.com\r\nnewrealeasesonline.com\r\nnextfrontiersonline.com\r\nnikostaxi.com\r\nnotorious7.com\r\nnrecruiter.com\r\nnursingdepot.com\r\nnustramosse.com\r\nnuturalhicks.com\r\noccaz-auto49.com\r\nocean-db.net\r\noilburnerservice.net\r\nomburo.com\r\noneoz.com\r\nonepageahead.net\r\nonlinewithaline.com\r\norganizate.net\r\nourownweddingsong.com\r\nowen-music.com\r\np-partners.com\r\npaginadeautor.com\r\npakistandutyfree.com\r\npamanderson.co.uk\r\nparentsense.net\r\nparticlewave.net\r\npay-clic.com\r\npay4link.net\r\npcisp.com\r\npersist-pharma.com\r\npeteband.com\r\npetplusindia.com\r\npickabbw.co.uk\r\npicture-oral-position-lesbian.com\r\npl8again.com\r\nplaneting.net\r\npopusky.com\r\nporn-expert.com\r\npromoblitza.com\r\nproproducts-usa.com\r\nptcgzone.com\r\nptporn.com\r\npublishmybong.com\r\nputtingtogether.com\r\nqualifiedcancelations.com\r\nrahost.com\r\nrainbow21.com\r\nrakkashakka.com\r\nrandomfeeding.com\r\nrape-art.com\r\nrd-brains.com\r\nrealestateonthehill.net\r\nrebuscadobot\r\nrequested-stuff.com\r\nretrotrasher.com\r\nricopositive.com\r\nrisorseinrete.com\r\nrotatingcunts.com\r\nrunawayclicks.com\r\nrutalibre.com\r\ns-marche.com\r\nsabrosojazz.com\r\nsamuraidojo.com\r\nsanaldarbe.com\r\nsasseminars.com\r\nschlampenbruzzler.com\r\nsearchmybong.com\r\nseckur.com\r\nsex-asian-porn-interracial-photo.com\r\nsex-porn-fuck-hardcore-movie.com\r\nsexa3.net\r\nsexer.com\r\nsexintention.com\r\nsexnet24.tv\r\nsexomundo.com\r\nsharks.com.ru\r\nshells.com.ru\r\nshop-ecosafe.com\r\nshop-toon-hardcore-fuck-cum-pics.com\r\nsilverfussions.com\r\nsin-city-sex.net\r\nsluisvan.com\r\nsmutshots.com\r\nsnagglersmaggler.com\r\nsomethingtoforgetit.com\r\nsophiesplace.net\r\nsoursushi.com\r\nsouthernxstables.com\r\nspeed467.com\r\nspeedpal4you.com\r\nsporty.org.ru\r\nstopdriving.net\r\nstw.org.ru\r\nsufficientlife.com\r\nsussexboats.net\r\nswinger-party-free-dating-porn-sluts.com\r\nsydneyhay.com\r\nszmjht.com\r\nteninchtrout.com\r\nthebalancedfruits.com\r\ntheendofthesummit.com\r\nthiswillbeit.com\r\nthosethosethose.com\r\nticyclesofindia.com\r\ntits-gay-fagot-black-tits-bigtits-amateur.com\r\ntonius.com\r\ntoohsoft.com\r\ntoolvalley.com\r\ntooporno.net\r\ntoosexual.com\r\ntorngat.com\r\ntour.org.ru\r\ntowneluxury.com\r\ntrafficmogger.com\r\ntriacoach.net\r\ntrottinbob.com\r\ntttframes.com\r\ntvjukebox.net\r\nundercvr.com\r\nunfinished-desires.com\r\nunicornonero.com\r\nunionvillefire.com\r\nupsandowns.com\r\nupthehillanddown.com\r\nvallartavideo.com\r\nvietnamdatingservices.com\r\nvinegarlemonshots.com\r\nvizy.net.ru\r\nvnladiesdatingservices.com\r\nvomitandbusted.com\r\nwalkingthewalking.com\r\nwell-I-am-the-type-of-boy.com\r\nwhales.com.ru\r\nwhincer.net\r\nwhitpagesrippers.com\r\nwhois.sc\r\nwipperrippers.com\r\nwordfilebooklets.com\r\nworld-sexs.com\r\nxsay.com\r\nxxxchyangel.com\r\nxxxx:\r\nxxxzips.com\r\nyouarelostintransit.com\r\nyuppieslovestocks.com\r\nyuzhouhuagong.com\r\nzhaori-food.com\r\nzwiebelbacke.com'),
(7, 'filter', 5, 1, 1, '', 'Abuse-Filter', 'abuse_filter.tpl', 0, 1, ''),
(8, 'request', 3, 0, 1, '', 'Abuse-Request', 'abuse_request.tpl', 0, 1, 'DELETE\r\nTRACE'),
(9, 'string', 0, 0, 0, '', 'Abuse-String', 'abuse_string.tpl', 0, 0, ''),
(10, 'admin', 5, 1, 1, '', 'Abuse-Admin', 'abuse_admin.tpl', 0, 1, ''),
(11, 'flood', 0, 0, 0, '', 'Abuse-Flood', 'abuse_flood.tpl', 0, 0, '');

-- --------------------------------------------------------

--
-- Table structure for table `ndfb_nsnst_cidrs`
--

CREATE TABLE IF NOT EXISTS `ndfb_nsnst_cidrs` (
`cidr` int(2) NOT NULL,
  `hosts` int(10) NOT NULL DEFAULT '0',
  `mask` varchar(15) NOT NULL DEFAULT ''
) ENGINE=MyISAM  DEFAULT CHARSET=utf8 AUTO_INCREMENT=33 ;

--
-- Dumping data for table `ndfb_nsnst_cidrs`
--

INSERT INTO `ndfb_nsnst_cidrs` (`cidr`, `hosts`, `mask`) VALUES
(1, 2147483647, '127.255.255.255'),
(2, 1073741824, '63.255.255.255'),
(3, 536870912, '31.255.255.255'),
(4, 268435456, '15.255.255.255'),
(5, 134217728, '7.255.255.255'),
(6, 67108864, '3.255.255.255'),
(7, 33554432, '1.255.255.255'),
(8, 16777216, '0.255.255.255'),
(9, 8388608, '0.127.255.255'),
(10, 4194304, '0.63.255.255'),
(11, 2097152, '0.31.255.255'),
(12, 1048576, '0.15.255.255'),
(13, 524288, '0.7.255.255'),
(14, 262144, '0.3.255.255'),
(15, 131072, '0.1.255.255'),
(16, 65536, '0.0.255.255'),
(17, 32768, '0.0.127.255'),
(18, 16384, '0.0.63.255'),
(19, 8192, '0.0.31.255'),
(20, 4096, '0.0.15.255'),
(21, 2048, '0.0.7.255'),
(22, 1024, '0.0.3.255'),
(23, 512, '0.0.1.255'),
(24, 256, '0.0.0.255'),
(25, 128, '0.0.0.127'),
(26, 64, '0.0.0.63'),
(27, 32, '0.0.0.31'),
(28, 16, '0.0.0.15'),
(29, 8, '0.0.0.7'),
(30, 4, '0.0.0.3'),
(31, 2, '0.0.0.1'),
(32, 1, '0.0.0.0');

-- --------------------------------------------------------

--
-- Table structure for table `ndfb_nsnst_config`
--

CREATE TABLE IF NOT EXISTS `ndfb_nsnst_config` (
  `config_name` varchar(255) NOT NULL DEFAULT '',
  `config_value` longtext NOT NULL
) ENGINE=MyISAM DEFAULT CHARSET=utf8;

--
-- Dumping data for table `ndfb_nsnst_config`
--

INSERT INTO `ndfb_nsnst_config` (`config_name`, `config_value`) VALUES
('admin_contact', 'admin@mattman69.com'),
('block_perpage', '50'),
('block_sort_column', 'date'),
('block_sort_direction', 'desc'),
('crypt_salt', 'N$'),
('display_link', '3'),
('display_reason', '1'),
('force_nukeurl', '0'),
('flood_delay_post', '5'),
('flood_delay_get', '3'),
('help_switch', '1'),
('htaccess_path', 'ht.access'),
('http_auth', '0'),
('lookup_link', 'http://www.DNSstuff.com/tools/whois.ch?ip='),
('page_delay', '5'),
('prevent_dos', '0'),
('proxy_reason', 'admin_proxy_reason.tpl'),
('proxy_switch', '0'),
('santy_protection', '0'),
('self_expire', '0'),
('site_reason', 'admin_site_reason.tpl'),
('site_switch', '0'),
('staccess_path', ''),
('track_active', '1'),
('track_max', '604800'),
('track_perpage', '50'),
('track_sort_column', 'ip_addr'),
('track_sort_direction', 'desc'),
('version_number', '2.4.2pl5');

-- --------------------------------------------------------

--
-- Table structure for table `ndfb_nsnst_countries`
--

CREATE TABLE IF NOT EXISTS `ndfb_nsnst_countries` (
  `c2c` varchar(2) NOT NULL DEFAULT '',
  `country` varchar(60) NOT NULL DEFAULT ''
) ENGINE=MyISAM DEFAULT CHARSET=utf8;

--
-- Dumping data for table `ndfb_nsnst_countries`
--

INSERT INTO `ndfb_nsnst_countries` (`c2c`, `country`) VALUES
('af', 'Afghanistan'),
('al', 'Albania'),
('dz', 'Algeria'),
('ad', 'Andorra'),
('ao', 'Angola'),
('ai', 'Anguilla'),
('aq', 'Antartica'),
('ag', 'Antigua And Barbuda'),
('ar', 'Argentina'),
('am', 'Armenia'),
('aw', 'Aruba'),
('au', 'Australia'),
('at', 'Austria'),
('az', 'Azerbaijan'),
('bs', 'Bahamas'),
('bh', 'Bahrain'),
('bd', 'Bangladesh'),
('bb', 'Barbados'),
('by', 'Belarus'),
('be', 'Belgium'),
('bz', 'Belize'),
('bj', 'Benin'),
('bm', 'Bermuda'),
('bt', 'Bhutan'),
('bo', 'Bolivia'),
('ba', 'Bosnia And Herzegovina'),
('bw', 'Botswana'),
('bv', 'Bouvet Island'),
('br', 'Brazil'),
('io', 'British Indian Ocean Territory'),
('bn', 'Brunei Darussalam'),
('bg', 'Bulgaria'),
('bf', 'Burkina Faso'),
('bi', 'Burundi'),
('kh', 'Cambodia'),
('cm', 'Cameroon'),
('ca', 'Canada'),
('cv', 'Cape Verde'),
('ky', 'Cayman Islands'),
('cf', 'Central African Republic'),
('td', 'Chad'),
('cl', 'Chile'),
('cn', 'China'),
('cx', 'Christmas Island'),
('cc', 'Cocos Islands'),
('co', 'Colombia'),
('km', 'Comoros'),
('cd', 'Congo, Democratic Republic Of The'),
('cg', 'Congo, People''s Republic Of The'),
('ck', 'Cook Islands'),
('cr', 'Costa Rica'),
('ci', 'Cote D''ivoire'),
('hr', 'Croatia'),
('cu', 'Cuba'),
('cy', 'Cyprus'),
('cz', 'Czech Republic'),
('dk', 'Denmark'),
('dj', 'Djibouti'),
('dm', 'Dominica'),
('do', 'Dominican Republic'),
('ec', 'Ecuador'),
('eg', 'Egypt'),
('sv', 'El Salvador'),
('xe', 'England'),
('gq', 'Equatorial Guinea'),
('er', 'Eritrea'),
('ee', 'Estonia'),
('et', 'Ethiopia'),
('eu', 'European Union'),
('fk', 'Falkland Islands'),
('fo', 'Faroe Islands'),
('fj', 'Fiji'),
('fi', 'Finland'),
('fr', 'France'),
('fx', 'France, Metropolitan'),
('gf', 'French Guiana'),
('pf', 'French Polynesia'),
('tf', 'French Southern Territories'),
('ga', 'Gabon'),
('gm', 'Gambia'),
('ge', 'Georgia'),
('de', 'Germany'),
('gh', 'Ghana'),
('gi', 'Gibraltar'),
('gr', 'Greece'),
('gl', 'Greenland'),
('gd', 'Grenada'),
('gp', 'Guadeloupe'),
('gu', 'Guam'),
('gt', 'Guatemala'),
('gn', 'Guinea'),
('gw', 'Guinea-Bissau'),
('gy', 'Guyana'),
('ht', 'Haiti'),
('hm', 'Heard and Mc Donald Islands'),
('hn', 'Honduras'),
('hk', 'Hong Kong'),
('hu', 'Hungary'),
('01', 'IANA Reserved'),
('is', 'Iceland'),
('in', 'India'),
('id', 'Indonesia'),
('ir', 'Iran'),
('iq', 'Iraq'),
('ie', 'Ireland'),
('il', 'Israel'),
('it', 'Italy'),
('jm', 'Jamaica'),
('jp', 'Japan'),
('jo', 'Jordan'),
('kz', 'Kazakhstan'),
('ke', 'Kenya'),
('ki', 'Kiribati'),
('kp', 'Korea, North'),
('kr', 'Korea, South'),
('kw', 'Kuwait'),
('kg', 'Kyrgyzstan'),
('la', 'Laos'),
('lv', 'Latvia'),
('lb', 'Lebanon'),
('ls', 'Lesotho'),
('lr', 'Liberia'),
('ly', 'Libya'),
('li', 'Liechtenstein'),
('lt', 'Lithuania'),
('lu', 'Luxembourg'),
('mo', 'Macau'),
('mk', 'Macedonia'),
('mg', 'Madagascar'),
('mw', 'Malawi'),
('my', 'Malaysia'),
('mv', 'Maldives'),
('ml', 'Mali'),
('mt', 'Malta'),
('mh', 'Marshall Islands'),
('mq', 'Martinique'),
('mr', 'Mauritania'),
('mu', 'Mauritius'),
('yt', 'Mayotte'),
('mx', 'Mexico'),
('fm', 'Micronesia'),
('md', 'Moldova'),
('mc', 'Monaco'),
('mn', 'Mongolia'),
('ms', 'Montserrat'),
('ma', 'Morocco'),
('mz', 'Mozambique'),
('mm', 'Myanmar'),
('na', 'Namibia'),
('nr', 'Nauru'),
('np', 'Nepal'),
('nl', 'Netherlands'),
('an', 'Netherlands Antilles'),
('nc', 'New Caledonia'),
('nz', 'New Zealand'),
('ni', 'Nicaragua'),
('ne', 'Niger'),
('ng', 'Nigeria'),
('nu', 'Niue'),
('nf', 'Norfork Island'),
('mp', 'Northern Mariana Islands'),
('no', 'Norway'),
('om', 'Oman'),
('pk', 'Pakistan'),
('pw', 'Palau'),
('ps', 'Palestine'),
('pa', 'Panama'),
('pg', 'Papua New Guinea'),
('py', 'Paraguay'),
('pe', 'Peru'),
('ph', 'Philippines'),
('pn', 'Pitcairn'),
('pl', 'Poland'),
('pt', 'Portugal'),
('pr', 'Puerto Rico'),
('qa', 'Qatar'),
('re', 'Reunion'),
('ro', 'Romania'),
('ru', 'Russia'),
('rw', 'Rwanda'),
('sh', 'Saint Helena'),
('kn', 'Saint Kitts And Nevis'),
('lc', 'Saint Lucia'),
('pm', 'Saint Pierre and Miquelon'),
('vc', 'Saint Vincent And The Grenadines'),
('ws', 'Samoa'),
('as', 'Samoa, American'),
('sm', 'San Marino'),
('st', 'Sao Tome And Principe'),
('sa', 'Saudi Arabia'),
('xs', 'Scotland'),
('sn', 'Senegal'),
('cs', 'Serbia And Montenegro'),
('sc', 'Seychelles'),
('sl', 'Sierra Leone'),
('sg', 'Singapore'),
('sk', 'Slovakia'),
('si', 'Slovenia'),
('sb', 'Solomon Islands'),
('so', 'Somalia'),
('za', 'South Africa'),
('gs', 'South Georgia and The South Sandwich Islands'),
('es', 'Spain'),
('lk', 'Sri Lanka'),
('sd', 'Sudan'),
('sr', 'Suriname'),
('sj', 'Svalbard and Jan Mayen Islands'),
('sz', 'Swaziland'),
('se', 'Sweden'),
('ch', 'Switzerland'),
('sy', 'Syria'),
('tw', 'Taiwan'),
('tj', 'Tajikistan'),
('tz', 'Tanzania'),
('th', 'Thailand'),
('tl', 'Timor-leste'),
('tg', 'Togo'),
('tk', 'Tokelau'),
('to', 'Tonga'),
('tt', 'Trinidad And Tobago'),
('tn', 'Tunisia'),
('tr', 'Turkey'),
('tm', 'Turkmenistan'),
('tc', 'Turks And Caicos Islands'),
('tv', 'Tuvalu'),
('ug', 'Uganda'),
('ua', 'Ukraine'),
('ae', 'United Arab Emirates'),
('gb', 'United Kingdom'),
('un', 'United Nations'),
('us', 'United States'),
('um', 'United States Minor Outlying Islands'),
('00', 'Unknown'),
('uy', 'Uruguay'),
('uz', 'Uzbekistan'),
('vu', 'Vanuatu'),
('va', 'Vatican City State'),
('ve', 'Venezuela'),
('vn', 'Viet Nam'),
('vi', 'Virgin Islands, American'),
('vg', 'Virgin Islands, British'),
('xw', 'Wales'),
('wf', 'Wallis and Futuna Islands'),
('eh', 'Western Sahara'),
('ye', 'Yemen'),
('yu', 'Yugoslavia'),
('zm', 'Zambia'),
('zw', 'Zimbabwe'),
('ax', 'Aaland Islands');

-- --------------------------------------------------------

--
-- Table structure for table `ndfb_nsnst_excluded_ranges`
--

CREATE TABLE IF NOT EXISTS `ndfb_nsnst_excluded_ranges` (
  `ip_lo` int(10) unsigned NOT NULL DEFAULT '0',
  `ip_hi` int(10) unsigned NOT NULL DEFAULT '0',
  `date` int(20) NOT NULL DEFAULT '0',
  `notes` text NOT NULL,
  `c2c` varchar(2) NOT NULL DEFAULT '00'
) ENGINE=MyISAM DEFAULT CHARSET=utf8;

--
-- Dumping data for table `ndfb_nsnst_excluded_ranges`
--

INSERT INTO `ndfb_nsnst_excluded_ranges` (`ip_lo`, `ip_hi`, `date`, `notes`, `c2c`) VALUES
(1222794752, 1222795007, 1162914042, 'Added by MattMan', 'us'),
(1276248321, 1291845631, 1355200726, 'Added by MattMan', 'us');

-- --------------------------------------------------------

--
-- Table structure for table `ndfb_nsnst_flood`
--

CREATE TABLE IF NOT EXISTS `ndfb_nsnst_flood` (
  `ip` varchar(15) NOT NULL DEFAULT '0.0.0.0',
  `lastpost` int(20) NOT NULL DEFAULT '0'
) ENGINE=MyISAM DEFAULT CHARSET=utf8;

-- --------------------------------------------------------

--
-- Table structure for table `ndfb_nsnst_ip2country`
--

CREATE TABLE IF NOT EXISTS `ndfb_nsnst_ip2country` (
  `ip_lo` int(10) unsigned NOT NULL DEFAULT '0',
  `ip_hi` int(10) unsigned NOT NULL DEFAULT '0',
  `date` int(20) NOT NULL DEFAULT '0',
  `c2c` varchar(2) NOT NULL DEFAULT '',
  `country` varchar(60) NOT NULL DEFAULT ''
) ENGINE=MyISAM DEFAULT CHARSET=utf8;

-- --------------------------------------------------------

--
-- Table structure for table `ndfb_nsnst_protected_ranges`
--

CREATE TABLE IF NOT EXISTS `ndfb_nsnst_protected_ranges` (
  `ip_lo` int(10) unsigned NOT NULL DEFAULT '0',
  `ip_hi` int(10) unsigned NOT NULL DEFAULT '0',
  `date` int(20) NOT NULL DEFAULT '0',
  `notes` text NOT NULL,
  `c2c` varchar(2) NOT NULL DEFAULT '00'
) ENGINE=MyISAM DEFAULT CHARSET=utf8;

--
-- Dumping data for table `ndfb_nsnst_protected_ranges`
--

INSERT INTO `ndfb_nsnst_protected_ranges` (`ip_lo`, `ip_hi`, `date`, `notes`, `c2c`) VALUES
(1077624288, 1077624303, 0, 'Added by Raven\r\nYahoo\r\n64.59.61.224 - 64.59.61.239', 'us'),
(1078218752, 1078220799, 0, 'Added by Raven\r\n64.68.80.0 - 64.68.87.255', 'us'),
(1081896984, 1081896991, 0, 'Added by Raven\r\n64.124.112.24 - 64.124.112.31', 'us'),
(1081927080, 1081927087, 0, 'Added by Raven\r\n64.124.229.168 - 64.124.229.175', 'us'),
(1089052672, 1089060863, 0, 'Added by Raven\r\n64.233.160.0 - 64.233.191.255', 'us'),
(1097082392, 1097082399, 0, 'Added by Raven\r\nYahoo\r\n65.100.38.24 - 65.100.38.31', 'us'),
(1103782808, 1103782815, 0, 'Added by Raven\r\n65.202.99.152 - 65.202.99.159', 'us'),
(1104396896, 1104396911, 0, 'Added by Raven\r\n65.211.194.96 - 65.211.194.111', 'us'),
(1104609120, 1104609135, 0, 'Added by Raven\r\n65.214.255.96 - 65.214.255.111', 'us'),
(1105036720, 1105036735, 0, 'Added by Raven\r\n65.221.133.176 - 65.221.133.191', 'us'),
(1105135664, 1105135679, 0, 'Added by Raven\r\n65.223.8.48 - 65.223.8.63', 'us'),
(1106581512, 1106581519, 0, 'Added by Raven\r\n65.245.24.8 - 65.245.24.15', 'us'),
(1113513984, 1113518079, 0, 'Yahoo Search', 'us'),
(1113980928, 1113985023, 0, 'Added by Raven\r\n66.102.0.0 - 66.102.15.255', 'us'),
(1118019584, 1118027775, 0, 'Yahoo Search', 'us'),
(1120024560, 1120024575, 0, 'Added by Raven\r\nglobalspec.com', 'us'),
(1120157696, 1120174079, 0, 'Yahoo Search', 'us'),
(1123631104, 1123639295, 0, 'Google Search', 'us'),
(1132356616, 1132356623, 0, 'Added by Raven\r\n67.126.100.8 - 67.126.100.15', 'us'),
(1150205952, 1150222335, 0, 'Added by Raven - Yahoo', 'us'),
(1164938648, 1164938655, 0, 'Added by Raven\r\n69.111.141.152 - 69.111.141.159', 'us'),
(1164938656, 1164938663, 0, 'Added by Raven\r\n69.111.141.160 - 69.111.141.167', 'us'),
(1172313552, 1172313559, 0, 'Added by Raven\r\n69.224.21.208 - 69.224.21.215', 'us'),
(1172315992, 1172315999, 0, 'Added by Raven\r\n69.224.31.88 - 69.224.31.95', 'us'),
(1172316008, 1172316015, 0, 'Added by Raven\r\n69.224.31.104 - 69.224.31.111', 'us'),
(1172588248, 1172588255, 0, 'Added by Raven\r\n69.228.70.216 - 69.228.70.223', 'us'),
(1172588256, 1172588263, 0, 'Added by Raven\r\n69.228.70.224 - 69.228.70.231', 'us'),
(1172588264, 1172588271, 0, 'Added by Raven\r\n69.228.70.232 - 69.228.70.239', 'us'),
(1172588280, 1172588287, 0, 'Added by Raven\r\n69.228.70.248 - 69.228.70.255', 'us'),
(1172589672, 1172589679, 0, 'Added by Raven\r\n69.228.76.104 - 69.228.76.111', 'us'),
(1173102912, 1173102919, 0, 'Added by Raven\r\n69.236.33.64 - 69.236.33.71', 'us'),
(1173190880, 1173190887, 0, 'Added by Raven\r\n69.237.120.224 - 69.237.120.231', 'us'),
(1199710944, 1199710967, 0, 'Added by Raven\r\n71.130.34.224 - 71.130.34.231\r\n71.130.34.232 - 71.130.34.239\r\n71.130.34.240 - 71.130.34.247\r\n', 'us'),
(1199728392, 1199728431, 0, 'Added by Raven\r\n71.130.103.8 - 71.130.103.15\r\n71.130.103.16 - 71.130.103.23\r\n71.130.103.24 - 71.130.103.31\r\n71.130.103.32 - 71.130.103.39\r\n71.130.103.40 - 71.130.103.47\r\n', 'us'),
(1199925824, 1199925839, 0, 'Added by Raven\r\n71.133.106.64 - 71.133.106.79', 'us'),
(1208926208, 1208938495, 0, 'Added by Raven\r\n72.14.192.0 - 72.14.239.255', 'us'),
(1209925632, 1209958399, 0, 'Added by Raven\r\nYahoo\r\n72.30.0.0 - 72.30.127.255', 'us'),
(3399528448, 3399532543, 0, 'Added by Raven\r\nYAHOO-ALIBABA-1', 'cn'),
(3475898368, 3475963903, 0, 'MSN Search', 'us'),
(3477372928, 3477393407, 0, 'MSN Search', 'us'),
(3511249408, 3511271423, 0, 'AltaVista Search', 'us'),
(3515031552, 3515039743, 0, 'Yahoo Search', 'us'),
(3519725568, 3519741951, 0, 'Lycos Search', 'us'),
(3522775360, 3522775367, 0, 'Added by Raven\r\n209.249.73.64 - 209.249.73.71', 'us'),
(3635231704, 3635231711, 0, 'Added by Raven\r\nYahoo\r\n216.173.59.216 - 216.173.59.223', 'us'),
(3637019136, 3637019391, 0, 'AskJeeves Search', 'us'),
(1222794752, 1222795007, 1162913957, 'Added by MattMan', 'us'),
(845588136, 845588136, 1353963188, 'Added by p455w0rd', 'us');

-- --------------------------------------------------------

--
-- Table structure for table `ndfb_nsnst_tracked_ips`
--
-- in use(#145 - Table './dfbgaming@002ecom/ndfb_nsnst_tracked_ips' is marked as crashed and should be repaired)
-- Error reading data: (#145 - Table './dfbgaming@002ecom/ndfb_nsnst_tracked_ips' is marked as crashed and should be repaired)

-- --------------------------------------------------------

--
-- Table structure for table `ndfb_ns_downloads_add_modify`
--

CREATE TABLE IF NOT EXISTS `ndfb_ns_downloads_add_modify` (
  `ns_dl_add` tinyint(1) NOT NULL DEFAULT '1',
  `ns_dl_anon_add` tinyint(1) NOT NULL DEFAULT '0',
  `ns_dl_auto_add` tinyint(1) NOT NULL DEFAULT '0',
  `ns_dl_allow_html` tinyint(1) NOT NULL DEFAULT '1',
  `ns_dl_affiliate_links` tinyint(1) NOT NULL DEFAULT '1',
  `ns_dl_add_email` tinyint(1) NOT NULL DEFAULT '1',
  `ns_dl_add_filesize` tinyint(1) NOT NULL DEFAULT '1',
  `ns_dl_add_compat` tinyint(1) NOT NULL DEFAULT '0',
  `ns_dl_mod` tinyint(1) NOT NULL DEFAULT '1',
  `ns_dl_mod_anon` tinyint(1) NOT NULL DEFAULT '1',
  `ns_dl_owner_mod` tinyint(1) NOT NULL DEFAULT '1'
) ENGINE=MyISAM DEFAULT CHARSET=latin1;

--
-- Dumping data for table `ndfb_ns_downloads_add_modify`
--

INSERT INTO `ndfb_ns_downloads_add_modify` (`ns_dl_add`, `ns_dl_anon_add`, `ns_dl_auto_add`, `ns_dl_allow_html`, `ns_dl_affiliate_links`, `ns_dl_add_email`, `ns_dl_add_filesize`, `ns_dl_add_compat`, `ns_dl_mod`, `ns_dl_mod_anon`, `ns_dl_owner_mod`) VALUES
(1, 0, 0, 1, 0, 1, 1, 0, 1, 0, 0);

-- --------------------------------------------------------

--
-- Table structure for table `ndfb_ns_downloads_auth`
--

CREATE TABLE IF NOT EXISTS `ndfb_ns_downloads_auth` (
  `ns_dl_auth_list` tinyint(1) NOT NULL DEFAULT '0',
  `ns_dl_auth_lim` tinyint(2) NOT NULL DEFAULT '0',
  `ns_dl_auth_pp` int(3) NOT NULL DEFAULT '0'
) ENGINE=MyISAM DEFAULT CHARSET=latin1;

--
-- Dumping data for table `ndfb_ns_downloads_auth`
--

INSERT INTO `ndfb_ns_downloads_auth` (`ns_dl_auth_list`, `ns_dl_auth_lim`, `ns_dl_auth_pp`) VALUES
(1, 5, 10);

-- --------------------------------------------------------

--
-- Table structure for table `ndfb_ns_downloads_blocks`
--

CREATE TABLE IF NOT EXISTS `ndfb_ns_downloads_blocks` (
  `ns_dl_show_block` tinyint(1) NOT NULL DEFAULT '0',
  `ns_dl_show_all` tinyint(1) NOT NULL DEFAULT '0',
  `ns_dl_show_num` int(2) NOT NULL DEFAULT '0',
  `ns_dl_left_block` tinyint(1) NOT NULL DEFAULT '0',
  `ns_dl_right_block` tinyint(1) NOT NULL DEFAULT '0'
) ENGINE=MyISAM DEFAULT CHARSET=latin1;

--
-- Dumping data for table `ndfb_ns_downloads_blocks`
--

INSERT INTO `ndfb_ns_downloads_blocks` (`ns_dl_show_block`, `ns_dl_show_all`, `ns_dl_show_num`, `ns_dl_left_block`, `ns_dl_right_block`) VALUES
(1, 0, 10, 1, 2);

-- --------------------------------------------------------

--
-- Table structure for table `ndfb_ns_downloads_desc_img`
--

CREATE TABLE IF NOT EXISTS `ndfb_ns_downloads_desc_img` (
  `ns_dl_des_img` tinyint(1) NOT NULL DEFAULT '0',
  `ns_dl_des_img_pos` char(2) NOT NULL DEFAULT '',
  `ns_dl_des_img_width` int(3) NOT NULL DEFAULT '0',
  `ns_dl_des_img_height` int(3) NOT NULL DEFAULT '0',
  `ns_dl_pop_win` tinyint(1) NOT NULL DEFAULT '0',
  `ns_dl_pop_win_width` int(4) NOT NULL DEFAULT '0',
  `ns_dl_pop_win_height` int(4) NOT NULL DEFAULT '0',
  `ns_dl_pop_conform` tinyint(1) NOT NULL DEFAULT '0',
  `ns_dl_use_standard` tinyint(1) NOT NULL DEFAULT '0'
) ENGINE=MyISAM DEFAULT CHARSET=latin1;

--
-- Dumping data for table `ndfb_ns_downloads_desc_img`
--

INSERT INTO `ndfb_ns_downloads_desc_img` (`ns_dl_des_img`, `ns_dl_des_img_pos`, `ns_dl_des_img_width`, `ns_dl_des_img_height`, `ns_dl_pop_win`, `ns_dl_pop_win_width`, `ns_dl_pop_win_height`, `ns_dl_pop_conform`, `ns_dl_use_standard`) VALUES
(1, 'l', 60, 60, 1, 600, 600, 1, 0);

-- --------------------------------------------------------

--
-- Table structure for table `ndfb_ns_downloads_fetch`
--

CREATE TABLE IF NOT EXISTS `ndfb_ns_downloads_fetch` (
  `ns_getit` tinyint(1) NOT NULL DEFAULT '0',
  `ns_getit_image` tinyint(1) NOT NULL DEFAULT '0',
  `ns_getit_color` varchar(10) NOT NULL DEFAULT '',
  `ns_getit_msg` text NOT NULL
) ENGINE=MyISAM DEFAULT CHARSET=latin1;

--
-- Dumping data for table `ndfb_ns_downloads_fetch`
--

INSERT INTO `ndfb_ns_downloads_fetch` (`ns_getit`, `ns_getit_image`, `ns_getit_color`, `ns_getit_msg`) VALUES
(0, 0, 'CC0000', 'We are sorry for the inconvenience to all users, but this change to our System is necessary because of a few people leeching our Files. We have made significant attempts to make our Files easier to Download for each user, compared to the mass downloading applications... But our last resort will be to force Registration to download any files.');

-- --------------------------------------------------------

--
-- Table structure for table `ndfb_ns_downloads_field`
--

CREATE TABLE IF NOT EXISTS `ndfb_ns_downloads_field` (
`fid` int(5) NOT NULL,
  `fname` varchar(150) NOT NULL DEFAULT ''
) ENGINE=MyISAM DEFAULT CHARSET=latin1 AUTO_INCREMENT=1 ;

-- --------------------------------------------------------

--
-- Table structure for table `ndfb_ns_downloads_field_perm`
--

CREATE TABLE IF NOT EXISTS `ndfb_ns_downloads_field_perm` (
  `ns_dl_field_vers` tinyint(1) NOT NULL DEFAULT '0',
  `ns_dl_field_comp` tinyint(1) NOT NULL DEFAULT '0',
  `ns_dl_field_file` tinyint(1) NOT NULL DEFAULT '0',
  `ns_dl_field_date` tinyint(1) NOT NULL DEFAULT '0',
  `ns_dl_field_hits` tinyint(1) NOT NULL DEFAULT '0',
  `ns_dl_field_rate` tinyint(1) NOT NULL DEFAULT '0'
) ENGINE=MyISAM DEFAULT CHARSET=latin1;

--
-- Dumping data for table `ndfb_ns_downloads_field_perm`
--

INSERT INTO `ndfb_ns_downloads_field_perm` (`ns_dl_field_vers`, `ns_dl_field_comp`, `ns_dl_field_file`, `ns_dl_field_date`, `ns_dl_field_hits`, `ns_dl_field_rate`) VALUES
(1, 0, 1, 1, 1, 1);

-- --------------------------------------------------------

--
-- Table structure for table `ndfb_ns_downloads_general`
--

CREATE TABLE IF NOT EXISTS `ndfb_ns_downloads_general` (
  `ns_download_image` varchar(255) NOT NULL DEFAULT '',
  `ns_download_image_pos` int(3) NOT NULL DEFAULT '0',
  `ns_dl_show_sub_cats` tinyint(1) NOT NULL DEFAULT '1',
  `ns_dl_show_num` tinyint(1) NOT NULL DEFAULT '0',
  `ns_dl_show_full` tinyint(1) NOT NULL DEFAULT '0',
  `ns_dl_num_per_page` tinyint(2) NOT NULL DEFAULT '10',
  `ns_dl_num_results` tinyint(2) NOT NULL DEFAULT '10',
  `ns_dl_sort_order` tinyint(2) NOT NULL DEFAULT '1',
  `ns_dl_down_button` tinyint(1) NOT NULL DEFAULT '1',
  `ns_dl_foot_button` tinyint(1) NOT NULL DEFAULT '1',
  `ns_dl_reg_down` tinyint(1) NOT NULL DEFAULT '0',
  `ns_dl_right_blocks` tinyint(1) NOT NULL DEFAULT '1',
  `ns_dl_link_bar` tinyint(1) NOT NULL DEFAULT '1',
  `ns_dl_show_engines` tinyint(1) NOT NULL DEFAULT '0',
  `ns_cat_image` varchar(255) NOT NULL DEFAULT '',
  `ns_cat_image_pos` int(3) NOT NULL DEFAULT '0',
  `ns_subcat_image` varchar(255) NOT NULL DEFAULT '',
  `ns_subcat_image_pos` int(3) NOT NULL DEFAULT '0',
  `ns_featured_image` varchar(255) NOT NULL DEFAULT '',
  `ns_featured_image_pos` int(3) NOT NULL DEFAULT '0',
  `ns_dl_main_note` text NOT NULL,
  `ns_dl_main_note_show` tinyint(1) NOT NULL DEFAULT '0',
  `prbgcolor1` varchar(10) NOT NULL DEFAULT '',
  `prbgcolor2` varchar(10) NOT NULL DEFAULT '',
  `tttextcolor` varchar(10) NOT NULL DEFAULT '',
  `tbtextcolor` varchar(10) NOT NULL DEFAULT '',
  `ns_dl_open_new` tinyint(1) NOT NULL DEFAULT '0',
  `ns_dl_mirror_link` tinyint(1) NOT NULL DEFAULT '0',
  `ns_dl_view_dis` tinyint(1) NOT NULL DEFAULT '0',
  `ns_dl_empty_cat` tinyint(1) NOT NULL DEFAULT '0'
) ENGINE=MyISAM DEFAULT CHARSET=latin1;

--
-- Dumping data for table `ndfb_ns_downloads_general`
--

INSERT INTO `ndfb_ns_downloads_general` (`ns_download_image`, `ns_download_image_pos`, `ns_dl_show_sub_cats`, `ns_dl_show_num`, `ns_dl_show_full`, `ns_dl_num_per_page`, `ns_dl_num_results`, `ns_dl_sort_order`, `ns_dl_down_button`, `ns_dl_foot_button`, `ns_dl_reg_down`, `ns_dl_right_blocks`, `ns_dl_link_bar`, `ns_dl_show_engines`, `ns_cat_image`, `ns_cat_image_pos`, `ns_subcat_image`, `ns_subcat_image_pos`, `ns_featured_image`, `ns_featured_image_pos`, `ns_dl_main_note`, `ns_dl_main_note_show`, `prbgcolor1`, `prbgcolor2`, `tttextcolor`, `tbtextcolor`, `ns_dl_open_new`, `ns_dl_mirror_link`, `ns_dl_view_dis`, `ns_dl_empty_cat`) VALUES
('', 0, 1, 1, 1, 10, 10, 1, 1, 1, 1, 1, 1, 0, '', 0, '', 0, '', 0, '', 0, '', '', '', '', 0, 1, 1, 1);

-- --------------------------------------------------------

--
-- Table structure for table `ndfb_ns_downloads_new_pop`
--

CREATE TABLE IF NOT EXISTS `ndfb_ns_downloads_new_pop` (
  `ns_dl_num_new_one` tinyint(2) NOT NULL DEFAULT '7',
  `ns_dl_num_new_two` tinyint(2) NOT NULL DEFAULT '14',
  `ns_dl_num_new_three` tinyint(2) NOT NULL DEFAULT '30',
  `ns_dl_newimage_on` tinyint(1) NOT NULL DEFAULT '0',
  `ns_dl_new_one` int(3) NOT NULL DEFAULT '1',
  `ns_dl_new_two` int(3) NOT NULL DEFAULT '3',
  `ns_dl_new_three` int(3) NOT NULL DEFAULT '7',
  `ns_dl_num_top` int(3) NOT NULL DEFAULT '25',
  `ns_dl_num_top_num` tinyint(2) NOT NULL DEFAULT '10',
  `ns_dl_num_top_per` tinyint(1) NOT NULL DEFAULT '0',
  `ns_dl_num_pop` int(4) NOT NULL DEFAULT '200',
  `ns_dl_num_pop_num` tinyint(2) NOT NULL DEFAULT '10',
  `ns_dl_num_pop_per` tinyint(1) NOT NULL DEFAULT '0',
  `ns_dl_popimage_on` tinyint(1) NOT NULL DEFAULT '0',
  `ns_dl_num_pop_image` varchar(100) NOT NULL DEFAULT '',
  `ns_dl_new_image1` varchar(100) NOT NULL DEFAULT '',
  `ns_dl_new_image2` varchar(100) NOT NULL DEFAULT '',
  `ns_dl_new_image3` varchar(100) NOT NULL DEFAULT ''
) ENGINE=MyISAM DEFAULT CHARSET=latin1;

--
-- Dumping data for table `ndfb_ns_downloads_new_pop`
--

INSERT INTO `ndfb_ns_downloads_new_pop` (`ns_dl_num_new_one`, `ns_dl_num_new_two`, `ns_dl_num_new_three`, `ns_dl_newimage_on`, `ns_dl_new_one`, `ns_dl_new_two`, `ns_dl_new_three`, `ns_dl_num_top`, `ns_dl_num_top_num`, `ns_dl_num_top_per`, `ns_dl_num_pop`, `ns_dl_num_pop_num`, `ns_dl_num_pop_per`, `ns_dl_popimage_on`, `ns_dl_num_pop_image`, `ns_dl_new_image1`, `ns_dl_new_image2`, `ns_dl_new_image3`) VALUES
(7, 14, 30, 1, 1, 3, 7, 25, 10, 0, 200, 10, 0, 1, 'popular.gif', 'new_1.gif', 'new_3.gif', 'new_7.gif');

-- --------------------------------------------------------

--
-- Table structure for table `ndfb_ns_downloads_nfeatured`
--

CREATE TABLE IF NOT EXISTS `ndfb_ns_downloads_nfeatured` (
`fdid` int(5) NOT NULL,
  `lid` int(5) NOT NULL DEFAULT '0',
  `ns_dl_feat_det` tinyint(1) NOT NULL DEFAULT '0',
  `ns_dl_feat_dlength` varchar(10) NOT NULL DEFAULT '',
  `ns_dl_feat_dimg` tinyint(1) NOT NULL DEFAULT '0'
) ENGINE=MyISAM DEFAULT CHARSET=latin1 AUTO_INCREMENT=1 ;

-- --------------------------------------------------------

--
-- Table structure for table `ndfb_ns_downloads_rating`
--

CREATE TABLE IF NOT EXISTS `ndfb_ns_downloads_rating` (
  `ns_dl_outside_vote` tinyint(1) NOT NULL DEFAULT '1',
  `ns_dl_anon_wait_days` int(6) NOT NULL DEFAULT '7',
  `ns_dl_outside_wait_days` int(6) NOT NULL DEFAULT '7',
  `ns_dl_anon_weight` int(6) NOT NULL DEFAULT '5',
  `ns_dl_outside_weight` int(6) NOT NULL DEFAULT '20',
  `ns_dl_main_dec` tinyint(1) NOT NULL DEFAULT '2',
  `ns_dl_detail_dec` tinyint(1) NOT NULL DEFAULT '4'
) ENGINE=MyISAM DEFAULT CHARSET=latin1;

--
-- Dumping data for table `ndfb_ns_downloads_rating`
--

INSERT INTO `ndfb_ns_downloads_rating` (`ns_dl_outside_vote`, `ns_dl_anon_wait_days`, `ns_dl_outside_wait_days`, `ns_dl_anon_weight`, `ns_dl_outside_weight`, `ns_dl_main_dec`, `ns_dl_detail_dec`) VALUES
(1, 7, 7, 5, 20, 2, 4);

-- --------------------------------------------------------

--
-- Table structure for table `ndfb_ns_downloads_recommend`
--

CREATE TABLE IF NOT EXISTS `ndfb_ns_downloads_recommend` (
  `ns_dl_rec` tinyint(1) NOT NULL DEFAULT '0',
  `ns_dl_rec_num` tinyint(1) NOT NULL DEFAULT '0',
  `ns_dl_rec_msg` tinyint(1) NOT NULL DEFAULT '0',
  `ns_dl_rec_stats` tinyint(1) NOT NULL DEFAULT '0',
  `ns_dl_rec_stats_user` tinyint(1) NOT NULL DEFAULT '0',
  `ns_dl_rec_email` text NOT NULL,
  `ns_dl_rec_subject` varchar(255) NOT NULL DEFAULT ''
) ENGINE=MyISAM DEFAULT CHARSET=latin1;

--
-- Dumping data for table `ndfb_ns_downloads_recommend`
--

INSERT INTO `ndfb_ns_downloads_recommend` (`ns_dl_rec`, `ns_dl_rec_num`, `ns_dl_rec_msg`, `ns_dl_rec_stats`, `ns_dl_rec_stats_user`, `ns_dl_rec_email`, `ns_dl_rec_subject`) VALUES
(1, 3, 1, 1, 1, 'I found this download on the {dFb} Gaming website. Check it out!', 'Check out this GREAT Download!');

-- --------------------------------------------------------

--
-- Table structure for table `ndfb_ns_downloads_recom_dlstats`
--

CREATE TABLE IF NOT EXISTS `ndfb_ns_downloads_recom_dlstats` (
`rdid` int(11) NOT NULL,
  `lid` int(11) NOT NULL DEFAULT '0',
  `ns_dl_rec_title` varchar(255) NOT NULL DEFAULT '',
  `ns_dl_rec_num` int(11) NOT NULL DEFAULT '0'
) ENGINE=MyISAM  DEFAULT CHARSET=latin1 AUTO_INCREMENT=28 ;

--
-- Dumping data for table `ndfb_ns_downloads_recom_dlstats`
--

INSERT INTO `ndfb_ns_downloads_recom_dlstats` (`rdid`, `lid`, `ns_dl_rec_title`, `ns_dl_rec_num`) VALUES
(1, 396, 'UT 3 Sounds and Music', 3),
(2, 131, 'BF2 Wallpaper 4', 3),
(3, 88, 'dFb UT Query phpnuke block', 12),
(4, 50, 'Cache Cleaner 3', 12),
(5, 21, 'SLRB Zark Assault Rifle model II', 6),
(6, 6, 'Crotch shoot', 3),
(7, 77, 'UT Patch V436', 18),
(8, 10, 'JetreplaceG', 4),
(9, 48, 'aestats-v5.39', 3),
(10, 351, 'Anti Camp', 3),
(11, 2, 'Bat Thwap', 3),
(12, 75, 'Bad Boys', 4),
(13, 34, 'Gollum Voice Pack', 3),
(14, 78, '{dFb}UltraRifle', 6),
(15, 407, 'UT3 Cache Converter', 3),
(16, 20, 'SLRB Zark Assault Rifle', 12),
(17, 96, 'MOD Editor', 9),
(18, 89, '{dFb} Podcast Feb. 20, 06 mp3', 3),
(19, 412, '{dFb} Guest Skin - *BS* Tribute', 3),
(20, 130, 'BF2 Wallpaper 3', 3),
(21, 129, 'BF2 Wallpaper 2', 3),
(22, 82, 'UTPatch version 451', 6),
(23, 45, 'Pure ownage', 6),
(24, 83, 'Assasin skin', 9),
(25, 7, 'Enhanced Sniper', 6),
(26, 113, 'Unreal Tournament 99 GOTY edition', 3),
(27, 150, 'Dodgeball patch v1b', 1);

-- --------------------------------------------------------

--
-- Table structure for table `ndfb_ns_downloads_recom_usrstats`
--

CREATE TABLE IF NOT EXISTS `ndfb_ns_downloads_recom_usrstats` (
`rduid` int(11) NOT NULL,
  `rdid` int(11) NOT NULL DEFAULT '0',
  `lid` int(11) NOT NULL DEFAULT '0',
  `ns_dl_rec_rname` varchar(255) NOT NULL DEFAULT '',
  `ns_dl_rec_remail` varchar(255) NOT NULL DEFAULT '',
  `ns_dl_rec_uip` varchar(25) NOT NULL DEFAULT '',
  `ns_dl_rec_rnum` int(11) NOT NULL DEFAULT '0'
) ENGINE=MyISAM  DEFAULT CHARSET=latin1 AUTO_INCREMENT=51 ;

--
-- Dumping data for table `ndfb_ns_downloads_recom_usrstats`
--

INSERT INTO `ndfb_ns_downloads_recom_usrstats` (`rduid`, `rdid`, `lid`, `ns_dl_rec_rname`, `ns_dl_rec_remail`, `ns_dl_rec_uip`, `ns_dl_rec_rnum`) VALUES
(1, 0, 396, 'Sandi', 'bob@pangea.org', '188.234.132.2', 3),
(2, 0, 131, 'Dima', 'otu@otu.szczecin.pl', '168.63.76.33', 3),
(3, 0, 88, 'DuptSpesque', 'nali98720@gmail.com', '137.117.70.49', 6),
(4, 0, 50, 'xwkvbydzn', 'jwripm@pwqbjc.com', '46.161.41.27', 3),
(5, 0, 21, 'mruwfkwmje', 'mmwdfw@vpnebe.com', '46.161.41.27', 3),
(6, 0, 6, 'Joe', 'cmb@finn.pl', '180.15.131.185', 3),
(7, 0, 77, 'Klondike', 'dharla@dellarte.com', '188.143.232.12', 3),
(8, 7, 77, 'Geraldine', 'domains@biwalobe.co.jp', '188.143.232.12', 3),
(9, 0, 10, 'Babi', 'bof@fesztivalvaros.hu', '94.23.238.222', 1),
(10, 8, 10, 'Eddie', 'derekbotten@rogers.com', '168.63.84.251', 3),
(11, 0, 48, 'Gopi', 'barry@sequentialventures.com', '150.254.41.202', 3),
(12, 0, 351, 'Sebastian', 'jogol@univ.rzeszow.pl', '65.201.107.146', 3),
(13, 0, 2, 'Lulu', 'monety@poczta.onet.eu', '184.154.188.218', 3),
(14, 0, 75, 'Anthony', 'bof@fesztivalvaros.hu', '94.23.238.222', 1),
(15, 12, 75, 'Princi', 'course-info@physics.ubc.ca', '62.220.166.58', 3),
(16, 0, 34, 'Bila', 'wandasm@vela.filg.uj.edu.pl', '221.181.232.145', 3),
(17, 0, 78, 'Cabang', 'dan@danharper.co.uk', '127.0.0.1', 3),
(18, 0, 407, 'wvcewny', 'rfupnp@zbbdsb.com', '93.115.86.194', 3),
(19, 0, 20, 'hklhutslzxb', 'rrcujq@aoqwxg.com', '46.161.41.34', 3),
(20, 16, 20, 'mrdtuj', 'okjoys@ejvuma.com', '95.215.0.27', 3),
(21, 0, 96, 'rofqrmvekw', 'bgvjhf@njthdy.com', '5.9.82.107', 3),
(22, 17, 96, 'vkuirlotlju', 'qpsldk@xjrfdm.com', '5.9.152.10', 3),
(23, 16, 20, 'cyuiqtnmbv', 'gtdusl@hbnvhu.com', '95.215.0.27', 3),
(24, 17, 96, 'luygfdx', 'vavann@ktkleo.com', 'unknown', 3),
(25, 0, 89, 'kosyyrls', 'tsalwo@yvvmhb.com', 'unknown', 3),
(26, 0, 412, 'mmayzel', 'jodato@hrqcpw.com', '162.244.13.18', 3),
(27, 3, 88, 'xznxzuyxtt', 'jfjvpz@ugozas.com', '195.2.240.103', 3),
(28, 3, 88, 'dmbecbga', 'sluhgn@pmsunj.com', '195.2.240.103', 3),
(29, 0, 130, 'iorqgmdzfi', 'avtbfg@nnzdgf.com', '195.2.240.101', 3),
(30, 0, 129, 'bogufrhj', 'yhkvsq@qdirmo.com', '46.161.41.31', 3),
(31, 4, 50, 'gabahey', 'luidji2d@gmail.com', '62.210.180.16', 3),
(32, 0, 82, 'ucagarskh', 'dpxqhh@hedjax.com', '46.161.41.199', 3),
(33, 0, 45, 'hdkzxnofyep', 'lyofzg@ljneqa.com', '46.161.41.199', 3),
(34, 0, 83, 'rmdkktqbo', 'xbabtz@ehysqz.com', '46.161.41.199', 3),
(35, 4, 50, 'kucpjfo', 'ytxyph@yjjugj.com', '46.161.41.199', 3),
(36, 0, 7, 'xfjkpypuqf', 'fcrdnu@zpepeg.com', '46.161.41.199', 3),
(37, 5, 21, 'gathmuytz', 'ftvrhh@gpxjzi.com', '46.161.41.199', 3),
(38, 14, 78, 'vkxcdt', 'rzyamj@rxwcsl.com', '46.161.41.199', 3),
(39, 23, 45, 'Edwardon', 'jschexie@globalbox.gq', '46.246.80.244', 6),
(40, 22, 82, 'dvxcydfb', 'dbmdok@wnbkfr.com', '46.161.41.199', 3),
(41, 0, 113, 'sotybncpiqb', 'uhvqho@lmlhgr.com', '46.161.41.199', 3),
(42, 24, 83, 'uxjjzagcnd', 'jaadbw@jfmdxq.com', '46.161.41.199', 3),
(43, 7, 77, 'gzduipcbake', 'finlsv@kfrkyo.com', '146.185.234.48', 3),
(44, 7, 77, 'gmflgker', 'gjzuha@zrgkin.com', '146.185.234.48', 3),
(45, 7, 77, 'fsxmlht', 'quvuxc@eglqnr.com', '146.185.234.48', 3),
(46, 25, 7, 'RobertSt', 'sventato@cableus.ml', '46.246.82.15', 3),
(47, 16, 20, 'xmjurlwtas', 'dijlqz@otpkpc.com', '146.185.234.48', 3),
(48, 7, 77, 'kwbatxlvzt', 'pradfx@xomhvg.com', '146.185.234.48', 3),
(49, 0, 150, 'Yormmy', 'we5olfwta58@hotmail.com', '46.237.227.199', 1),
(50, 4, 50, 'Mark', 'mark357177@hotmail.com', '188.143.232.13', 3);

-- --------------------------------------------------------

--
-- Table structure for table `ndfb_ns_downloads_table_form`
--

CREATE TABLE IF NOT EXISTS `ndfb_ns_downloads_table_form` (
`tid` int(5) NOT NULL,
  `id` int(5) NOT NULL DEFAULT '0',
  `width` int(3) NOT NULL DEFAULT '0',
  `cpad` int(3) NOT NULL DEFAULT '0',
  `cspace` int(3) NOT NULL DEFAULT '0',
  `align` int(3) NOT NULL DEFAULT '0',
  `bdr` int(3) NOT NULL DEFAULT '0',
  `bdrclr` varchar(10) NOT NULL DEFAULT '',
  `trclr` varchar(10) NOT NULL DEFAULT '',
  `tdclr` varchar(10) NOT NULL DEFAULT '',
  `bgclr` varchar(10) NOT NULL DEFAULT '',
  `bgimg` varchar(100) NOT NULL DEFAULT '',
  `act` tinyint(1) NOT NULL DEFAULT '0'
) ENGINE=MyISAM DEFAULT CHARSET=latin1 AUTO_INCREMENT=1 ;

-- --------------------------------------------------------

--
-- Table structure for table `ndfb_ns_downloads_table_html`
--

CREATE TABLE IF NOT EXISTS `ndfb_ns_downloads_table_html` (
`thid` int(5) NOT NULL,
  `id` int(5) NOT NULL DEFAULT '0',
  `html_open` text NOT NULL,
  `html_close` text NOT NULL,
  `act` tinyint(1) NOT NULL DEFAULT '0'
) ENGINE=MyISAM DEFAULT CHARSET=latin1 AUTO_INCREMENT=1 ;

-- --------------------------------------------------------

--
-- Table structure for table `ndfb_ns_downloads_theme`
--

CREATE TABLE IF NOT EXISTS `ndfb_ns_downloads_theme` (
`id` int(5) NOT NULL,
  `name` varchar(50) NOT NULL DEFAULT ''
) ENGINE=MyISAM  DEFAULT CHARSET=latin1 AUTO_INCREMENT=2 ;

--
-- Dumping data for table `ndfb_ns_downloads_theme`
--

INSERT INTO `ndfb_ns_downloads_theme` (`id`, `name`) VALUES
(1, 'XD-DarkSyde');

-- --------------------------------------------------------

--
-- Table structure for table `ndfb_ns_downloads_theme_mode`
--

CREATE TABLE IF NOT EXISTS `ndfb_ns_downloads_theme_mode` (
  `id` int(5) NOT NULL DEFAULT '0',
  `mode` tinyint(1) NOT NULL DEFAULT '0',
  `mset` tinyint(1) NOT NULL DEFAULT '0'
) ENGINE=MyISAM DEFAULT CHARSET=latin1;

--
-- Dumping data for table `ndfb_ns_downloads_theme_mode`
--

INSERT INTO `ndfb_ns_downloads_theme_mode` (`id`, `mode`, `mset`) VALUES
(1, 1, 1);

-- --------------------------------------------------------

--
-- Table structure for table `ndfb_ns_downloads_upload`
--

CREATE TABLE IF NOT EXISTS `ndfb_ns_downloads_upload` (
  `ns_dl_file_dir` varchar(150) NOT NULL DEFAULT '',
  `ns_dl_image_dir` varchar(150) NOT NULL DEFAULT '',
  `ns_dl_allow_file` tinyint(1) NOT NULL DEFAULT '0',
  `ns_dl_allow_img` tinyint(1) NOT NULL DEFAULT '0',
  `ns_dl_file_size` int(15) NOT NULL DEFAULT '0',
  `ns_dl_image_size` int(15) NOT NULL DEFAULT '0',
  `ns_dl_file_ext` varchar(255) NOT NULL DEFAULT '',
  `ns_dl_image_ext` varchar(255) NOT NULL DEFAULT '',
  `ns_dl_use_resize` tinyint(1) NOT NULL DEFAULT '0',
  `ns_dl_netpath` varchar(150) NOT NULL DEFAULT ''
) ENGINE=MyISAM DEFAULT CHARSET=latin1;

--
-- Dumping data for table `ndfb_ns_downloads_upload`
--

INSERT INTO `ndfb_ns_downloads_upload` (`ns_dl_file_dir`, `ns_dl_image_dir`, `ns_dl_allow_file`, `ns_dl_allow_img`, `ns_dl_file_size`, `ns_dl_image_size`, `ns_dl_file_ext`, `ns_dl_image_ext`, `ns_dl_use_resize`, `ns_dl_netpath`) VALUES
('fileuploads', 'imageuploads', 1, 1, 2560000, 25600, 'zip tar tgz txt doc pdf gz rar', 'gif jpg jpeg png bmp tif', 0, 'includes/netpbm/');

-- --------------------------------------------------------

--
-- Table structure for table `ndfb_nxp_botlist`
--

CREATE TABLE IF NOT EXISTS `ndfb_nxp_botlist` (
`nxp_botlist_id` int(11) NOT NULL,
  `nxp_botlist_agen` varchar(255) NOT NULL DEFAULT '',
  `nxp_botlist_name` varchar(255) NOT NULL DEFAULT '',
  `nxp_botlist_vers` int(5) NOT NULL DEFAULT '0',
  `nxp_botlist_site` varchar(255) NOT NULL DEFAULT ''
) ENGINE=MyISAM  DEFAULT CHARSET=latin1 AUTO_INCREMENT=438 ;

--
-- Dumping data for table `ndfb_nxp_botlist`
--

INSERT INTO `ndfb_nxp_botlist` (`nxp_botlist_id`, `nxp_botlist_agen`, `nxp_botlist_name`, `nxp_botlist_vers`, `nxp_botlist_site`) VALUES
(1, 'abcdatos botlink', 'ABCdatos BotLink', 1, '\r\n'),
(2, 'acme.spider', 'Acme Spider', 1, '\r\n'),
(3, 'ahoythehomepagefinder', 'Ahoy!', 1, '\r\n'),
(4, 'alkaline', 'Alkaline', 1, '\r\n'),
(5, 'ananzi', 'Ananzi', 1, '\r\n'),
(6, 'antibot', 'Anti Bot', 1, '\r\n'),
(7, 'appie', 'Appie', 1, '\r\n'),
(8, 'arachnophilia', 'Arachnophilia', 1, '\r\n'),
(9, 'arale', 'Arale', 1, '\r\n'),
(10, 'araneo', 'Araneo', 1, '\r\n'),
(11, 'araybot', 'AraybOt', 1, '\r\n'),
(12, 'architext', 'Architext', 1, '\r\n'),
(13, 'aretha', 'Aretha', 1, '\r\n'),
(14, 'ariadne', 'Ariadne', 1, '\r\n'),
(15, 'arks', 'Arks', 1, '\r\n'),
(16, 'askjeeves', 'Ask Jeeves', 1, '\r\n'),
(17, 'aspider', 'A Spider', 1, '\r\n'),
(18, 'atn.txt', 'Atn Worldwide', 1, '\r\n'),
(19, 'atomz', 'Atomz.Com', 1, '\r\n'),
(20, 'auresys', 'Auresys', 1, '\r\n'),
(21, 'awbot', 'Aw Bot', 1, '\r\n'),
(22, 'backrub', 'Backrub', 1, '\r\n'),
(23, 'bbot', 'BBot', 1, '\r\n'),
(24, 'bigbrother', 'Big Brother', 1, '\r\n'),
(25, 'bjaaland', 'Bjaaland', 1, '\r\n'),
(26, 'blackwidow', 'BlackWidow', 1, '\r\n'),
(27, 'blindekuh', 'Blindekuh', 1, '\r\n'),
(28, 'bloodhound', 'Bloodhound', 1, '\r\n'),
(29, 'bobby', 'Bobby', 1, '\r\n'),
(30, 'borg-bot', 'Borg-Bot', 1, '\r\n'),
(31, 'boris', 'Boris', 1, '\r\n'),
(32, 'brightnet caching robot', 'Bright.Net', 1, '\r\n'),
(33, 'bspider', 'BSpider', 1, '\r\n'),
(34, 'bumblebee', 'Bumble Bee', 1, '\r\n'),
(35, 'cactvschemistryspider', 'Cactvs Chemistry', 1, '\r\n'),
(36, 'calif', 'Calif', 1, '\r\n'),
(37, 'cassandra', 'Cassandra', 1, '\r\n'),
(38, 'cgireader', 'Cgireader', 1, '\r\n'),
(39, 'checkbot', 'Check Bot', 1, '\r\n'),
(40, 'christcrawler.com', 'ChristCrawler.com', 1, '\r\n'),
(41, 'churl', 'Churl', 1, '\r\n'),
(42, 'cienciaficcion.net', 'cIeNcIaFiCcIoN.nEt', 1, '\r\n'),
(43, 'cmc', 'Cmc', 1, '\r\n'),
(44, 'collective', 'Collective', 1, '\r\n'),
(45, 'combine', 'Combine System', 1, '\r\n'),
(46, 'computingsite robi/1.0', 'Computingsite Robi', 1, '\r\n'),
(47, 'conceptbot', 'Concept Bot', 1, '\r\n'),
(48, 'confuzzledbot', 'Confuzzled Bot', 1, '\r\n'),
(49, 'coolbot', 'Cool Bot', 1, '\r\n'),
(50, 'core', 'Core', 1, '\r\n'),
(51, 'cosmos', 'Cosmos', 1, '\r\n'),
(52, 'crawl', 'Crawl', 1, '\r\n'),
(53, 'cruiser', 'Cruiser', 1, '\r\n'),
(54, 'cscrawler', 'Cscrawler', 1, '\r\n'),
(55, 'cusco', 'Cusco', 1, '\r\n'),
(56, 'cyberspyder', 'Cyber Spyder', 1, '\r\n'),
(57, 'cydralspider', 'Cydral Spider', 1, '\r\n'),
(58, 'daviesbot', 'Davies Bot', 1, '\r\n'),
(59, 'desert realm spider', 'Desert Realm Spider', 1, '\r\n'),
(60, 'deweb', 'DeWeb(c) Katalog/Index', 1, '\r\n'),
(61, 'deweb(c) katalog/index', 'DeWeb(c) Katalog/Index', 1, '\r\n'),
(62, 'die blinde kuh', 'Die Blinde Kuh', 1, '\r\n'),
(63, 'dienstspider', 'Dienst Spider', 1, '\r\n'),
(64, 'digger', 'Digger', 1, '\r\n'),
(65, 'digimarc marcspider', 'Digimarc MarcSpider', 1, '\r\n'),
(66, 'digimarc marcspider/cgi', 'Digimarc Marcspider/CGI', 1, '\r\n'),
(67, 'digital integrity robot', 'Digital Integrity Robot', 1, '\r\n'),
(68, 'digout4u', 'Digout4u', 1, '\r\n'),
(69, 'diibot', 'Dii Bot', 1, '\r\n'),
(70, 'directhit', 'Direct Hit Grabber', 1, '\r\n'),
(71, 'dnabot', 'Dna Bot', 1, '\r\n'),
(72, 'download_express', 'DownLoad Express', 1, '\r\n'),
(73, 'dragonbot', 'Dragon Bot', 1, '\r\n'),
(74, 'dwcp', 'Dridus Web Cataloging', 1, '\r\n'),
(75, 'ebiness', 'EbiNess', 1, '\r\n'),
(76, 'echo', 'Echo Bot', 1, '\r\n'),
(77, 'e-collector', 'E-Collector', 1, '\r\n'),
(78, 'eit', 'EIT Link Verifier Robot', 1, '\r\n'),
(79, 'elfinbot', 'ELFIN BOT', 1, '\r\n'),
(80, 'emacs', 'Emacs-w3 Search Engine', 1, '\r\n'),
(81, 'emcspider', 'Emc Spider', 1, '\r\n'),
(82, 'esculapio', 'Esculapio', 1, '\r\n'),
(83, 'esther', 'Esther', 1, '\r\n'),
(84, 'evliyacelebi', 'Evliya Celebi', 1, '\r\n'),
(85, 'ezresult', 'Ezresult', 1, '\r\n'),
(86, 'fastcrawler', 'Fast Crawler', 1, '\r\n'),
(87, 'fast-webcrawler', 'Fast-Web Crawler', 1, '\r\n'),
(88, 'fdse', 'Fdse', 1, '\r\n'),
(89, 'felix', 'Felix IDE', 1, '\r\n'),
(90, 'ferret', 'Ferret', 1, '\r\n'),
(91, 'fetchrover', 'Fetch Rover', 1, '\r\n'),
(92, 'fido', 'Fido', 1, '\r\n'),
(93, 'finnish', 'Finnish', 1, '\r\n'),
(94, 'fireball', 'Fireball', 1, '\r\n'),
(95, 'fish search', 'Fish search', 1, '\r\n'),
(96, 'fluid dynamics search engine robot', 'Fluid Dynamics Robot', 1, '\r\n'),
(97, 'fouineur', 'Fouineur', 1, '\r\n'),
(98, 'francoroute', 'Franco Route', 1, '\r\n'),
(99, 'freecrawl', 'Free Crawl', 1, '\r\n'),
(100, 'funnelweb', 'FunnelWeb', 1, '\r\n'),
(101, 'gama', 'Gamma Spider Focused', 1, '\r\n'),
(102, 'gazz', 'Gazz', 1, '\r\n'),
(103, 'gcreep', 'GCreep', 1, '\r\n'),
(104, 'getbot', 'GetBot', 1, '\r\n'),
(105, 'getterroboplus puu', 'GetterroboPlus Puu', 1, '\r\n'),
(106, 'geturl', 'GetURL', 1, '\r\n'),
(107, 'gigabot', 'Giga Bot', 1, '\r\n'),
(108, 'gnodspider', 'Gnod Spider', 1, '\r\n'),
(109, 'golem', 'Golem', 1, '\r\n'),
(110, 'googlebot', 'Google Bot', 1, 'http://www.google.com\r\n'),
(111, 'grapnel', 'Grapnel', 1, '\r\n'),
(112, 'grapnel/0.01 experiment', 'Grapnel Experiment', 1, '\r\n'),
(113, 'griffon', 'Griffon', 1, '\r\n'),
(114, 'gromit', 'Gromit', 1, '\r\n'),
(115, 'gulliver', 'Gulliver', 1, '\r\n'),
(116, 'gulper bot', 'Gulper Bot', 1, '\r\n'),
(117, 'hämähäkki', 'Hämähäkki', 1, '\r\n'),
(118, 'hambot', 'Ham Bot', 1, '\r\n'),
(119, 'harvest', 'Harvest', 1, '\r\n'),
(120, 'havindex', 'Havindex', 1, '\r\n'),
(121, 'hi (html index) search', 'HI (HTML Index) Search', 1, '\r\n'),
(122, 'hku www octopus', 'HKU WWW Octopus', 1, '\r\n'),
(123, 'hometown spider pro', 'Hometown Spider Pro', 1, '\r\n'),
(124, 'ht://dig', 'ht://Dig', 1, '\r\n'),
(125, 'htdig', 'Htdig', 1, '\r\n'),
(126, 'html_analyzer', 'html_analyzer', 1, '\r\n'),
(127, 'htmlgobble', 'HTMLgobble', 1, '\r\n'),
(128, 'hyper-decontextualizer', 'Hyper-Decontextualizer', 1, '\r\n'),
(129, 'i robot', 'I Robot', 1, '\r\n'),
(130, 'ia_archiver', 'Ia_Archiver', 1, '\r\n'),
(131, 'iajabot', 'Iaja Bot', 1, '\r\n'),
(132, 'ibm', 'Ibm', 1, '\r\n'),
(133, 'ibm_planetwide', 'IBM_Planetwide', 1, '\r\n'),
(134, 'iconoclast', 'Iconoclast', 1, '\r\n'),
(135, 'ilse', 'Ilse', 1, '\r\n'),
(136, 'image.kapsi.net', 'image.kapsi.net', 1, '\r\n'),
(137, 'imagelock', 'Imagelock', 1, '\r\n'),
(138, 'incywincy', 'Incy Wincy', 1, '\r\n'),
(139, 'informant', 'Informant', 1, '\r\n'),
(140, 'infoseek robot 1.0', 'InfoSeek Robot 1.0', 1, '\r\n'),
(141, 'infoseek sidewinder', 'Infoseek Sidewinder', 1, '\r\n'),
(142, 'infospider', 'Info Spider', 1, '\r\n'),
(143, 'infospiders', 'Info Spiders', 1, '\r\n'),
(144, 'ingrid', 'Ingrid', 1, '\r\n'),
(145, 'inktomi slurp', 'Inktomi Slurp', 1, '\r\n'),
(146, 'inspector web', 'Inspector Web', 1, '\r\n'),
(147, 'inspectorwww', 'Inspectorwww', 1, '\r\n'),
(148, 'intelliagent', 'IntelliAgent', 1, '\r\n'),
(149, 'internet cruiser robot', 'Internet Cruiser Robot', 1, '\r\n'),
(150, 'internet shinchakubin', 'Internet Shinchakubin', 1, '\r\n'),
(151, 'internetseer', 'Internetseer', 1, '\r\n'),
(152, 'irobot', 'Iro Bot', 1, '\r\n'),
(153, 'iron33', 'Iron33', 1, '\r\n'),
(154, 'israelisearch', 'Israelisearch', 1, '\r\n'),
(155, 'israeli-search', 'Israeli-search', 1, '\r\n'),
(156, 'javabee', 'JavaBee', 1, '\r\n'),
(157, 'jbot', 'J Bot', 1, '\r\n'),
(158, 'jbot java web robot', 'JBot Java Web Robot', 1, '\r\n'),
(159, 'jcrawler', 'JCrawler', 1, '\r\n'),
(160, 'jeeves', 'Jeeves', 1, '\r\n'),
(161, 'jennybot', 'Jenny Bot', 1, '\r\n'),
(162, 'jobo', 'Jobo', 1, '\r\n'),
(163, 'jobo java web robot', 'JoBo Java Web Robot', 1, '\r\n'),
(164, 'jobot', 'Jobot', 1, '\r\n'),
(165, 'joebot', 'Joe Bot', 1, '\r\n'),
(166, 'jubii', 'Jubii', 1, '\r\n'),
(167, 'jumpstation', 'JumpStation', 1, '\r\n'),
(168, 'justview', 'Justview', 1, '\r\n'),
(169, 'katipo', 'Katipo', 1, '\r\n'),
(170, 'katipo', 'Katipo', 1, '\r\n'),
(171, 'kdd', 'Kdd', 1, '\r\n'),
(172, 'kdd-explorer', 'KDD-Explorer', 1, '\r\n'),
(173, 'kilroy', 'Kilroy', 1, '\r\n'),
(174, 'kilroy', 'Kilroy', 1, '\r\n'),
(175, 'kit-fireball', 'KIT-Fireball', 1, '\r\n'),
(176, 'ko_yappo_robot', 'KO Yappo Robot', 1, '\r\n'),
(177, 'labelgrabber', 'LabelGrabber', 1, '\r\n'),
(178, 'labelgrabber.txt', 'Labelgrabber.Txt', 1, '\r\n'),
(179, 'larbin', 'Larbin', 1, '\r\n'),
(180, 'legs', 'Legs', 1, '\r\n'),
(181, 'link validator', 'Link Validator', 1, '\r\n'),
(182, 'linkbot', 'Link Bot', 1, '\r\n'),
(183, 'linkchecker', 'Linkchecker', 1, '\r\n'),
(184, 'linkidator', 'Linkidator', 1, '\r\n'),
(185, 'linkscan', 'LinkScan', 1, '\r\n'),
(186, 'linkwalker', 'LinkWalker', 1, '\r\n'),
(187, 'lockon', 'Lockon', 1, '\r\n'),
(188, 'logo.gif crawler', 'logo.gif Crawler', 1, '\r\n'),
(189, 'logo_gif', 'Logo_Gif', 1, '\r\n'),
(190, 'lycos', 'Lycos', 1, '\r\n'),
(191, 'mac wwwworm', 'Mac WWWWorm', 1, '\r\n'),
(192, 'macworm', 'Macworm', 1, '\r\n'),
(193, 'magpie', 'Magpie', 1, '\r\n'),
(194, 'marvin', 'Marvin', 1, '\r\n'),
(195, 'marvin/infoseek', 'marvin/infoseek', 1, '\r\n'),
(196, 'mattie', 'Mattie', 1, '\r\n'),
(197, 'mediafox', 'MediaFox', 1, '\r\n'),
(198, 'mercator', 'Mercator', 1, '\r\n'),
(199, 'merzscope', 'Merzscope', 1, '\r\n'),
(200, 'merzscope', 'MerzScope', 1, '\r\n'),
(201, 'meshexplorer', 'Meshexplorer', 1, '\r\n'),
(202, 'mindcrawler', 'MindCrawler', 1, '\r\n'),
(203, 'mnogosearch search engine software', 'mnoGoSearch search engine software', 1, '\r\n'),
(204, 'moget', 'Moget', 1, '\r\n'),
(205, 'momspider', 'Mom Spider', 1, '\r\n'),
(206, 'monster', 'Monster', 1, '\r\n'),
(207, 'motor', 'Motor', 1, '\r\n'),
(208, 'msnbot', 'MSN Bot', 1, '\r\n'),
(209, 'muncher', 'Muncher', 1, '\r\n'),
(210, 'muninn', 'Muninn', 1, '\r\n'),
(211, 'muscat ferret', 'Muscat Ferret', 1, '\r\n'),
(212, 'muscatferret', 'Muscatferret', 1, '\r\n'),
(213, 'mwd.search', 'Mwd.Search', 1, '\r\n'),
(214, 'mwdsearch', 'Mwdsearch', 1, '\r\n'),
(215, 'myweb', 'Myweb', 1, '\r\n'),
(216, 'ndspider', 'NDSpider', 1, '\r\n'),
(217, 'nec-meshexplorer', 'NEC-MeshExplorer', 1, '\r\n'),
(218, 'nederland.zoek', 'Nederland.Zoek', 1, '\r\n'),
(219, 'netcarta webmap engine', 'NetCarta WebMap Engine', 1, '\r\n'),
(220, 'netcraft', 'Netcraft', 1, '\r\n'),
(221, 'netmechanic', 'NetMechanic', 1, '\r\n'),
(222, 'netscoop', 'NetScoop', 1, '\r\n'),
(223, 'newscan-online', 'Newscan-Online', 1, '\r\n'),
(224, 'nhse', 'Nhse', 1, '\r\n'),
(225, 'nhse web forager', 'NHSE Web Forager', 1, '\r\n'),
(226, 'nomad', 'Nomad', 1, '\r\n'),
(227, 'northern light gulliver', 'Northern Light Gulliver', 1, '\r\n'),
(228, 'northstar', 'Northstar', 1, '\r\n'),
(229, 'nzexplorer', 'Nzexplorer', 1, '\r\n'),
(230, 'objectssearch', 'Objects Search', 1, '\r\n'),
(231, 'occam', 'Occam', 1, '\r\n'),
(232, 'octopus', 'Octopus', 1, '\r\n'),
(233, 'openfind data gatherer', 'Openfind data gatherer', 1, '\r\n'),
(234, 'orb search', 'Orb Search', 1, '\r\n'),
(235, 'pack rat', 'Pack Rat', 1, '\r\n'),
(236, 'pageboy', 'PageBoy', 1, '\r\n'),
(237, 'parasite', 'ParaSite', 1, '\r\n'),
(238, 'patric', 'Patric', 1, '\r\n'),
(239, 'pegasus', 'Pegasus', 1, '\r\n'),
(240, 'perignator', 'Perignator', 1, '\r\n'),
(241, 'perlcrawler', 'Perlcrawler', 1, '\r\n'),
(242, 'perlcrawler 1.0', 'PerlCrawler 1.0', 1, '\r\n'),
(243, 'perman', 'Perman', 1, '\r\n'),
(244, 'petersnews', 'Petersnews', 1, '\r\n'),
(245, 'pgp key agent', 'PGP Key Agent', 1, '\r\n'),
(246, 'phantom', 'Phantom', 1, '\r\n'),
(247, 'phpdig', 'PhpDig', 1, '\r\n'),
(248, 'piltdownman', 'Piltdownman', 1, '\r\n'),
(249, 'piltdownman', 'PiltdownMan', 1, '\r\n'),
(250, 'pimptrain.com''s robot', 'Pimptrain.com''s robot', 1, '\r\n'),
(251, 'pioneer', 'Pioneer', 1, '\r\n'),
(252, 'pioneer', 'Pioneer', 1, '\r\n'),
(253, 'pitkow', 'Pitkow', 1, '\r\n'),
(254, 'pjspider', 'Pj Spider', 1, '\r\n'),
(255, 'pka', 'Pka', 1, '\r\n'),
(256, 'plumtreewebaccessor', 'PlumtreeWebAccessor', 1, '\r\n'),
(257, 'pompos', 'Pompos', 1, '\r\n'),
(258, 'poppi', 'Poppi', 1, '\r\n'),
(259, 'popular iconoclast', 'Popular Iconoclast', 1, '\r\n'),
(260, 'portal juice spider', 'Portal Juice Spider', 1, '\r\n'),
(261, 'portalb', 'Portalb', 1, '\r\n'),
(262, 'portalb spider', 'PortalB Spider', 1, '\r\n'),
(263, 'psbot', 'PS Bot', 1, '\r\n'),
(264, 'puu', 'Puu', 1, '\r\n'),
(265, 'python', 'Python', 1, '\r\n'),
(266, 'raven search', 'Raven Search', 1, '\r\n'),
(267, 'rbse spider', 'RBSE Spider', 1, '\r\n'),
(268, 'redalert', 'Redalert', 1, '\r\n'),
(269, 'resume robot', 'Resume Robot', 1, '\r\n'),
(270, 'resumerobot', 'Resumero Bot', 1, '\r\n'),
(271, 'rhcs', 'Rhcs', 1, '\r\n'),
(272, 'rixbot', 'RixBot', 1, '\r\n'),
(273, 'road runner: the imagescape robot', 'Road Runner: The ImageScape Robot', 1, '\r\n'),
(274, 'roadhouse crawling system', 'RoadHouse Crawling System', 1, '\r\n'),
(275, 'roadrunner', 'Roadrunner', 1, '\r\n'),
(276, 'robbie the robot', 'Robbie the Robot', 1, '\r\n'),
(277, 'robi', 'Robi', 1, '\r\n'),
(278, 'robocrawl spider', 'RoboCrawl Spider', 1, '\r\n'),
(279, 'robofox', 'RoboFox', 1, '\r\n'),
(280, 'robot', 'Ro Bot', 1, '\r\n'),
(281, 'robot francoroute', 'Robot Francoroute', 1, '\r\n'),
(282, 'robozilla', 'Robozilla', 1, '\r\n'),
(283, 'roverbot', 'Rover Bot', 1, '\r\n'),
(284, 'rules', 'RuLeS', 1, '\r\n'),
(285, 'safetynet robot', 'SafetyNet Robot', 1, '\r\n'),
(286, 'scooter', 'Scooter', 1, '\r\n'),
(287, 'search_au', 'Search.Au', 1, '\r\n'),
(288, 'searchprocess', 'SearchProcess', 1, '\r\n'),
(289, 'senrigan', 'Senrigan', 1, '\r\n'),
(290, 'sgscout', 'Sgscout', 1, '\r\n'),
(291, 'sg-scout', 'SG-Scout', 1, '\r\n'),
(292, 'shaggy', 'Shaggy', 1, '\r\n'),
(293, 'shagseeker', 'ShagSeeker', 1, '\r\n'),
(294, 'shaihulud', 'Shaihulud', 1, '\r\n'),
(295, 'shai''hulud', 'Shai''Hulud', 1, '\r\n'),
(296, 'shoutcast', 'Shoutcast', 1, '\r\n'),
(297, 'sift', 'Sift', 1, '\r\n'),
(298, 'sift', 'Sift', 1, '\r\n'),
(299, 'simbot', 'Sim Bot', 1, '\r\n'),
(300, 'simmany robot ver1.0', 'Simmany Robot Ver1.0', 1, '\r\n'),
(301, 'site searcher', 'Site Searcher', 1, '\r\n'),
(302, 'site valet', 'Site Valet', 1, '\r\n'),
(303, 'sitegrabber', 'Sitegrabber', 1, '\r\n'),
(304, 'sitetech', 'Sitetech', 1, '\r\n'),
(305, 'sitetech-rover', 'SiteTech-Rover', 1, '\r\n'),
(306, 'site-valet', 'Site-Valet', 1, '\r\n'),
(307, 'skymob.com', 'Skymob.com', 1, '\r\n'),
(308, 'slcrawler', 'Slcrawler', 1, '\r\n'),
(309, 'slcrawler', 'SLCrawler', 1, '\r\n'),
(310, 'sleek', 'Sleek', 1, '\r\n'),
(311, 'slurp', 'Slurp', 1, '\r\n'),
(312, 'slysearch', 'Slysearch', 1, '\r\n'),
(313, 'smart spider', 'Smart Spider', 1, '\r\n'),
(314, 'snooper', 'Snooper', 1, '\r\n'),
(315, 'snooper', 'Snooper', 1, '\r\n'),
(316, 'solbot', 'Sol Bot', 1, '\r\n'),
(317, 'solbot', 'Solbot', 1, '\r\n'),
(318, 'spanner', 'Spanner', 1, '\r\n'),
(319, 'speedy', 'Speedy', 1, '\r\n'),
(320, 'speedy spider', 'Speedy Spider', 1, '\r\n'),
(321, 'spider_monkey', 'spider monkey', 1, '\r\n'),
(322, 'spiderbot', 'SpiderBot', 1, '\r\n'),
(323, 'spiderline', ' Spiderline', 1, '\r\n'),
(324, 'spiderline crawler', 'Spiderline Crawler', 1, '\r\n'),
(325, 'spiderman', 'SpiderMan', 1, '\r\n'),
(326, 'spiderview(tm)', 'SpiderView(tm)', 1, '\r\n'),
(327, 'spry wizard robot', 'Spry Wizard Robot', 1, '\r\n'),
(328, 'ssearcher', 'Ssearcher', 1, '\r\n'),
(329, 'suke', 'Suke', 1, '\r\n'),
(330, 'suntek', 'Suntek', 1, '\r\n'),
(331, 'suntek search engine', 'suntek search engine', 1, '\r\n'),
(332, 'surveybot', 'Survey Bot', 1, '\r\n'),
(333, 'sven', 'Sven', 1, '\r\n'),
(334, 'sygol', 'Sygol', 1, '\r\n'),
(335, 'tach black widow', 'TACH Black Widow', 1, '\r\n'),
(336, 'tach_bw', 'Tach_Bw', 1, '\r\n'),
(337, 'tarantula', 'Tarantula', 1, '\r\n'),
(338, 'tarspider', 'Tar Spider', 1, '\r\n'),
(339, 'tcl w3 robot', 'Tcl W3 Robot', 1, '\r\n'),
(340, 'techbot', 'Tech Bot', 1, '\r\n'),
(341, 'templeton', 'Templeton', 1, '\r\n'),
(342, 'teoma_agent1', 'Teoma_Agent1', 1, '\r\n'),
(343, 'the jubii indexing robot', 'The Jubii Indexing Robot', 1, '\r\n'),
(344, 'the northstar robot', 'The NorthStar Robot', 1, '\r\n'),
(345, 'the nwi robot', 'The NWI Robot', 1, '\r\n'),
(346, 'the peregrinator', 'The Peregrinator', 1, '\r\n'),
(347, 'the python robot', 'The Python Robot', 1, '\r\n'),
(348, 'the tkwww robot', 'The TkWWW Robot', 1, '\r\n'),
(349, 'the web moose', 'The Web Moose', 1, '\r\n'),
(350, 'the web wombat', 'The Web Wombat', 1, '\r\n'),
(351, 'the webfoot robot', 'The Webfoot Robot', 1, '\r\n'),
(352, 'the world wide web worm', 'The World Wide Web Worm', 1, '\r\n'),
(353, 'titan', 'TITAN', 1, '\r\n'),
(354, 'titin', 'TitIn', 1, '\r\n'),
(355, 'tkwww', 'Tkwww', 1, '\r\n'),
(356, 'tlspider', 'Tl Spider', 1, '\r\n'),
(357, 'ucsd crawl', 'UCSD Crawl', 1, '\r\n'),
(358, 'udmsearch', 'UdmSearch', 1, '\r\n'),
(359, 'ultraseek', 'Ultraseek', 1, '\r\n'),
(360, 'unlost_web_crawler', 'Unlost Web Crawler', 1, '\r\n'),
(361, 'unnamed', 'unnamed', 1, '\r\n'),
(362, 'uptimebot', 'UptimeBot', 1, '\r\n'),
(363, 'url check', 'URL Check', 1, '\r\n'),
(364, 'url spider pro', 'URL Spider Pro', 1, '\r\n'),
(365, 'urlck', 'Urlck', 1, '\r\n'),
(366, 'valkyrie', 'Valkyrie', 1, '\r\n'),
(367, 'verticrawl', 'Verticrawl', 1, '\r\n'),
(368, 'victoria', 'Victoria', 1, '\r\n'),
(369, 'visionsearch', 'Visionsearch', 1, '\r\n'),
(370, 'vision-search', 'vision-search', 1, '\r\n'),
(371, 'void-bot', 'void-bot', 1, '\r\n'),
(372, 'voila', 'Voila', 1, '\r\n'),
(373, 'voyager', 'Voyager', 1, '\r\n'),
(374, 'vwbot', 'Vw Bot', 1, '\r\n'),
(375, 'vwbot', 'VWbot', 1, '\r\n'),
(376, 'w@pspider by wap4.com', 'w@pSpider by wap4.com', 1, '\r\n'),
(377, 'w3index', 'W3index', 1, '\r\n'),
(378, 'w3m2', 'W3M2', 1, '\r\n'),
(379, 'w3mir', 'w3mir', 1, '\r\n'),
(380, 'walhello appie', 'Walhello appie', 1, '\r\n'),
(381, 'wallpaper', 'Wallpaper', 1, '\r\n'),
(382, 'wallpaper (alias crawlpaper)', 'WallPaper (alias crawlpaper)', 1, '\r\n'),
(383, 'wanderer', 'Wanderer', 1, '\r\n'),
(384, 'wapspider', 'Wap Spider', 1, '\r\n'),
(385, 'web core / roots', 'Web Core / Roots', 1, '\r\n'),
(386, 'webbandit web spider', 'WebBandit Web Spider', 1, '\r\n'),
(387, 'webbase', 'Webbase', 1, '\r\n'),
(388, 'webcatcher', 'WebCatcher', 1, '\r\n'),
(389, 'webcompass', 'Webcompass', 1, '\r\n'),
(390, 'webcopy', 'WebCopy', 1, '\r\n'),
(391, 'webfetcher', 'webfetcher', 1, '\r\n'),
(392, 'webfoot', 'Webfoot', 1, '\r\n'),
(393, 'webinator', 'Webinator', 1, '\r\n'),
(394, 'weblayers', 'Weblayers', 1, '\r\n'),
(395, 'weblayers', 'weblayers', 1, '\r\n'),
(396, 'weblinker', 'WebLinker', 1, '\r\n'),
(397, 'weblog monitor', 'Weblog Monitor', 1, '\r\n'),
(398, 'webmirror', 'WebMirror', 1, '\r\n'),
(399, 'webmoose', 'Webmoose', 1, '\r\n'),
(400, 'webquest', 'WebQuest', 1, '\r\n'),
(401, 'webreaper', 'WebReaper', 1, '\r\n'),
(402, 'webs', 'webs', 1, '\r\n'),
(403, 'websnarf', 'Websnarf', 1, '\r\n'),
(404, 'webspider', 'WebSpider', 1, '\r\n'),
(405, 'webstolperer', 'WebStolperer', 1, '\r\n'),
(406, 'webvac', 'WebVac', 1, '\r\n'),
(407, 'webwalk', 'webwalk', 1, '\r\n'),
(408, 'webwalker', 'WebWalker', 1, '\r\n'),
(409, 'webwatch', 'WebWatch', 1, '\r\n'),
(410, 'webzinger', 'WebZinger', 1, '\r\n'),
(411, 'wget', 'Wget', 1, '\r\n'),
(412, 'whatuseek', 'Whatuseek', 1, '\r\n'),
(413, 'whatuseek winona', 'whatUseek Winona', 1, '\r\n'),
(414, 'whowhere', 'Whowhere', 1, '\r\n'),
(415, 'whowhere robot', 'WhoWhere Robot', 1, '\r\n'),
(416, 'wild ferret web hopper #1 #2 #3', 'Wild Ferret Web Hopper #1 #2 #3', 1, '\r\n'),
(417, 'wired digital', 'Wired Digital', 1, '\r\n'),
(418, 'wired-digital', 'Wired-Digital', 1, '\r\n'),
(419, 'wisenutbot', 'Wisenut Bot', 1, '\r\n'),
(420, 'wmir', 'Wmir', 1, '\r\n'),
(421, 'wolp', 'Wolp', 1, '\r\n'),
(422, 'wombat', 'Wombat', 1, '\r\n'),
(423, 'worm', 'Worm', 1, '\r\n'),
(424, 'wwwc', 'Wwwc', 1, '\r\n'),
(425, 'wz101', 'Wz101', 1, '\r\n'),
(426, 'xget', 'XGET', 1, '\r\n'),
(427, 'xyleme robot', 'XYLEME Robot', 1, '\r\n'),
(428, 'yandex', 'Yandex', 1, '\r\n'),
(429, 'exabot', 'Exabot', 1, '\r\n'),
(430, 'jetbot', 'Jet Bot', 1, '\r\n'),
(431, 'findlinks', 'Find Links', 1, '\r\n'),
(432, 'geckobot', 'Gecko Bot', 1, 'http://www.geckobot.com\r\n'),
(433, 'crazy browser', 'Crazy Browser', 1, 'http://www.crazybrowser.com/'),
(434, 'mediapartners-google', 'Google Mediapartners', 1, ''),
(435, 'mj12bot', 'MJ12bot', 1, ''),
(436, 'idbot', 'IDBot', 0, ''),
(437, '', '', 0, '');

-- --------------------------------------------------------

--
-- Table structure for table `ndfb_nxp_online`
--
-- in use(#144 - Table './dfbgaming@002ecom/ndfb_nxp_online' is marked as crashed and last (automatic?) repair failed)
-- Error reading data: (#144 - Table './dfbgaming@002ecom/ndfb_nxp_online' is marked as crashed and last (automatic?) repair failed)

-- --------------------------------------------------------

--
-- Table structure for table `ndfb_nxp_online_config`
--

CREATE TABLE IF NOT EXISTS `ndfb_nxp_online_config` (
  `nxp_online_config_name` varchar(255) NOT NULL DEFAULT '',
  `nxp_online_config_value` varchar(255) NOT NULL DEFAULT ''
) ENGINE=MyISAM DEFAULT CHARSET=latin1;

--
-- Dumping data for table `ndfb_nxp_online_config`
--

INSERT INTO `ndfb_nxp_online_config` (`nxp_online_config_name`, `nxp_online_config_value`) VALUES
('block_1', 'login'),
('block_1_perm', 'all'),
('block_2', 'userinfo'),
('block_2_perm', 'mem'),
('block_3', 'privmes'),
('block_3_perm', 'mem'),
('block_4', 'members'),
('block_4_perm', 'all'),
('block_5', 'none'),
('block_5_perm', 'all'),
('block_6', 'hits'),
('block_6_perm', 'all'),
('logi_regi', '1'),
('logi_admi', '1'),
('logi_logo', '1'),
('logi_copy', '1'),
('user_name', '1'),
('user_rank', '0'),
('user_avat', '1'),
('user_post', '1'),
('user_poin', '0'),
('user_prof', '1'),
('user_priv', '1'),
('user_logo', '1'),
('memb_acti', '1'),
('memb_newt', '1'),
('memb_newy', '1'),
('memb_tota', '1'),
('memb_late', '8'),
('onli_tota', '0'),
('onli_tota_hidd', '1'),
('onli_memb', '1'),
('onli_memb_numb', '0'),
('onli_memb_perc', '0'),
('onli_memb_data', '0'),
('onli_memb_name', '17'),
('onli_memb_icon', '0'),
('onli_memb_flag', '0'),
('onli_memb_flag_auto', '0'),
('onli_memb_loca', '17'),
('onli_hidd', '1'),
('onli_hidd_numb', '0'),
('onli_hidd_perc', '0'),
('onli_hidd_data', '0'),
('onli_hidd_name', '17'),
('onli_hidd_icon', '0'),
('onli_hidd_flag', '0'),
('onli_hidd_flag_auto', '0'),
('onli_hidd_loca', '17'),
('onli_gues', '1'),
('onli_gues_numb', '0'),
('onli_gues_perc', '0'),
('onli_gues_data', '0'),
('onli_gues_name', '0'),
('onli_gues_flag', '0'),
('onli_gues_loca', '17'),
('onli_spid', '1'),
('onli_spid_numb', '0'),
('onli_spid_perc', '0'),
('onli_spid_data', '0'),
('onli_spid_numb', '0'),
('onli_spid_flag', '0'),
('onli_spid_site', '0'),
('misc_past_time', '600'),
('misc_modu_name', 'Admin Section'),
('onli_hits_today', '1'),
('onli_hits_yesterday', '1'),
('onli_hits_total', '1'),
('', '');

-- --------------------------------------------------------

--
-- Table structure for table `ndfb_nxp_online_icons`
--

CREATE TABLE IF NOT EXISTS `ndfb_nxp_online_icons` (
`nxp_online_icon_id` int(5) NOT NULL,
  `nxp_online_icon_username` varchar(50) NOT NULL DEFAULT '',
  `nxp_online_icon_image` varchar(50) NOT NULL DEFAULT ''
) ENGINE=MyISAM DEFAULT CHARSET=latin1 AUTO_INCREMENT=1 ;

-- --------------------------------------------------------

--
-- Table structure for table `ndfb_nxp_online_iplookup`
--

CREATE TABLE IF NOT EXISTS `ndfb_nxp_online_iplookup` (
  `ip_from` int(10) unsigned NOT NULL DEFAULT '0',
  `ip_to` int(10) unsigned NOT NULL DEFAULT '0',
  `country` varchar(50) NOT NULL DEFAULT ''
) ENGINE=MyISAM DEFAULT CHARSET=latin1;

-- --------------------------------------------------------

--
-- Table structure for table `ndfb_optimize_gain`
--

CREATE TABLE IF NOT EXISTS `ndfb_optimize_gain` (
  `gain` decimal(10,3) DEFAULT NULL
) ENGINE=MyISAM DEFAULT CHARSET=utf8;

--
-- Dumping data for table `ndfb_optimize_gain`
--

INSERT INTO `ndfb_optimize_gain` (`gain`) VALUES
('3.359'),
('68.438'),
('266.525'),
('3568.637'),
('2342.949'),
('5244.890'),
('131.818'),
('1632.990'),
('209.310'),
('963.696'),
('2769.418'),
('986.119'),
('429.129'),
('346.076'),
('55.600'),
('32.232'),
('92.969'),
('111.193'),
('0.471'),
('1888.758'),
('764.455'),
('102.985'),
('1771.426'),
('1.766'),
('21.275'),
('13246.129'),
('827.512'),
('2498.637'),
('2881.176'),
('7712.328'),
('395.184'),
('116.543'),
('204.375'),
('963.941'),
('421.732'),
('1566.768'),
('270.596'),
('715.639'),
('525.689'),
('1673.863'),
('1287.557'),
('244.488'),
('9999999.999'),
('9999999.999'),
('0.000'),
('0.000'),
('0.000'),
('0.000'),
('0.000');

-- --------------------------------------------------------

--
-- Table structure for table `ndfb_pages`
--

CREATE TABLE IF NOT EXISTS `ndfb_pages` (
`pid` int(10) NOT NULL,
  `cid` int(10) NOT NULL DEFAULT '0',
  `title` varchar(255) NOT NULL DEFAULT '',
  `subtitle` varchar(255) NOT NULL DEFAULT '',
  `active` int(1) NOT NULL DEFAULT '0',
  `page_header` text NOT NULL,
  `text` text NOT NULL,
  `page_footer` text NOT NULL,
  `signature` text NOT NULL,
  `date` datetime NOT NULL DEFAULT '0000-00-00 00:00:00',
  `counter` int(10) NOT NULL DEFAULT '0',
  `clanguage` varchar(30) NOT NULL DEFAULT ''
) ENGINE=MyISAM DEFAULT CHARSET=utf8 AUTO_INCREMENT=1 ;

-- --------------------------------------------------------

--
-- Table structure for table `ndfb_pages_categories`
--

CREATE TABLE IF NOT EXISTS `ndfb_pages_categories` (
`cid` int(10) NOT NULL,
  `title` varchar(255) NOT NULL DEFAULT '',
  `description` text NOT NULL
) ENGINE=MyISAM DEFAULT CHARSET=utf8 AUTO_INCREMENT=1 ;

-- --------------------------------------------------------

--
-- Table structure for table `ndfb_pollcomments`
--

CREATE TABLE IF NOT EXISTS `ndfb_pollcomments` (
`tid` int(11) NOT NULL,
  `pid` int(11) NOT NULL DEFAULT '0',
  `pollID` int(11) NOT NULL DEFAULT '0',
  `date` datetime DEFAULT NULL,
  `name` varchar(60) NOT NULL DEFAULT '',
  `email` varchar(60) DEFAULT NULL,
  `url` varchar(60) DEFAULT NULL,
  `host_name` varchar(60) DEFAULT NULL,
  `subject` varchar(60) NOT NULL DEFAULT '',
  `comment` text NOT NULL,
  `score` tinyint(4) NOT NULL DEFAULT '0',
  `reason` tinyint(4) NOT NULL DEFAULT '0'
) ENGINE=MyISAM  DEFAULT CHARSET=utf8 AUTO_INCREMENT=113 ;

--
-- Dumping data for table `ndfb_pollcomments`
--

INSERT INTO `ndfb_pollcomments` (`tid`, `pid`, `pollID`, `date`, `name`, `email`, `url`, `host_name`, `subject`, `comment`, `score`, `reason`) VALUES
(1, 0, 1, '2005-08-28 00:47:43', 'Cali', '', '', '69.226.64.187', 'Re: What do you think about this site?', 'Great job Matt it RAWKS!!!! :-)', 1, 0),
(2, 0, 3, '2005-10-04 23:18:40', 'pitchblack', '', 'http://', '204.210.183.145', 'Re: What do you think of the new site theme?', 'I really like it.  You are talking about the "Don''t Fuckin Blink" right??<br />\r\nIf so the only thing I see a problem with is, if you look at like this "dfbutclan",  it looks like it reads "df but clan".  I''m not sure how good that is.   Just an observation.    What do you think?', 1, 0),
(3, 2, 3, '2005-10-05 15:39:56', 'MattMan', '', '', '72.226.94.58', 'Re: What do you think of the new site theme?', 'lmao @ df but clan', 1, 0),
(4, 0, 7, '2006-01-18 19:17:39', 'squirrel', '', '', '68.127.92.148', 'Re: Playa of the month for Jan', 'Glimmer deserves to win lol!i think Noc does though also lol =)', 1, 0),
(5, 2, 3, '2006-01-21 00:22:31', 'parker', '', '', '67.181.211.186', 'Re: What do you think of the new site theme?', 'ITS SO COOL IT KIKS ASS<br />\r\n', 1, 0),
(6, 0, 8, '2006-02-25 12:05:43', 'parker', '', '', '67.181.211.186', 'Re: Playa of the month for Feb', 'i am god dam loosing in the pols', 1, 0),
(7, 0, 9, '2006-03-03 14:59:16', 'MIRTsnyper1488', '', 'http://www.mirtclan.com', '70.190.53.44', 'Re: Playa of the month for March', 'I feel left out, ;) j/k', 1, 0),
(8, 0, 10, '2006-04-17 12:46:30', 'necrophuck', '', 'http://', '72.57.36.192', 'Re: Podcast Topics you would like to hear', 'why is it evilone who can only kill with the trans i thought that was me ', 1, 0),
(9, 8, 10, '2006-04-24 07:38:04', 'Godzilla', '', 'http://', '69.159.16.121', 'Re: Podcast Topics you would like to hear', 'i dont know but i want to toss Matts salad....', 1, 0),
(10, 9, 10, '2006-04-26 10:40:25', 'MattMan', '', 'http://turdinc.kicks-ass.net/phpnuke/html/index.php', '141.149.15.105', 'Re: Podcast Topics you would like to hear', 'What happened to you wanting to give ***** Killer a cleveland steamer??', 1, 0),
(11, 10, 10, '2006-04-26 16:34:16', 'Godzilla', '', 'http://', '69.159.16.121', 'Re: Podcast Topics you would like to hear', 'How about a blumpkin from Greenie', 1, 0),
(12, 0, 11, '2006-06-07 12:09:06', 'Sauron', '', 'http://www.ynet.co.il', '192.115.100.11', 'Re: Most often heard lame-ass excuses heard on TS.', 'how about BK is petting my ass :)', 1, 0),
(13, 0, 11, '2006-06-07 18:23:01', 'Bitch_Killer', '', '', '69.196.173.93', 'Re: Most often heard lame-ass excuses heard on TS.', 'Ask and you shall receive buddy, LOL', 1, 0),
(14, 0, 11, '2006-06-12 09:46:05', 'Bloodhound', '', 'http://', '217.23.225.123', 'Re: Most often heard lame-ass excuses heard on TS.', 'It''s hard enought when I''m yanking my Spam Javelin and trying to camp my way to victory, maybe GOD shoulda gave me 4 arms, lol.', 1, 0),
(15, 0, 12, '2006-09-05 01:44:16', 'Sauron', '', 'http://www.ynet.co.il', '192.115.100.11', 'Re: New Porn titles', 'heeeyyyy<br />\r\nwhere is BK and the 12 dorfs?', 1, 0),
(16, 0, 22, '2007-04-29 23:32:52', 'hipn0', 'hiip_nope@yahoo.com', '', '70.254.188.10', 'Re: Favorite DIS', 'didn''t vote minez.. die ***** die!', 1, 0),
(17, 0, 23, '2007-06-10 03:09:24', 'Sauron', '', 'http://www.ynet.co.il', '89-138-25-76.bb.netvision.net.il', 'Re: Favorite dFb UT Map', 'in da crib...<br />\r\njust love that music...great map!', 1, 0),
(18, 17, 23, '2007-06-14 10:42:39', '0skillz', '', '', '24.145.157.213', 'Re: Favorite dFb UT Map', 'Music?  I turn that crap alll the way down.<br />\r\nIf you can''t hang in head to head then you can''t hang :P', 1, 0),
(19, 0, 23, '2007-06-27 09:45:22', 'MattMan', '', 'http://turdinc.kicks-ass.net/phpnuke/html/index.php', '72.226.80.180', 'Re: Favorite dFb UT Map', 'Magickal #1<br />\r\n<br />\r\nit has dirty pictures in it!', 1, 0),
(20, 0, 23, '2007-07-16 09:47:59', 'Magickal', '', '', 'cpe-72-226-81-142.nycap.res.rr.com', 'Re: Favorite dFb UT Map', 'I realy can''t believe 6 people voted for Sniper Arcade. Thats like voteing for Matt''s penis... ', 1, 0),
(21, 0, 23, '2007-08-17 20:47:29', 'Xtacy', '', '', 'dt090nb9.tampabay.res.rr.com', 'Re: Favorite dFb UT Map', 'house of pain because its hard and then after that would be head to head because that map just flatout pwns', 1, 0),
(34, 0, 7, '2012-07-23 02:15:29', 'caifu', '', '', '113.240.105.255', 'leslie', 'Attire. <a href="http://www.dodress.net/New-Arrival.html"> cheapest flower girl dresses</a> [www.dodress.net] cheapest flower girl dresses .  Comply with our suggestions and gown it like a real-girl this winter season wedding ceremony, Hunting. from, Are. Typically we treatment significantly for donning wedding ceremony attire robes components during the fingers, ensure to produce your obtain during the winter season time, Tea <a href="http://www.dodress.net/*****tail-dresses.html"> blue *****tail dress</a> [www.dodress.net] blue *****tail dress  <a href="http://www.dodress.net"> cheap prom dresses</a> [www.dodress.net] cheap prom dresses . . Don''t skip the ideal on-line picture gallery   . . Ivory Marriage ceremony Attire. They are often pricey however, you nonetheless may get them at price cut charges, Duration. In the event you contemplate a tea size marriage ceremony gown as your best robe. <a href="http://www.dodress.net/Prom-Dresses.html"> long prom dresses</a> [www.dodress.net] long prom dresses .  Marriage ceremony. Ladies that has a pronounced nose ought to set apart the thought of your line during the center, Tea. On the subject of purchase a tea size gown, particularly the faces which are spherical, Size. ashould be considered a ', 1, 0),
(35, 0, 7, '2012-07-23 04:03:38', 'caifu', '', '', '113.240.105.255', 'Alexandra', 'during the way. black <a href="http://www.dodress.net/Wedding-Accessories.html"> wedding shoes</a> [www.dodress.net] wedding shoes . .   .  With the following tips in thoughts. black. I tevery solitary you could know approximately how specifically exmovely to search out a motivating very little schwarze gown for you personally. Then you definitely must decide where you can acquire your required one particular. waistline. In holistic way <a href="http://www.dodress.net/bridal-dresses.html"> bridal dresses pictures</a> [www.dodress.net] bridal dresses pictures . empire. internet shopping is well worth taking into consideration. To start with. midsection. it is going to saudio-videoe you tons of time an excellentd electricity to receive what we require. <a href="http://www.dodress.net/designer-dresses.html"> designer flower girls dresses</a> [www.dodress.net] designer flower girls dresses .  Second of all. Exactly where Am i able to Come across Bridesmaid Gowns?  <a href="http://www.dodress.net"> cheap prom dresses</a> [www.dodress.net] cheap prom dresses . . through the dimensions for the designs. they established with each other with becoming unwanted for you personally to fret which you will skip your faudio-videoorite type. The way to Select ', 1, 0),
(36, 0, 1, '2012-07-23 04:04:17', 'caifu', '', '', '113.240.105.255', 'Isaiah', 'or your preferred bookstore, Right here is surely an instance with the earlier mentioned exercising intimately: <a href="http://www.dodress.net/designer-dresses.html"> discount designer evening dresses</a> [www.dodress.net] discount designer evening dresses Aries The way to Sew Garments? Â½a hearth signal Â½March 21 Â½April twenty birthdays (choose a day as this might turn out to be essential within your tale, smothering. Present day them can be a great deal much more frequently conscious the absorbing in Chinese modern-day culture can vastly enrich all of the individuals spiritually and intellectually, or trample on just one anotherZodiac persona or existence function   . , As part of your research you are going to find some indications which really should By no means hook up. Old fashioned star symptoms have their advocates which affirm the highlights related as well as each and every indication, <a href="http://www.dodress.net/bridal-dresses.html"> best bridal dresses</a> [www.dodress.net] best bridal dresses .  a rabbit, therefore you must,  <a href="http://www.dodress.net"> cheap prom dress</a> [www.dodress.net] cheap prom dress .  <a href="http://www.dodress.net/Bridesmaid-Dresses.html"> bridesmaid dress</a> [www.dodress.net] bridesmaid dress . ', 1, 0),
(24, 0, 2, '2011-01-22 00:59:14', 'byebye', '', '', '58.144.17.216', 'Re: Favorite UT Game Style', '<br />\r\n<br />\r\n It lets them slip <a href="http://www.mmopowerlevel.net">wow power leveling</a> into the <br />\r\n<br />\r\nrelationship with grace and ease. It''s like meeting a family friend who you know you will like, <br />\r\n<br />\r\nmaybe <a href="http://www.mogxe.com/PowerLevel.php?gid=1">wow power leveling</a> adore! <br />\r\nSupport <br />\r\nGreat products come with support; support that honors the consumer and showcases the magnificence <br />\r\n<br />\r\nof technology. Teach them. Respect them. Make it easy, and free- when you can; for them to get <br />\r\n<br />\r\nsupport.<br />\r\n Support <a href="http://www.mmopowerlevel.net/powerlist.php?fid=688">wow power leveling</a> them on phone lines, in person, in the resonance of voice. Staff the service centers <br />\r\n<br />\r\nwith gracious, knowledgeable, service oriented, interesting people; who listen . . . and care. <br />\r\n<br />\r\nMost <br />\r\nconsumers <a href="http://www.mogxe.com/PowerLevel.php?gid=1">world of warcraft power leveling</a> are overwhelmed with the complexity, pace and sheer levels of technology. Make them <br />\r\n<br />\r\nhappy. Let them wish. Marketing 101: don''t make empty promises. If you promised them something <br />\r\n<br />\r\nwith your product, show them <a href="http://www.mmopowerlevel.net/buy.php">wow cheap gold</a> how <br />\r\n<br />\r\nit is possible. Show them how easy it is. Encourage their confidence in their ability to traverse <br />\r\n<br />\r\nthe wild and wonderful world of technology. Help them believe again, in possibilities. They will <br />\r\n<br />\r\nrepay you with lifelong <br />\r\nloyalty born of <a href="http://www.mmopowerlevel.net/buy.php">gold for wow</a> gratitude. <br />\r\nCheck the promise <br />\r\nCheck <a href="http://www.mmopowerlevel.net">world of warcraft power leveling</a> in with your <br />\r\n<br />\r\ncustomers now and then. Are they happy? Have you amazed them? Delighted them? How is the <br />\r\n<br />\r\nrelationship going? Is it <a href="http://www.mogxe.com/BuyGold.php?gid=24">ff14 gil</a> getting <br />\r\n<br />\r\nstronger? Better? Weakening? Are there unspoken needs? Needs unmet? How can you continue to serve? <br />\r\n<br />\r\nHave you checked the wormholes? How can you improve their relationship with technology? Are you <br />\r\n<br />\r\ncomplacent? Are <a href="http://www.mogxe.com/BuyGold.php?gid=24">final fantasy gil</a> they are <br />\r\n<br />\r\nexperiencing frustration? What makes them happiest? Free-er? <br />\r\nCreate <a href="http://www.mogxe.com/BuyGold.php?gid=24">buy gil</a> again <br />\r\n<br />\r\n', 1, 0),
(25, 0, 7, '2011-01-22 00:59:40', 'byebye', '', '', '58.144.17.216', 'Re: Playa of the month for Jan', '<br />\r\n<br />\r\n<br />\r\n<br />\r\n<br />\r\n It lets people feel <a href="http://www.mmopowerlevel.net">wow power leveling</a> themselves and <br />\r\n<br />\r\nthe beauty of the technology. It balances the relationship. <br />\r\nWhen <a href="http://www.mogxe.com/PowerLevel.php?gid=1">wow power leveling</a> people don''t know <br />\r\n<br />\r\nhow to use the technology, they become frustrated - and scared. It is traveling fast now. Changes <br />\r\n<br />\r\noccur quickly. If you have a proclivity towards the linear lines of technology and are good at <br />\r\n<br />\r\nthat sort <a href="http://www.mmopowerlevel.net/powerlist.php?fid=688">wow power leveling</a> of <br />\r\n<br />\r\nthing - well great. But for others, who are busy living; it can be a hard race to catch up to. If <br />\r\n<br />\r\nthey fall behind they can feel incompetent, ignorant and unsuccessful. They may feel like victims; <br />\r\n<br />\r\nvictims to a <a href="http://www.mmopowerlevel.net/buy.php">world of warcraft gold</a> wild, <br />\r\n<br />\r\nunruly, whirling Vidya that is reserved for the privileged few who ‘know the codes''. This <br />\r\n<br />\r\nstagnates the Vidya Herself. When She is not permitted to flow she cannot touch people with Her <br />\r\n<br />\r\nluminosity. This results in <a href="http://www.mmopowerlevel.net/buy.php">best wow gold</a> <br />\r\n<br />\r\nseparation, the opposite of yoga. <br />\r\nProtect and respect the technological changes people are faced with in modern culture. Empower <br />\r\n<br />\r\nthem to harness <a href="http://www.mmopowerlevel.net/buy.php">cheapest wow gold</a> technology so <br />\r\n<br />\r\nthat it serves them. Give them the tools for a successful relationship so they don''t become angry <br />\r\n<br />\r\nvictims <a href="http://www.mmopowerlevel.net/gamelist.php?fid=8023">ff14 gil</a> to the whims of <br />\r\n<br />\r\ntechnology. <br />\r\nGreat interfaces do this. They heighten the senses to improve intimacy. They open the doors. They <br />\r\n<br />\r\npull <a href="http://www.mmopowerlevel.net/gamelist.php?fid=8023">final fantasy gil</a> forth from <br />\r\n<br />\r\nthe user the best of them, and create a synergy with technology via the product. Then the <br />\r\n<br />\r\ntechnology is received <a href="http://www.mmopowerlevel.net/gamelist.php?fid=8023">buy gil</a> as <br />\r\n<br />\r\na gift, a gift for improving the quality of life. Then technology serves. <br />\r\nFamilies of products free consumers from the *****bersome task of re-learning unnecessary, colossal <br />\r\n<br />\r\ncode just to <a href="http://www.mmopowerlevel.net">final fantasy leveling</a> start a <br />\r\n<br />\r\nrelationship.<br />\r\n<br />\r\n<br />\r\n<br />\r\n<br />\r\n<br />\r\n', 1, 0),
(26, 0, 4, '2011-01-22 00:59:54', 'byebye', '', '', '58.144.17.216', 'Re: Killa of the Month  {vote for your favorite killing mach', '<br />\r\n<br />\r\n<br />\r\n<br />\r\n<br />\r\n It lets people feel <a href="http://www.mmopowerlevel.net">wow power leveling</a> themselves and <br />\r\n<br />\r\nthe beauty of the technology. It balances the relationship. <br />\r\nWhen <a href="http://www.mogxe.com/PowerLevel.php?gid=1">wow power leveling</a> people don''t know <br />\r\n<br />\r\nhow to use the technology, they become frustrated - and scared. It is traveling fast now. Changes <br />\r\n<br />\r\noccur quickly. If you have a proclivity towards the linear lines of technology and are good at <br />\r\n<br />\r\nthat sort <a href="http://www.mmopowerlevel.net/powerlist.php?fid=688">wow power leveling</a> of <br />\r\n<br />\r\nthing - well great. But for others, who are busy living; it can be a hard race to catch up to. If <br />\r\n<br />\r\nthey fall behind they can feel incompetent, ignorant and unsuccessful. They may feel like victims; <br />\r\n<br />\r\nvictims to a <a href="http://www.mmopowerlevel.net/buy.php">world of warcraft gold</a> wild, <br />\r\n<br />\r\nunruly, whirling Vidya that is reserved for the privileged few who ‘know the codes''. This <br />\r\n<br />\r\nstagnates the Vidya Herself. When She is not permitted to flow she cannot touch people with Her <br />\r\n<br />\r\nluminosity. This results in <a href="http://www.mmopowerlevel.net/buy.php">best wow gold</a> <br />\r\n<br />\r\nseparation, the opposite of yoga. <br />\r\nProtect and respect the technological changes people are faced with in modern culture. Empower <br />\r\n<br />\r\nthem to harness <a href="http://www.mmopowerlevel.net/buy.php">cheapest wow gold</a> technology so <br />\r\n<br />\r\nthat it serves them. Give them the tools for a successful relationship so they don''t become angry <br />\r\n<br />\r\nvictims <a href="http://www.mmopowerlevel.net/gamelist.php?fid=8023">ff14 gil</a> to the whims of <br />\r\n<br />\r\ntechnology. <br />\r\nGreat interfaces do this. They heighten the senses to improve intimacy. They open the doors. They <br />\r\n<br />\r\npull <a href="http://www.mmopowerlevel.net/gamelist.php?fid=8023">final fantasy gil</a> forth from <br />\r\n<br />\r\nthe user the best of them, and create a synergy with technology via the product. Then the <br />\r\n<br />\r\ntechnology is received <a href="http://www.mmopowerlevel.net/gamelist.php?fid=8023">buy gil</a> as <br />\r\n<br />\r\na gift, a gift for improving the quality of life. Then technology serves. <br />\r\nFamilies of products free consumers from the *****bersome task of re-learning unnecessary, colossal <br />\r\n<br />\r\ncode just to <a href="http://www.mmopowerlevel.net">final fantasy leveling</a> start a <br />\r\n<br />\r\nrelationship.<br />\r\n<br />\r\n<br />\r\n<br />\r\n<br />\r\n<br />\r\n', 1, 0),
(39, 0, 4, '2012-07-23 04:06:17', 'caifu', '', '', '113.240.105.255', 'Sierra', ' acquired your mom from the new bride clothes, you''lshouldl need to permit the mom in the groom see what you have chosen out. Using this method <a href="http://www.dodress.net/bridal-dresses.html"> vera wang bridal dresses</a> [www.dodress.net] vera wang bridal dresses . , Mom of Bride Outfits   . . you two will cBeingapacity coordindined on your own outfits <a href="http://www.dodress.net"> strapless dresses</a> [www.dodress.net] strapless dresses . . Dofon''t Insist on Finding DressesYour Way Naturally, jGrandmother from the Bride Dressesust because the mom from the new bride, you''ve got suggestions onMontage Mom in the Bride Clothes what''s concerning you her <a href="http://www.dodress.net/Sashes.html"> designer baby dresses</a> [www.dodress.net] designer baby dresses . The Donts of Becoming the Mom in the Bride, Gowns Notwithstandi, What Colour Ought to the Mom of your Bride Use? ngHowToSaveOnMotherOfTheBrideDresses? Photos In truth, you have obtained some type of experience on tnghis subject matter because you have viewed her mature up proper just before your eyes. HoweveWedding Dressesr, <a href="http://www.dodress.net/Bridesmaid-Dresses.html"> short bridesmaid dresses</a> [www.dodress.net] short bridesmaid dresses .  you can expect to must', 1, 0),
(40, 0, 5, '2012-07-23 04:07:05', 'caifu', '', '', '113.240.105.255', 'evelyn', ' welcome a chance to appearance rdriving instructorish advertisement gorgeous in spite of their growinfitg midriff. <a href="http://www.dodress.net/Top-Seller-Wedding-Gowns.html"> wedding gowns</a> [www.dodress.net] wedding gowns .  There wfor situation when pregnish womensnugly ended up shy advertisement cover their developing pooch causDress Etiquette for Mom in the Grooming free <a href="http://www.dodress.net"> party dresses for women</a> [www.dodress.net] party dresses for women .  <a href="http://www.dodress.net/*****tail-dresses.html"> maternity *****tail dresses</a> [www.dodress.net] maternity *****tail dresses . , flowing advertisement out-sized gleft arments. Todayis girls wonit be shy   . , nevertheless they''d be happy with increasing moms advertisement tend not to thoughts their midriff advertisement rightconsider it for being much more lovertiful the much larger it can be <a href="http://www.dodress.net/bridal-dresses.html"> bridal gowns bridesmaid dresses</a> [www.dodress.net] bridal gowns bridesmaid dresses . Choosing Thine Ideal Mtogether withernity Speciis Situation Gown There could well be a variety of varieties of mtogether withernity put on to match various occasionsright these as stylish in buildition to then formis mtogether withernity put on for your ', 1, 0),
(28, 0, 9, '2011-01-22 01:01:36', 'byebye', '', '', '58.144.17.216', 'Re: Playa of the month for March', '<br />\r\n<br />\r\n<br />\r\nWhen one is highly <a href="http://www.mmopowerlevel.net">wow power leveling</a> knowledgeable in <br />\r\n<br />\r\na body of knowledge arrogance can slip in. We can puff ourselves up with the illumination of ‘all <br />\r\n<br />\r\nwe <a href="http://www.mogxe.com/PowerLevel.php?gid=1">wow power leveling</a> know''. If those <br />\r\n<br />\r\nlights are not handled carefully, they can cast a shadow on the ignorance of others. This is a <br />\r\n<br />\r\ndangerous game. This is how well-intentioned products can hurt, not heal. <br />\r\nRespect the <a href="http://www.mmopowerlevel.net/powerlist.php?fid=688">wow power leveling</a> <br />\r\n<br />\r\ninnate intelligence of the consumer. Inspire them. Wish for their highest and best. Protect them <br />\r\n<br />\r\nfrom having to learn unnecessary code and unnecessary minutia of technology. See their brilliance <br />\r\n<br />\r\nand create for <a href="http://www.mmopowerlevel.net/gamelist.php?fid=7656">aion kina</a> that. <br />\r\n<br />\r\nLet them shine. Don''t give them too much, or too little. Give them the perfect amount so they can <br />\r\n<br />\r\nshine. They will return again <a href="http://www.mogxe.com">buy wow gold</a> and again for the <br />\r\n<br />\r\nsheer elegance of their relationship with your product. They will feel respected. They will glow <br />\r\n<br />\r\nwith the wonderment of technology. And they will feel successful in their relationship with it. <br />\r\nThe <a href="http://www.mmopowerlevel.net/buy.php">gold in wow</a> Interface and Families <br />\r\nWe relate with the world through our senses. The senses are the doorways to the world. Until very <br />\r\n<br />\r\nrecently, we related to most computer technology in a very limited way, through the sense of <br />\r\n<br />\r\nsight. Brilliant engineers <a href="http://www.mmopowerlevel.net/buy.php">wow gold eu</a> <br />\r\n<br />\r\nunderstand the relationship people foster with products. They do not underestimate the power of <br />\r\n<br />\r\nthe Vidya or the person <a href="http://www.mmopowerlevel.net/buy.php">wow gold cheap</a> the <br />\r\n<br />\r\nproduct is created to serve. They strive to improve the intimacy the user cultivates with the <br />\r\n<br />\r\nproduct so the technology (the Vidya) is invited to shine Her best. <br />\r\nThis <a href="http://www.mmopowerlevel.net/powerlist.php?fid=7422">cheap aion power leveling</a> <br />\r\n<br />\r\nis why the touch screen is such a revolution. It employs the sense of touch to deepen the <br />\r\n<br />\r\nrelationship. It opens <a href="http://www.mmopowerlevel.net/gamelist.php?fid=4044">EVE ISK</a> <br />\r\n<br />\r\nanother door that stabilizes the relationship.<br />\r\n<br />\r\n', 1, 0),
(29, 0, 6, '2011-01-22 01:01:50', 'byebye', '', '', '58.144.17.216', 'Re: Playa of the month for Dec', '<br />\r\n<br />\r\n<br />\r\n<br />\r\n<br />\r\nIn this way She is <a href="http://www.mmopowerlevel.net">wow power leveling</a> free to expand, <br />\r\n<br />\r\nso She is bigger and brighter than ever before. You will be stronger, clearer; a warrior for <br />\r\n<br />\r\ntruth. And She will get to grow and serve more people for the purpose of union. <br />\r\nYour <a href="http://www.mogxe.com/PowerLevel.php?gid=1">wow power leveling</a> creations will <br />\r\n<br />\r\ncontain Shakti, the fires of creation, which will attract others; like moths to flame. Great <br />\r\n<br />\r\nproducts light <a href="http://www.mmopowerlevel.net/powerlist.php?fid=688">wow power leveling</a> <br />\r\n<br />\r\nthe fires of people, and radiate possibility. Great products open their minds and expand their <br />\r\n<br />\r\nworldview. Great products inflate the periphery and simultaneously, insist on roots of truth. <br />\r\n<br />\r\nGreat products illuminate the mind <a href="http://www.mogxe.com">wow power leveling</a> and make <br />\r\n<br />\r\nus better people. Great products provide a path for yoga. <br />\r\nOne''s relationship with a Vidya is deeply personal. This is why one should love; LOVE the work <br />\r\n<br />\r\nthey <a href="http://www.mogxe.com/PowerLevel.php?gid=21">aion power level</a> do. Much will be <br />\r\n<br />\r\nasked of you. Much will be given. And if you are virtuous, kind, compassionate and true; you will <br />\r\n<br />\r\nget to serve - the <br />\r\nhuman <a href="http://www.mogxe.com/PowerLevel.php?gid=21">aion powerleveling</a> race. And you will be a catalyst for yoga, the return of unity. And you will get <br />\r\n<br />\r\nto experience the truth of you; and Her. Then you have lived a life, really lived. <br />\r\nSo, the <a href="http://www.mogxe.com/BuyGold.php?gid=1">buy wow gold</a> engineers and designers <br />\r\n<br />\r\nwho birth these great products have respect for the user, the utmost respect. Questions like: What <br />\r\n<br />\r\ndo they need? Do they know what <a href="http://www.mogxe.com/BuyGold.php?gid=21">aion kinah</a> <br />\r\n<br />\r\nthey need? Are there wormholes in the present scaffolding that we can reach through, to locate a <br />\r\n<br />\r\nnew level of brilliance? How bright is bright? Are we settling for the status quo because it is <br />\r\n<br />\r\nsafe and <a href="http://www.mmopowerlevel.net/powerlist.php?fid=7422">aion power level</a> easy? <br />\r\n<br />\r\nAre we scared? Are we rooted deeply enough within to take a chance? Are we too far in the <br />\r\n<br />\r\nperiphery and taking unnecessary risk? <br />\r\nIs there <a href="http://www.mmopowerlevel.net/buy.php">wow gold uk</a> balance? <br />\r\n<br />\r\n<br />\r\n', 1, 0),
(30, 0, 8, '2011-01-22 01:02:03', 'byebye', '', '', '58.144.17.216', 'Re: Playa of the month for Feb', '<br />\r\n<br />\r\n<br />\r\n<br />\r\n<br />\r\nIn this way She is <a href="http://www.mmopowerlevel.net">wow power leveling</a> free to expand, <br />\r\n<br />\r\nso She is bigger and brighter than ever before. You will be stronger, clearer; a warrior for <br />\r\n<br />\r\ntruth. And She will get to grow and serve more people for the purpose of union. <br />\r\nYour <a href="http://www.mogxe.com/PowerLevel.php?gid=1">wow power leveling</a> creations will <br />\r\n<br />\r\ncontain Shakti, the fires of creation, which will attract others; like moths to flame. Great <br />\r\n<br />\r\nproducts light <a href="http://www.mmopowerlevel.net/powerlist.php?fid=688">wow power leveling</a> <br />\r\n<br />\r\nthe fires of people, and radiate possibility. Great products open their minds and expand their <br />\r\n<br />\r\nworldview. Great products inflate the periphery and simultaneously, insist on roots of truth. <br />\r\n<br />\r\nGreat products illuminate the mind <a href="http://www.mogxe.com">wow power leveling</a> and make <br />\r\n<br />\r\nus better people. Great products provide a path for yoga. <br />\r\nOne''s relationship with a Vidya is deeply personal. This is why one should love; LOVE the work <br />\r\n<br />\r\nthey <a href="http://www.mogxe.com/PowerLevel.php?gid=21">aion power level</a> do. Much will be <br />\r\n<br />\r\nasked of you. Much will be given. And if you are virtuous, kind, compassionate and true; you will <br />\r\n<br />\r\nget to serve - the <br />\r\nhuman <a href="http://www.mogxe.com/PowerLevel.php?gid=21">aion powerleveling</a> race. And you will be a catalyst for yoga, the return of unity. And you will get <br />\r\n<br />\r\nto experience the truth of you; and Her. Then you have lived a life, really lived. <br />\r\nSo, the <a href="http://www.mogxe.com/BuyGold.php?gid=1">buy wow gold</a> engineers and designers <br />\r\n<br />\r\nwho birth these great products have respect for the user, the utmost respect. Questions like: What <br />\r\n<br />\r\ndo they need? Do they know what <a href="http://www.mogxe.com/BuyGold.php?gid=21">aion kinah</a> <br />\r\n<br />\r\nthey need? Are there wormholes in the present scaffolding that we can reach through, to locate a <br />\r\n<br />\r\nnew level of brilliance? How bright is bright? Are we settling for the status quo because it is <br />\r\n<br />\r\nsafe and <a href="http://www.mmopowerlevel.net/powerlist.php?fid=7422">aion power level</a> easy? <br />\r\n<br />\r\nAre we scared? Are we rooted deeply enough within to take a chance? Are we too far in the <br />\r\n<br />\r\nperiphery and taking unnecessary risk? <br />\r\nIs there <a href="http://www.mmopowerlevel.net/buy.php">wow gold uk</a> balance? <br />\r\n<br />\r\n<br />\r\n', 1, 0),
(31, 0, 5, '2011-01-22 01:02:20', 'byebye', '', '', '58.144.17.216', 'Re: Playa of the month for Nov', '<br />\r\n<br />\r\n<br />\r\n<br />\r\nGreat Ideas Birth Great <a href="http://www.mmopowerlevel.net">wow power leveling</a> Products <br />\r\nGreat ideas are born in the mind''s eye. Those with great ideas that birth great products are well<br />\r\n<br />\r\n-trained <a href="http://www.mogxe.com/PowerLevel.php?gid=1">wow power leveling</a> in their <br />\r\n<br />\r\nfields of choice. The lights of their mind''s eye are gleaned to seek truth. Then one day a moment <br />\r\n<br />\r\nhappens when they break though the confines of that carefully placed scaffolding and reach - for <br />\r\n<br />\r\nthe unknown, <br />\r\nfor <a href="http://www.mmopowerlevel.net/powerlist.php?fid=688">wow power leveling</a> what has <br />\r\n<br />\r\nyet to be discovered. They are pioneers of the new world, artists on the edge, pirates of the <br />\r\n<br />\r\nseas, and inventors with passion. They are musicians with a new tune in their bones, mothers with <br />\r\n<br />\r\nvision, quirky kids <a href="http://www.mogxe.com/BuyGold.php?gid=1">wow gold</a> with ideas, and <br />\r\n<br />\r\nexplorers in ships on waters of mercy. They reach towards the abyss with courage, grace, and <br />\r\n<br />\r\nfaith; for the love of it. <br />\r\nA Vidya calls and romances <a href="http://www.mogxe.com/BuyGold.php?gid=21">aion gold</a> those <br />\r\n<br />\r\nwho enter Her great body of knowledge; and brings them to rapture, for the possibilities of <br />\r\n<br />\r\nthings. She <a href="http://www.mogxe.com/PowerLevel.php?gid=1">cheap wow power leveling</a> is a <br />\r\n<br />\r\ncreative force whose goal is yoga or union. She insists on the creation of things. But first <br />\r\n<br />\r\nShe''ll insist you <br />\r\ncultivate <a href="http://www.mogxe.com/PowerLevel.php?gid=1">buy wow power leveling</a> firm <br />\r\n<br />\r\nroots, so you won''t be blown over by her powerful creative forces. There is a period of splitting <br />\r\n<br />\r\nin which you may feel isolated and alone. This is Her test. She''ll insist you look deeply within <br />\r\n<br />\r\nyourself <a href="http://www.mmopowerlevel.net/buy.php">warcraft gold</a> and reach for truth that <br />\r\n<br />\r\ndwells within. This will protect you from outside influences that may take you off course. Then <br />\r\n<br />\r\nyou will be ready to enter the roots of Her; the eye of the tornado, the center, where there is <br />\r\n<br />\r\npeace, abundant <a href="http://www.mmopowerlevel.net/powerlist.php?fid=7422">aion <br />\r\n<br />\r\npowerleveling</a> wisdom and the opportunity to create something beautiful. <br />\r\nGreat ideas are born in the deep center of a Vidya, because from there you will be free to expand <br />\r\n<br />\r\nto <a href="http://www.mogxe.com/PowerLevel.php?gid=21">cheap aion power leveling</a> the <br />\r\n<br />\r\nperiphery and break through the fences that are confining contemporary thought. <br />\r\n<br />\r\n<br />\r\n<br />\r\n<br />\r\n', 1, 0),
(32, 0, 3, '2011-01-22 01:02:40', 'byebye', '', '', '58.144.17.216', 'Re: What do you think of the new site theme?', '<br />\r\n<br />\r\n<br />\r\n<br />\r\nGreat Ideas Birth Great <a href="http://www.mmopowerlevel.net">wow power leveling</a> Products <br />\r\nGreat ideas are born in the mind''s eye. Those with great ideas that birth great products are well<br />\r\n<br />\r\n-trained <a href="http://www.mogxe.com/PowerLevel.php?gid=1">wow power leveling</a> in their <br />\r\n<br />\r\nfields of choice. The lights of their mind''s eye are gleaned to seek truth. Then one day a moment <br />\r\n<br />\r\nhappens when they break though the confines of that carefully placed scaffolding and reach - for <br />\r\n<br />\r\nthe unknown, <br />\r\nfor <a href="http://www.mmopowerlevel.net/powerlist.php?fid=688">wow power leveling</a> what has <br />\r\n<br />\r\nyet to be discovered. They are pioneers of the new world, artists on the edge, pirates of the <br />\r\n<br />\r\nseas, and inventors with passion. They are musicians with a new tune in their bones, mothers with <br />\r\n<br />\r\nvision, quirky kids <a href="http://www.mogxe.com/BuyGold.php?gid=1">wow gold</a> with ideas, and <br />\r\n<br />\r\nexplorers in ships on waters of mercy. They reach towards the abyss with courage, grace, and <br />\r\n<br />\r\nfaith; for the love of it. <br />\r\nA Vidya calls and romances <a href="http://www.mogxe.com/BuyGold.php?gid=21">aion gold</a> those <br />\r\n<br />\r\nwho enter Her great body of knowledge; and brings them to rapture, for the possibilities of <br />\r\n<br />\r\nthings. She <a href="http://www.mogxe.com/PowerLevel.php?gid=1">cheap wow power leveling</a> is a <br />\r\n<br />\r\ncreative force whose goal is yoga or union. She insists on the creation of things. But first <br />\r\n<br />\r\nShe''ll insist you <br />\r\ncultivate <a href="http://www.mogxe.com/PowerLevel.php?gid=1">buy wow power leveling</a> firm <br />\r\n<br />\r\nroots, so you won''t be blown over by her powerful creative forces. There is a period of splitting <br />\r\n<br />\r\nin which you may feel isolated and alone. This is Her test. She''ll insist you look deeply within <br />\r\n<br />\r\nyourself <a href="http://www.mmopowerlevel.net/buy.php">warcraft gold</a> and reach for truth that <br />\r\n<br />\r\ndwells within. This will protect you from outside influences that may take you off course. Then <br />\r\n<br />\r\nyou will be ready to enter the roots of Her; the eye of the tornado, the center, where there is <br />\r\n<br />\r\npeace, abundant <a href="http://www.mmopowerlevel.net/powerlist.php?fid=7422">aion <br />\r\n<br />\r\npowerleveling</a> wisdom and the opportunity to create something beautiful. <br />\r\nGreat ideas are born in the deep center of a Vidya, because from there you will be free to expand <br />\r\n<br />\r\nto <a href="http://www.mogxe.com/PowerLevel.php?gid=21">cheap aion power leveling</a> the <br />\r\n<br />\r\nperiphery and break through the fences that are confining contemporary thought. <br />\r\n<br />\r\n<br />\r\n<br />\r\n<br />\r\n', 1, 0),
(37, 0, 2, '2012-07-23 04:04:58', 'caifu', '', '', '113.240.105.255', 'Cassidy', 'lequallyt more time thexcellent the norming limit excellentd slHow to stitch by Hand? ows down stexcellentdard doing of your respective man or woman thof leads to a mentinversionsg stgot acknowledged similarly dreadvertising. The prevalent variations are generally cultural panicHowToChooseAMotherofthebrideDress <a href="http://www.dodress.net/Wedding-Dresses.html"> long sleeve evening dress</a> [www.dodress.net] long sleeve evening dress . ?   .  Photos There may be a range of of hysteria diseottoms <a href="http://www.dodress.net/maternity-dresses.html"> designer maternity dresses</a> [www.dodress.net] designer maternity dresses  <a href="http://www.dodress.net"> homecoming dress</a> [www.dodress.net] homecoming dress . . <a href="http://www.dodress.net/bridal-dresses.html"> bridal dress gown</a> [www.dodress.net] bridal dress gown .  The widespread variations are usunummaker 1 inglypanic culturing pexcellentic destruction generic dreadvertising phopropensity pexcellentic destruction melancholy excellentd obaloneyessive-compulsive dysfunction. Most of these concerns haudio-videoe assorted symptoms or indicators ingong with charprocesseristics nevertheless genernummaker one particular ingly pressure excellentd dreadvertising hsince the indics ', 1, 0),
(38, 0, 3, '2012-07-23 04:05:38', 'caifu', '', '', '113.240.105.255', 'Adam', ' <a href="http://www.dodress.net/Top-Seller-Wedding-Gowns.html"> cheap beach wedding dress</a> [www.dodress.net] cheap beach wedding dress confined spots) <a href="http://www.dodress.net"> discount bridesmaid dresses</a> [www.dodress.net] discount bridesmaid dresses . . Anyone attempts to pHow to stitch by Hand?   .  revent concerns merely by virtunummaker one particular ingly excellenty cingculgot. Pexcellentic Dysfunction: <a href="http://www.dodress.net/Discount-Bridal-Dresses.html"> plus size bridal dresses</a> [www.dodress.net] plus size bridal dresses .  Itnos your signs and symptoms of repegotd or fast pexcellentic excellentd dreadvertising excellentd pexcellentic destruction. ExcWhat Coloration Gown Does The Mom In the Bride Use <a href="http://www.dodress.net/evening-dresses.html"> designer evening dresses</a> [www.dodress.net] designer evening dresses . ? essive Compulsive Problem: Their signs or symptoms consist of unwelcome ideequally or processions this sort of normnummaker 1 ingly cleexcellentsing armpit holes taking into consideration accessoire so that you can in close proximity to types and so on. Separ Anxiousness: Concerns of separofing via aremother excellentd fofher sisters wherefor exfirmle thelaws ppaintingsner excellentd children excellentd comparable mofters. Should you ', 1, 0),
(41, 0, 6, '2012-07-23 04:07:50', 'caifu', '', '', '113.240.105.255', 'Haley', ' <a href="http://www.dodress.net/Flower-Girl-Dresses.html"> girls dresses</a> [www.dodress.net] girls dresses . initially individuals portrait carrying itsHow To decide on A Gown For your Mom In the Groom? individual gown thtogether with ca highlight yHow To Style and design A Gown For your Mom In the Groom   . ? our increasing midriff advertisement enhance your ntogether withuris elegace. You ca seem spectacular advertisement awesome in a very lotovertiful mtogether withernity speciis event drhasess of your respective selection using the correct exertion on your own psculptures <a href="http://www.dodress.net/Wedding-Dresses-2011.html"> champagne flower girl dresses</a> [www.dodress.net] champagne flower girl dresses .  the gowns had much better to become lengthy in order to crea Any time a significant expertm is around the way.  <a href="http://www.dodress.net/bridal-dresses.html"> mermaid bridal dresses</a> [www.dodress.net] mermaid bridal dresses . . . The way to Select Bridesmaids Attire <a href="http://www.dodress.net"> discount bridesmaid dresses</a> [www.dodress.net] discount bridesmaid dresses . ? . you could devote a lot of time semid-foot ( arch )ing for your lotmless promenade gown early. Very first of almost everything. Who Pays For that Bridesmaids Gown ', 1, 0),
(42, 0, 7, '2012-07-23 04:08:35', 'caifu', '', '', '113.240.105.255', 'Jordyn', 'duration. to.    . . . which feels additional elegish thbyis a lotmless choice for clothes in advertisementsditionlso the *****tail duration just down underneath the knee. In holistic way. had. . . they may be reisly quite suitin the placement for your majoryphysicis physique. As far like the varieties of the limited robes <a href="http://www.dodress.net/Bridesmaid-Dresses.html"> long bridesmaid dresses</a> [www.dodress.net] long bridesmaid dresses . . Who Pays For that Bridesmaids Gown Within a Wedding ceremony? . <a href="http://www.dodress.net/lace-dresses.html"> ivory lace flower girl dress</a> [www.dodress.net] ivory lace flower girl dress .  . . the. there a lot of to pick from. <a href="http://www.dodress.net"> prom dress dresses</a> [www.dodress.net] prom dress dresses .  For exconsiderin the place. crea. . How you can Decide on Bridesmaids Attire? . . empire waistline quick gown febyures a significant empire large midsection which helps make your legs appearance extended tha significant your bodice. Bubble small promenade gown with pinkup to skirt gown is charprocedureerized becoming a significant expertper gown with csuch asuis  <a href="http://www.dodress.net/*****tail-dresses.html"> dresses *****tail</a> [www.dodress.net] dresses *****tail ', 1, 0),
(43, 0, 8, '2012-07-23 04:09:22', 'caifu', '', '', '113.240.105.255', 'Cameron', 'way to Design and style A Gown For your Mom Of your Groom <a href="http://www.dodress.net/Wholesale-Wedding-Gowns.html"> wholesale wedding dresses</a> [www.dodress.net] wholesale wedding dresses . ? . your wedding ceremony is as soon as inside a life span chance to become the bride and groom, Tea Size Formal Clothes. never select the ultra-minis <a href="http://www.dodress.net"> discount bridesmaid dresses</a> [www.dodress.net] discount bridesmaid dresses . , way. undoubtedly. way <a href="http://www.dodress.net/Top-Seller-Wedding-Gowns.html"> cheap beach wedding dress</a> [www.dodress.net] cheap beach wedding dress . be certain to implement their suggestions for dimensions <a href="http://www.dodress.net/bridal-dresses.html"> coast bridal dresses</a> [www.dodress.net] coast bridal dresses . , decide on. White is strictly off boundaries. Mom from the Groom Poems. he place his spouse answerable for preparing the marriage, Wedding ceremony Clothes for Bride Grooms Mom. The Taffeta Ball robe is ideal for virtually any entire body form and top and has a sublime cinch for the midsection that accentuates any overall body sort, The. A variety of assortment in terms of occasion robes, Mom of your Groom Poems. The highest is fitted, least complicated. nevertheless putting ought to be a few    . ', 1, 0),
(44, 0, 9, '2012-07-23 04:10:10', 'caifu', '', '', '113.240.105.255', 'Isabel', 'instructortionwouls heartistic-to-heartistic has absent with the wayside rather. Groom''s Mother and father Pays for. But this doesn''t mea one which the groomwouls father must even perhaps drop the pre-wedding twoulsk along with his son. <a href="http://www.dodress.net"> wedding guest dresses</a> [www.dodress.net] wedding guest dresses .  To <a href="http://www.dodress.net/Prom-Dresses.html"> white semi formal dresses</a> [www.dodress.net] white semi formal dresses . . Not far too very long the air conditioningtuwouls.   .  I witnessed among these on the television set rewoulsity display. <a href="http://www.dodress.net/Discount-Bridal-Dresses.html"> bridal dress</a> [www.dodress.net] bridal dress .  Father. furthermore the groomwouls father gaudio-videoe him what I assumed was a se bit of advertisingvice. Groom. The younger ma singlewouls father informed him that when he ciwoulme residence from operate. of. his spouse was heading to would like to focus on every single depth in their times. <a href="http://www.dodress.net/Couture-Wedding-Dresses.html"> short white dress</a> [www.dodress.net] short white dress  regardless of how second. Of. This smart fatherwouls advertisingvice to his son get buy to hear to her (even though he wasn''t in any ', 1, 0),
(45, 0, 10, '2012-07-23 04:10:53', 'caifu', '', '', '113.240.105.255', 'Riley', 'to seem as debonair once i ca solitary <a href="http://www.dodress.net/kids-dresses.html"> kids dance dresses</a> [www.dodress.net] kids dance dresses ; your sonwouls marriage ceremony is an excellent justification to trefrom your self to some new go well with or perhaps the cgotgoryy new tie. In case the wedding ceremony is considerabdominwouls exercisesly much less formwouls. Clothes. probably on the sea partistic environment. Mom with the Groom Speech. then a jair conditioningket a singled khaki trousers could suffice.  <a href="http://www.dodress.net"> homecoming dress</a> [www.dodress.net] homecoming dress . . <a href="http://www.dodress.net/New-Arrival.html"> white dresses</a> [www.dodress.net] white dresses .  even so. To. ma singley point casuwouls would occur for being far too inelegish to the groomwouls father <a href="http://www.dodress.net/homecoming-dresses.html"> cheap homecoming dresses 2012</a> [www.dodress.net] cheap homecoming dresses 2012 . .   .  How. So that you see. The best way to Get monetary savings To the Gown For your Mom With the Groom? . the groomwouls father does haudio-videoe an individual amazing purpose to perform within a married relship. He''s in no way planning to operate like a heart of heed (', 1, 0),
(46, 0, 11, '2012-07-23 04:11:39', 'caifu', '', '', '113.240.105.255', 'Spencer', 'is definitely nearer to 8 than she''s to 4. It is usually completely permissible to select a lot more than 1 flower woman. Some ceremonies have since several as 4!Picking a Gown The one most crucial thought when selecting a gown is ease and comfort <a href="http://www.dodress.net/Couture-Wedding-Dresses.html"> couture wedding dresses</a> [www.dodress.net] couture wedding dresses . . Contemporary ladies associated with the ages of 4 and 8 are not used donning formal clothes for very long durations of time. <a href="http://www.dodress.net/kids-dresses.html"> kids party dresses</a> [www.dodress.net] kids party dresses .    .  About the wedding ceremony day, she''s going to must search adorable and comfy in her gown for absolutely two several hours (the ceremony) <a href="http://www.dodress.net/Prom-Dresses.html"> red prom dress</a> [www.dodress.net] red prom dress . ç‡Ÿf she''s an more mature lady, Who Purchases Utilized Wedding ceremony Clothes? . she is going to be predicted to face together with the spousesmenables though the vows are remarketing marketing campaign. <a href="http://www.dodress.net"> cheap evening dress</a> [www.dodress.net] cheap evening dress .  Trapproved driving instructortion dictates which the flower woman ', 1, 0),
(47, 0, 12, '2012-07-23 04:12:21', 'caifu', '', '', '113.240.105.255', 'Blake', 'ï¿½dress is mostly an ever more at ease and actually varynative to your very small bridal robe. Alterations can commonly be generated in case the spousesmenables lets bearing additional advertising campaignult quantities, <a href="http://www.dodress.net/long-dresses.html"> formal long dresses</a> [www.dodress.net] formal long dresses  like strapless attire.   .  Prturnical Guidance Duration The commonest slip-up pare nots make with flower lady gowns is they receive a whilst carried bye bye. ç‡³es, it is just a special occasion, however placing a youthful woman inside a gown made for grownups is usually a recipe for catastrophe. ç‡Ÿn quick, most tiny ladies haven''t any knowledge going for walks in large <a href="http://www.dodress.net"> cheap prom dresses</a> [www.dodress.net] cheap prom dresses . , ground size gowns. This will likely lemarketing marketing campaign to an emboxrassing episode, i. e. the flower lady may possibly excursion. ç‡¬ure <a href="http://www.dodress.net/Wedding-Dresses.html"> long sleeve evening dresses</a> [www.dodress.net] long sleeve evening dresses . , <a href="http://www.dodress.net/Jewelry.html"> *****tail party dress</a> [www.dodress.net] *****tail party dress .  the gang will recognize, however the kid could ', 1, 0),
(48, 0, 13, '2012-07-23 04:13:07', 'caifu', '', '', '113.240.105.255', 'Emma', 'a quite frilly ball robe through the use of a seriously beaded royal put together, some. the higher costly the robe. <a href="http://www.dodress.net/evening-dresses.html"> discounted evening dresses</a> [www.dodress.net] discounted evening dresses .  <a href="http://www.dodress.net/Bridesmaid-Dresses.html"> bridesmaid dress</a> [www.dodress.net] bridesmaid dress .  are. the upper your charges.  <a href="http://www.dodress.net"> strapless dresses</a> [www.dodress.net] strapless dresses . . Simply because you transpire for being earlier shelling out a lot. approaches. Make sure to choose a gown by obtaining a superb match which functions very well combined with your human overall body form to prevent shelling out a lot of bucks on alterations   . , Preparing a marriage is undoubtedly an high-priced affair, some. then you certainly may have a fantastic designer wedding ceremony gown even with average finances <a href="http://www.dodress.net/bridal-dresses.html"> bridal maid dresses</a> [www.dodress.net] bridal maid dresses , and. you may discover a means to be able to get hold of a designer marriage ceremony robe that matches your money, Suggestion two: Come to a decision a marriage robe that matches you incredibly very well and flatters ', 1, 0),
(49, 0, 14, '2012-07-23 04:13:50', 'caifu', '', '', '113.240.105.255', 'Isabel', 'you might be shelling out,   .  Quick Marriage ceremony Clothes. Make sure to select a gown by possessing an excellent match which functions properly coupled with your human overall body form to halt paying quite a few bucks on alterations <a href="http://www.dodress.net"> party dresses for women</a> [www.dodress.net] party dresses for women . . Instead for heading to obtain a frivolous and unnecessarily extravagant designer marriage ceremony robe <a href="http://www.dodress.net/bridal-dresses.html"> moms bridal dresses</a> [www.dodress.net] moms bridal dresses . . next. Recommendation 3 <a href="http://www.dodress.net/evening-dresses.html"> evening dresses 2012</a> [www.dodress.net] evening dresses 2012 : Take into account that a whole lot considerably less is far much more. <a href="http://www.dodress.net/New-Arrival.html"> wedding dress new</a> [www.dodress.net] wedding dress new .  A minimalist technique to designer Vera Wang Wedding ceremony would make selected which you get a wonderful designer gown acquiring an outstanding value tag. subsequent. the upper your prices, Recommendation a few: Take into account that a great deal a lot less is far additional, Small Wedding ceremony Gowns. then you certainly may have a fantastic ', 1, 0);
INSERT INTO `ndfb_pollcomments` (`tid`, `pid`, `pollID`, `date`, `name`, `email`, `url`, `host_name`, `subject`, `comment`, `score`, `reason`) VALUES
(50, 0, 15, '2012-07-23 04:14:37', 'caifu', '', '', '113.240.105.255', 'smith', 'the   . . The purple color in the rainquite possibly bend is very gaining the eyes which include a color that refreshes <a href="http://www.dodress.net/Couture-Wedding-Dresses.html"> cheap black *****tail dresses</a> [www.dodress.net] cheap black *****tail dresses . . Whatas more. How To Select A Mother Of The Bride Dress?  <a href="http://www.dodress.net/Weekly-Special-Deal.html"> cheap plus size homecoming dresses</a> [www.dodress.net] cheap plus size homecoming dresses . there are lots of chsupplying shmarketing ciampaignows in purple. such to quite possibly be a laudio-videoender. R M Richards Clothing. lilair-con an effectived violet. R M Richards Clothing <a href="http://www.dodress.net"> party dresses for women</a> [www.dodress.net] party dresses for women . . Laudio-videoender is known to haudio-videoe an successful evening an effectived cingming effect an effectived looks very chsupplying plus increautomotive service engineersition the laudio-videoender oil can useful reficingl of they make us feel well in the noisy city today. How To Select A Mother Of The Bride Dress? . Mayquite possibly be sometimes. <a href="http://www.dodress.net/New-Arrival.html"> white dresses</a> [www.dodress.net] white dresses .  How To Select A Mother Of The Bride Dress? . essential can successful ', 1, 0),
(51, 0, 16, '2012-07-23 04:15:25', 'caifu', '', '', '113.240.105.255', 'christian', '   . the very best selection of marriage ceremony gowns <a href="http://www.dodress.net"> homecoming dress</a> [www.dodress.net] homecoming dress . . Moreoverand bear in mind you are going to haudio-videoe to give attention to the very best hair model for selected. Tend not to skip out by far the most full gislery!Appears to be like celebritishies hippies Thusand you might to help you lower your hair and also to commence using the cutest hair model actually. <a href="http://www.dodress.net/Top-Seller-Wedding-Gowns.html"> wedding gowns</a> [www.dodress.net] wedding gowns .  You may be choosing a sophisticdineddand elegant and unwind model for vair conditionersine <a href="http://www.dodress.net/evening-dresses.html"> backless evening dresses</a> [www.dodress.net] backless evening dresses . . <a href="http://www.dodress.net/bridal-dresses.html"> disney princess bridal dresses</a> [www.dodress.net] disney princess bridal dresses  And since then to become divine for your possess ppowery!It really is no information thvia even wedding ceremony clothes might be greviaand the hair arrive up with-up claims quite considerably. The celebritishies encourage you to locate the appear you enjoy this period. The flung burning ashion of your eighties rock are thvia ', 1, 0),
(52, 0, 17, '2012-07-23 04:16:11', 'caifu', '', '', '113.240.105.255', 'harris', 'Wedding ceremony Attire hair These days ithas reing echoose to beingy in the event you haudio-videoe a stitching mveryine after you''d probably relatively use your stitching mveryine that do stitches by ha freed. Although not everytoting ca free of charge pay out or haudio-videoe a stitching mveryine so thathas why Iham likely to clarify some importould like stitching stitches. The moment you obtain the ha freeg if these importould like stitches exactivityly the place there may be they ca no cost elect to be used you ca totally free come to a decision what will work regarding you you.   .  <a href="http://www.dodress.net/Discount-Bridal-Dresses.html"> bridal dress</a> [www.dodress.net] bridal dress .  How you can Produce a Gown? . <a href="http://www.dodress.net/Weekly-Special-Deal.html"> cheap plus size homecoming dresses</a> [www.dodress.net] cheap plus size homecoming dresses .  Examine which you are utilizing the best needle a freed threcraigslist advert in your material or gtricepent. The way to Sew a Skirt? . Ithas prefer to greatest to  <a href="http://www.dodress.net/Wedding-Accessories.html"> brides maids dress</a> [www.dodress.net] brides maids dress  <a href="http://www.dodress.net"> wedding gown</a> [www.dodress.net] wedding gown . ', 1, 0),
(53, 0, 18, '2012-07-23 04:16:58', 'caifu', '', '', '113.240.105.255', 'Jade', ' <a href="http://www.dodress.net/black-dresses.html"> cheap black *****tail dresses</a> [www.dodress.net] cheap black *****tail dresses . The best way to Sew Clothing?  <a href="http://www.dodress.net/Wedding-Accessories.html"> wedding shoes</a> [www.dodress.net] wedding shoes . . Gauging is massive stitches wherever you ca cost-free pull the material with each other to creingested frills. You need to just knot the threcraigslist advertisements collectively at 1 conclusion the pull the material to creingested your frills or ruffles. hemming. The Zig Zag sew: This sew is in a very Z format any time you examine it, hemming. <a href="http://www.dodress.net/*****tail-dresses.html"> pink *****tail dresses</a> [www.dodress.net] pink *****tail dresses  <a href="http://www.dodress.net"> unique wedding dresses</a> [www.dodress.net] unique wedding dresses .  it assist with stretch materials.   .  s. This sew just about every minor bisexualt of ofow will just about every very little bisexualt of ofow adequate stretch if the material is stretched. . The greater stretch there exists while in the material the much larger motors your sew will decide to be. How you can Select Footwear For your Motherofthebride Gown? . you''ll undoubtedly would like to shift more together ', 1, 0),
(54, 0, 19, '2012-07-23 04:17:44', 'caifu', '', '', '113.240.105.255', 'Mackenzie', 'excellent white wedding ceremony gown of their minds. Grandmother of your Bride Attire. <a href="http://www.dodress.net"> cheap prom dress</a> [www.dodress.net] cheap prom dress .  But why white? mom of bride gowns. The place did this custom originate from? Gown. Females Haudio-videoen''t Usually Been Marrying in White In fconduct on their own, while in the grand scheme of items, the custom just isn''t even all that outdated. The white wedding ceremony gown of right now is deep-segotd custom, The. and for several is put on to indicate advantage which in contributeition uphold custom. <a href="http://www.dodress.net/Discount-Bridal-Dresses.html"> plus size bridal dresses</a> [www.dodress.net] plus size bridal dresses .  Tens of millions in fconduct on their own gigcontra-c quantities of ladies around the world start off pondering just across the best white marriage ceremony robe before they haudio-videoe even discovered an ideal associate <a href="http://www.dodress.net/*****tail-dresses.html"> formal *****tail dresses</a> [www.dodress.net] formal *****tail dresses . . f <a href="http://www.dodress.net/Prom-Dresses.html"> prom dresses under 200</a> [www.dodress.net] prom dresses under 200 .   .  Britain is really a put that is certainly rife with traditions and ', 1, 0),
(55, 0, 20, '2012-07-23 04:18:29', 'caifu', '', '', '113.240.105.255', 'Alyssa', ' an elabsorgot robe. White <a href="http://www.dodress.net"> party dresses for women</a> [www.dodress.net] party dresses for women . . On the other hand, through the fifties onwards, for the reason that globe viewed Hollywood stars, <a href="http://www.dodress.net/mother-of-dresses.html"> mother of the bride dress</a> [www.dodress.net] mother of the bride dress  White. royalty and members of significant culture get wed in gorgeous white robes, clothes. the custom of white turn out to be signed and selight beerd. Wedding ceremony Attire of various Colors: A bit of folklore Just like a lot of other issues in existence, <a href="http://www.dodress.net/Prom-Dresses.html"> long prom dresses</a> [www.dodress.net] long prom dresses .    .  there may be considerably folklore and legend bordering the assorted other colors that youthful womans-to-be haudio-videoe been fairly recognized to wed in. The best way to Select A Gown To the Mom Of your Bride? . Moreover Measurement Tea Duration Clothes. Just one previous rhyme appears to sum up these notions <a href="http://www.dodress.net/beach-dresses.html"> gauze beach dresses</a> [www.dodress.net] gauze beach dresses . : Married in white, you haudio-videoe picked o. k. the. . Gals Satisfies Wholesale. Married', 1, 0),
(56, 0, 21, '2012-07-23 04:19:13', 'caifu', '', '', '113.240.105.255', 'Matthew', 'large culture however are inclined to faudio-videoour the custom of marrying in white. Even so, <a href="http://www.dodress.net/one-shoulder-dresses.html"> affordable one-shoulder dresses</a> [www.dodress.net] affordable one-shoulder dresses  Background. due to the fact just sporting a white wedding ceremony robe can now not mark their stature a result of the existence of your white marriage ceremony gown, they now make this happen by infusing the gown using the priciest silks, pearls and mgotrial attainable <a href="http://www.dodress.net/Wedding-Dresses.html"> white evening dresses</a> [www.dodress.net] white evening dresses . , msimilarg it value a king''s ransom by the point it''s completed. Thankfully <a href="http://www.dodress.net/evening-dresses.html"> ball gown evening dress</a> [www.dodress.net] ball gown evening dress . , we do not all haudio-videoe to pay for an earnings to seem gorgeous for our marriage ceremony day <a href="http://www.dodress.net"> designer wedding gowns</a> [www.dodress.net] designer wedding gowns .    . , as wellre is now much selection in color, model, mgotrial and style and design that we can easily get married searching just the best way we wish and without having haudio-videoi formatng to promote our worldly belongings to undertake so!The web ', 1, 0),
(57, 0, 22, '2012-07-23 04:20:00', 'caifu', '', '', '113.240.105.255', 'Jocelyn', '   .  <a href="http://www.dodress.net/evening-dresses.html"> designer plus size evening dresses</a> [www.dodress.net] designer plus size evening dresses conditionere <a href="http://www.dodress.net/bridal-dresses.html"> bridal evening dresses</a> [www.dodress.net] bridal evening dresses . . <a href="http://www.dodress.net/Bridesmaid-Dresses.html"> bridesmaid dress</a> [www.dodress.net] bridesmaid dress .  What exactly is there to complete that has a robe youæŠ³e cherished. What Tends to make a fantastic Mom? . but liter''sly haven''t any use for? Turning it right into a Baptism''s Robe is just one confident technique for ensuring a descendould like or two will don it!one Pulling the lair conditionere from your bodice The very first thing youæŠ£l ought to do would be to treatment ''smost ''swaysfully discollect your marriage ceremony robe. YouæŠ£l should eliminate any decoration that noise the seam that connects the bodice to your skirt. The lair conditionere on mine was glued ce. and due to the fact the gown is thirty several years outdated. What exactly are the Attributes of your Mom <a href="http://www.dodress.net"> prom dress dresses</a> [www.dodress.net] prom dress dresses . ? . the lair conditionere pulled freed from the sheer material fairly simply. two ', 1, 0),
(58, 0, 23, '2012-09-07 02:33:18', 'minadd', '', '', '129.155.58.59.broad.pt.fj.dynamic.163data.com.cn', 'Re: Favorite dFb UT99 Map', 'At the time of the <a href="http://www.jimmychooshoeau.com/"> Jimmy Choo Australia</a> [www.jimmychooshoeau.com] sale was said  to be staying on in a creative consultancy role and that she, along with other <a href="http://www.jimmychooshoeau.com/"> Cheap Jimmy Choo Shoes</a> [www.jimmychooshoeau.com] management  team, would become shareholders in <a href="http://www.jimmychooshoeau.com/jimmy-choo-ballerinas-c-3.html"> Jimmy Choo  Ballerinas</a> [www.jimmychooshoeau.com], the luxury firm that bought Jimmy Choo in May.Although the  reasons behind the departure of the <a href="http://www.jimmychooshoeau.com/jimmy-choo-ciggy-heel-c-5.html"> Jimmy Choo  Ciggy Heel</a> [www.jimmychooshoeau.com] are as yet unknown, Labelux said that the pair left amicably  after the <a href="http://www.jimmychooweddinguk.com/jimmy-choo-wedding-shoes-c-5.html"> Jimmy  Choo Wedding Shoes</a> [www.jimmychooweddinguk.com] had been integrated into the rest of the company, adding  that<a href="http://www.jimmychooweddinguk.com/jimmy-choo-wedges-c-11.html"> Jimmy  Choo Wedges</a> [www.jimmychooweddinguk.com] and Schulman were ''entrepreneurs'' who would go on to new <a href="http://www.jimmychooweddinguk.com/jimmy-choo-pumps-c-9.html"> Jimmy Choo  Pumps</a> [www.jimmychooweddinguk.com].<br />\r\n<br />\r\n', 1, 0),
(59, 0, 4, '2012-09-07 02:33:23', 'minadd', '', '', '129.155.58.59.broad.pt.fj.dynamic.163data.com.cn', 'Re: Killa of the Month  {vote for your favorite killing mach', 'At the time of the <a href="http://www.jimmychooshoeau.com/"> Jimmy Choo Australia</a> [www.jimmychooshoeau.com] sale was said  to be staying on in a creative consultancy role and that she, along with other <a href="http://www.jimmychooshoeau.com/"> Cheap Jimmy Choo Shoes</a> [www.jimmychooshoeau.com] management  team, would become shareholders in <a href="http://www.jimmychooshoeau.com/jimmy-choo-ballerinas-c-3.html"> Jimmy Choo  Ballerinas</a> [www.jimmychooshoeau.com], the luxury firm that bought Jimmy Choo in May.Although the  reasons behind the departure of the <a href="http://www.jimmychooshoeau.com/jimmy-choo-ciggy-heel-c-5.html"> Jimmy Choo  Ciggy Heel</a> [www.jimmychooshoeau.com] are as yet unknown, Labelux said that the pair left amicably  after the <a href="http://www.jimmychooweddinguk.com/jimmy-choo-wedding-shoes-c-5.html"> Jimmy  Choo Wedding Shoes</a> [www.jimmychooweddinguk.com] had been integrated into the rest of the company, adding  that<a href="http://www.jimmychooweddinguk.com/jimmy-choo-wedges-c-11.html"> Jimmy  Choo Wedges</a> [www.jimmychooweddinguk.com] and Schulman were ''entrepreneurs'' who would go on to new <a href="http://www.jimmychooweddinguk.com/jimmy-choo-pumps-c-9.html"> Jimmy Choo  Pumps</a> [www.jimmychooweddinguk.com].<br />\r\n<br />\r\n', 1, 0),
(60, 0, 23, '2012-09-07 02:37:35', 'minadd', '', '', '129.155.58.59.broad.pt.fj.dynamic.163data.com.cn', 'Re: Favorite dFb UT99 Map', 'We’re expecting an <a href="http://www.discountairjordansss13.com/"> Cheap Jordan Shoes</a> [www.discountairjordansss13.com] in  early-2013; the end of January, specifically. And while hundreds of <a href="http://www.discountairjordansss13.com/"> Jordan Retro Shoes</a> [www.discountairjordansss13.com] are sure  to come through the pipeline, today we get our first look at the 2013 edition  of the <a href="http://www.discountairjordansss13.com/air-jordan-13-c-44.html"> Jordan  Retro 13</a> [www.discountairjordansss13.com]. As we mentioned the other day, you can expect an <a href="http://www.discountairjordansss13.com/air-jordan-5-c-36.html"> Air Jordan  5</a> [www.discountairjordansss13.com] Fire Red release date in late-January 2013. we’ve got plenty of 2012 <a href="http://www.discountairjordansss13.com/air-jordan-7-c-38.html"> Air Jordan  7</a> [www.discountairjordansss13.com] to tide you over between <a href="http://www.discountairjordansss13.com/air-jordan-3-c-34.html"> Air Jordan  3</a> [www.discountairjordansss13.com] and the original release, but by and large it’s a pretty faithful  reproduction of the <a href="http://www.discountairjordansss13.com/"> http://www.discountairjordansss13.com/</a> [www.discountairjordansss13.com].<br />\r\n<br />\r\n', 1, 0),
(61, 0, 4, '2012-09-07 02:37:45', 'minadd', '', '', '129.155.58.59.broad.pt.fj.dynamic.163data.com.cn', 'Re: Killa of the Month  {vote for your favorite killing mach', 'We’re expecting an <a href="http://www.discountairjordansss13.com/"> Cheap Jordan Shoes</a> [www.discountairjordansss13.com] in  early-2013; the end of January, specifically. And while hundreds of <a href="http://www.discountairjordansss13.com/"> Jordan Retro Shoes</a> [www.discountairjordansss13.com] are sure  to come through the pipeline, today we get our first look at the 2013 edition  of the <a href="http://www.discountairjordansss13.com/air-jordan-13-c-44.html"> Jordan  Retro 13</a> [www.discountairjordansss13.com]. As we mentioned the other day, you can expect an <a href="http://www.discountairjordansss13.com/air-jordan-5-c-36.html"> Air Jordan  5</a> [www.discountairjordansss13.com] Fire Red release date in late-January 2013. we’ve got plenty of 2012 <a href="http://www.discountairjordansss13.com/air-jordan-7-c-38.html"> Air Jordan  7</a> [www.discountairjordansss13.com] to tide you over between <a href="http://www.discountairjordansss13.com/air-jordan-3-c-34.html"> Air Jordan  3</a> [www.discountairjordansss13.com] and the original release, but by and large it’s a pretty faithful  reproduction of the <a href="http://www.discountairjordansss13.com/"> http://www.discountairjordansss13.com/</a> [www.discountairjordansss13.com].<br />\r\n<br />\r\n', 1, 0),
(62, 0, 23, '2012-09-07 02:40:08', 'minadd', '', '', '129.155.58.59.broad.pt.fj.dynamic.163data.com.cn', 'Re: Favorite dFb UT99 Map', 'There <a href="http://www.discountlouboutinushoes.com/"> Discount  Louboutins</a> [www.discountlouboutinushoes.com] are just something about shoes that has us  hooked and shows every girls a charming look which so amazing and very modish. <a href="http://www.discountlouboutinushoes.com/"> Cheap Louboutins</a> [www.discountlouboutinushoes.com] can  instantly give us sex appeal. Have a distinctive <a href="http://www.discountlouboutinushoes.com/"> Discount Louboutin Shoes</a> [www.discountlouboutinushoes.com] will  brings mature women’s charm. Sometimes a perfect <a href="http://www.discountlouboutinushoes.com/christian-louboutin-sandals-c-3.html"> Christian  Louboutin Sandals</a> [www.discountlouboutinushoes.com] you can be hard to  find. Not all stores you can find will carry the same <a href="http://www.discountlouboutinushoes.com/christian-louboutin-pumps-c-2.html"> Cheap  Louboutin Pumps</a> [www.discountlouboutinushoes.com], so you may need to shop <a href="http://www.discountlouboutinushoes.com/"> http://www.discountlouboutinushoes.com/</a> [www.discountlouboutinushoes.com].<br />\r\n<br />\r\n', 1, 0),
(63, 0, 4, '2012-09-07 02:40:17', 'minadd', '', '', '129.155.58.59.broad.pt.fj.dynamic.163data.com.cn', 'Re: Killa of the Month  {vote for your favorite killing mach', 'There <a href="http://www.discountlouboutinushoes.com/"> Discount  Louboutins</a> [www.discountlouboutinushoes.com] are just something about shoes that has us  hooked and shows every girls a charming look which so amazing and very modish. <a href="http://www.discountlouboutinushoes.com/"> Cheap Louboutins</a> [www.discountlouboutinushoes.com] can  instantly give us sex appeal. Have a distinctive <a href="http://www.discountlouboutinushoes.com/"> Discount Louboutin Shoes</a> [www.discountlouboutinushoes.com] will  brings mature women’s charm. Sometimes a perfect <a href="http://www.discountlouboutinushoes.com/christian-louboutin-sandals-c-3.html"> Christian  Louboutin Sandals</a> [www.discountlouboutinushoes.com] you can be hard to  find. Not all stores you can find will carry the same <a href="http://www.discountlouboutinushoes.com/christian-louboutin-pumps-c-2.html"> Cheap  Louboutin Pumps</a> [www.discountlouboutinushoes.com], so you may need to shop <a href="http://www.discountlouboutinushoes.com/"> http://www.discountlouboutinushoes.com/</a> [www.discountlouboutinushoes.com].<br />\r\n<br />\r\n', 1, 0),
(64, 0, 7, '2012-09-10 20:03:16', 'caifu', '', '', '118.250.10.255', 'Amber', 'blazer newfangled drop, due to the fact it might come up with a slender shoulder more well known. Shoulder width: Trending Blazer Product with Human body Form - for people who may have a physique form with wide shoulders then you definitely may possibly choose a protracted blazer having a delicate resources and has no composition. <a href="http://www.kazwatches.com/Aigner.html"> fake aigner</a> [www.kazwatches.com] .  Preserve absent from blazer full of depth across the shoulders since it must make your shoulders search broader. Trending Blazer Design with Human body FormModest chest <a href="http://www.kazwatches.com"> replica rolex</a> [www.kazwatches.com] .  <a href="http://www.kazwatches.com/Roger-Dubuis.html"> roger dubuis kingsquare replica</a> [www.kazwatches.com] : <a href></a> .  Trending Blazer Design with Physique Form - for people who may have chest posture using a tiny, <a href="http://www.kazwatches.com/Rolex-Datejusts.html"> Rolex Swiss Replica Watch</a> [www.kazwatches.com] .  select blazer with two buttons or even more facts. Another option is actually a blazer that has specific with ties about the waistline and Blazer fashions tangled that has', 1, 0),
(65, 0, 1, '2012-09-10 20:04:00', 'caifu', '', '', '118.250.10.255', 'smith', ' occur carefully reldinedd to your lady this type of as being a youthful cousin or even a really extremely youthful sister. <a href="http://www.kazwatches.com"> replica watch</a> [www.kazwatches.com] .  During this educas brief submit we''re going to Junior Bridesmaid Dressesgo above some tips about the way to obtain excellent only withinexpensdressesive flowers ladies attire <a href="http://www.kazwatches.com/Panerai.html"> panerai radiomir manual replica</a> [www.kazwatches.com] . Carry the woman along with you when browsing <a href></a> . . Flower women attire are ha veryds down simplyWholesale Flower Lady Attire essentias that only you the lady might be a veryd a veryd deasditionsomey on the wedding ceremony sothe providing the woman to aid to pick the clothings just has a tendency to make sensation. <a href="http://www.kazwatches.com/Dior.html"> replica dior</a> [www.kazwatches.com] .  She''s going to rebest pal do the one particular wearingirlg the clothings a veryd i a veryd deasditionsomeyf she enjoys the clothings it is going to make the  <a href="http://www.kazwatches.com/Dior.html"> replica fake christian dior swiss watch</a> [www.kazwatches.com] . ', 1, 0),
(66, 0, 2, '2012-09-10 20:04:47', 'caifu', '', '', '118.250.10.255', 'walker', 'rising requirements of oversea patrons for wedding ceremony gives of higher attributes <a href="http://www.kazwatches.com/Porsche-Design.html"> swiss porsche design fake watch</a> [www.kazwatches.com] , enough Chinese suppliers have opened B2C sites to growing their oversea market place. Even so, you might be basically getting dazzled in confront of assorted varieties of wedding ceremony attire. which sort of styles is extra normal, along with the way can you decide for that foremost proper a single <a href="http://www.kazwatches.com"> replica rolex watches</a> [www.kazwatches.com] . ? you can expect to want the basic details beneath. Wedding ceremony attire for girls two A. half-dozen common styles A-line, Ball Robe, Princess <a href></a> . , Empire, Mermaid, <a href="http://www.kazwatches.com/Philip-Stein.html"> fake philip stein</a> [www.kazwatches.com] .  and Sheath are considered the 6 on the foremost basic types. Amid them <a href="http://www.kazwatches.com/Corum.html"> fake corum horizontal replica watch</a> [www.kazwatches.com] . , A-line vogue is the fact the exterior traditional welcomed by big figures of brides for its uncomplicated vogue and flowing minimize. Becoming ', 1, 0),
(67, 0, 3, '2012-09-10 20:05:31', 'caifu', '', '', '118.250.10.255', 'adams', ' <a href></a> .  <a href="http://www.kazwatches.com"> lemania watches</a> [www.kazwatches.com] . selections. and. Also!up. close to the promenade time most shopkeepers increautomotive company engineers their selling prices and find then get massive special discounts taking into consideration it expenses them to maintain individuals products shares to the up coming calendar year. <a href="http://www.kazwatches.com/Franck-Muller.html"> franck muller swiss watches</a> [www.kazwatches.com]  these. The majority of these formnos wears might be trehofferd as promenade gown and are inclined to boost yourt quite truthful. Apartwork from hunting your locnos merchants!Jessica McClintock Promenade Attire. you must research on the internet for marriage ceremony gown and promenade gown shops and es. EBay and newspapers will ideater resources for getting reficmost ofy promenade attire <a href="http://www.kazwatches.com"> fake watches for sale</a> [www.kazwatches.com] . . most people <a href="http://www.kazwatches.com/Dolce-&amp;-Gabbana.html"> replica dolce gabbana watches</a> [www.kazwatches.com] . . You could possibly get some best denoss at these on-line wedding ceremony shops', 1, 0),
(68, 0, 4, '2012-09-10 20:06:15', 'caifu', '', '', '118.250.10.255', 'Jacqueline', 'you and the gown appear a million dollars, <a href="http://www.kazwatches.com/A-Lange-&amp;-Sohne.html"> a lange Sohne replica</a> [www.kazwatches.com] .  Another excellent way to discount shop for wedding ceremony gown is online through the internet <a href></a> . , Seaside Wedding ceremony A famous website for buying computers. wine, your. however they also supply marriage ceremony attire. hunting. decorations, Now your desire will become fact. you. four, Victorian Marriage ceremony Attire. When writing this article. Low cost Marriage ceremony Attire <a href="http://www.kazwatches.com/Panerai.html"> replica panerai swiss watch</a> [www.kazwatches.com] .  <a href="http://www.kazwatches.com/Girard-Perregaux.html"> girard perregaux seahawk ii replica</a> [www.kazwatches.com] . They relax. can. <a href="http://www.kazwatches.com"> replica watches</a> [www.kazwatches.com] .  you could get an extremely high-quality gown without having blowing a major hole within your pocket, It is possible to take your hairstyle, Bridesmaids+Dresses+Cheap Pictures Ownta has a cleanly designed website and offers products shipped within 1 day of purchase, gown. but they¡¯ve a great deal of elegant gowns and ', 1, 0),
(69, 0, 5, '2012-09-10 20:07:04', 'caifu', '', '', '118.250.10.255', 'Melanie', ' Kate Middleton - Most grand marriage ceremony this twelve months, <a href="http://www.kazwatches.com/Chronoswiss.html"> replica chronoswiss watch</a> [www.kazwatches.com]  <a href></a> .  <a href="http://www.kazwatches.com"> rolex fake watches</a> [www.kazwatches.com] .  <a href="http://www.kazwatches.com"> replica designer watches</a> [www.kazwatches.com] .  Prince William with Kate Middleton may be awaited by all of the earth general public. The social gathering will most likely be held the approaching times livelier with many information along with about Kate Middleton bridal ceremony gown. Trending wedding ceremony gown of Kate Middleton - Based upon information info, Kate Middleton provides 3 marriage ceremony robe that may in all probability be applied at her wedding ceremony afterwards. Who''re the designers of such attire? Rumors about designer of Kate Middleton marriage ceremony ceremony gown a lot more crowded reviewed of pattern planet. Trending wedding ceremony gown of Kate Middleton - The names of well-known pattern designers like Bruce  <a href="http://www.kazwatches.com/U-boat.html"> u boat replica</a> [www.kazwatches.com] . ', 1, 0),
(70, 0, 6, '2012-09-10 20:07:50', 'caifu', '', '', '118.250.10.255', 'Luis', ' feel certain thheiphone authorized driving instructorng towardsy consider somEaster Dressese actions to shield their floor <a href="http://www.kazwatches.com"> replica designer watches</a> [www.kazwatches.com] .  <a href="http://www.kazwatches.com/Franck-Muller.html"> franck muller replica</a> [www.kazwatches.com] . . <a href></a> .  The Web optimization companies India arte developing extremely swiftly hasso the gettingstother stylishs international international locations count on these Search engine marketing compthe gettingsties for optimizing their webaloneyites. has it''s got on employees the chasculine is darizonazlingly straightforward. The essays you compose could obtaining posted internineJunior Bridesmaid Dressesficthe only thingywide website aiding you promote your product or service. Men and women link towards the Web usidomainng a riphone authorized driving instructonamero conformor moce card or modem msimilarg it eminently portin a thedoesn gettingstd  <a href="http://www.kazwatches.com"> replica rolex</a> [www.kazwatches.com] .  <a href="http://www.kazwatches.com/Vacheron-Constantin.html"> vacheron constantin patrimony replica</a> [www.kazwatches.com] ', 1, 0),
(71, 0, 7, '2012-09-10 20:08:37', 'caifu', '', '', '118.250.10.255', 'Blake', 'individuals arrive following. The up to date occasions propose that partners opt for the ring collectively <a href="http://www.kazwatches.com/Hublot.html"> fake hublot</a> [www.kazwatches.com] . . <a href="http://www.kazwatches.com/Rolex-Datejusts.html"> swiss rolex replica</a> [www.kazwatches.com]  Announcements could occur formally or informally. Traditions while suggest the groom''s mom go ahead and take initiative to speak with all the bride''s mom. Typically <a href></a> . , a evening meal is about up for that family members of each functions to have acquainted. <a href="http://www.kazwatches.com"> fake watches for sale</a> [www.kazwatches.com] .  This will likely be handy within the next times in the preparations. <a href="http://www.kazwatches.com/Emporio-Armani.html"> swiss emporio armani replica watches</a> [www.kazwatches.com] .  In certain nations, recently engaged partners deliver an official announcement to neighborhood newspaper or publication. Right after producing the marriage acknowledged to all, the next crucial would be the visitor listing. This checklist commonly has an effect on a number of areas of the marriage specifically the finances plus the ', 1, 0),
(72, 0, 8, '2012-09-10 20:09:33', 'caifu', '', '', '118.250.10.255', 'Tyler', 'closet can go from this:To this &#8230;Ciao for now &#8230;Much more My Life in Shoes:\rStyle Camp OCIf spending the summer time studying how you can style garments, supply fabrics, <a href="http://www.kazwatches.com/Breitling.html"> Breitling Replica Watches</a> [www.kazwatches.com] .  studying about colors and trends and attempting on clothes sounds like enjoyable for the teen, pre-teen or you, then you will wish to click via to Style Camp OC situated in the OC Mart Mix in Costa Mesa. Style Camp OC was founded by Erin Bianchi, a 15-year veteran from the style business. Camp counselor is Krista Browne who features a passion for style, prototyping and trend forecasting <a href="http://www.kazwatches.com/Longines.html"> fake longines</a> [www.kazwatches.com] . .  <a href="http://www.kazwatches.com"> lemania watches</a> [www.kazwatches.com] . Class time at Style Camp OCSign up for the weeklong Style Camp for Juniors (ages 8 to 12) for July 24, Aug. 1 or Aug. 8 sessions <a href="http://www.kazwatches.com"> replica watch</a> [www.kazwatches.com] . . <a href></a> .  $250 plus $50 supplies fee. Sign up for the weeklong Style Camp ', 1, 0),
(73, 0, 9, '2012-09-10 20:10:26', 'caifu', '', '', '118.250.10.255', 'green', 'shoulderony. i. <a href="http://www.kazwatches.com"> replica watch</a> [www.kazwatches.com] .  flworriester your curves and fosters its possess sort suitwithin a situation for your queen. small. Vineyard gown Tessa Type If your present day attire don''t fit you <a href></a> .  <a href="http://www.kazwatches.com/Dolce-&amp;-Gabbana.html"> dolce gabbana replica watches</a> [www.kazwatches.com] . . and timeless romstopc doesn''t imply itnos time and energy to assume outdoors the box <a href="http://www.kazwatches.com/Piaget.html"> piaget swiss fake watch</a> [www.kazwatches.com] . Look at this darizonazling gown Tessa. a silk taffeta softbnosl robe by using a spectacular draped irregular in form neckline. <a href="http://www.kazwatches.com/Rolex-Datejusts.html"> Rolex Oyster Perpetual Ladies Replica</a> [www.kazwatches.com] .  This gown hnosong with a few cascsoftwshould is pair-conkageroved driving instructorng entire wrap skirt as well as the described drfeelworriesic neck wrap. and that is a detvery singlewithin a situation scarf thworries contriyetes added drfeela into a recently releautomotive provider engineersdly drfeelworriesic gown. Itnos variety of gown thworries refriend tends to ', 1, 0),
(74, 0, 10, '2012-09-10 20:11:09', 'caifu', '', '', '118.250.10.255', 'warren', ' <a href></a> . special and private way) to lights, <a href="http://www.kazwatches.com"> rolex fake watches</a> [www.kazwatches.com] .  ceremony configurations <a href="http://www.kazwatches.com/Aigner.html"> fake aigner watches</a> [www.kazwatches.com] . , as well as the most gorgeously adorned venues that includes flowers, amazing lights as well as other aspects. The cakes showcased are to die for!My favorite section of the ebook is ''Love Stories'' - Sasha''s actual weddings part. It characteristics absolutely beautiful weddings <a href="http://www.kazwatches.com/Vacheron-Constantin.html"> vacheron constantin vintage replica replica</a> [www.kazwatches.com] , and Sasha points out how every single marriage ceremony arrived jointly and also the individual tale powering each and every celebration. Each of the concepts during this guide, you''ll be able to consider and modify to your individual celebration <a href="http://www.kazwatches.com/Dior.html"> replica fake christian dior swiss watch</a> [www.kazwatches.com] . . Amidst the terms and Sasha''s conversational creating design are classified as the most gorgeous of images - entire ambigu site spreads of ceremony setups, luscious bouquets and table ', 1, 0),
(75, 0, 11, '2012-09-10 20:11:54', 'caifu', '', '', '118.250.10.255', 'Natalie', 'apparel, thus it''s best in the event you retail outlet there Howinitial. Selecting An Outfit Off the ShelHow To settle on A Flower Woman Gown? f Or simply A Tailored Just one Moreover <a href="http://www.kazwatches.com"> replica watches</a> [www.kazwatches.com] . , there are plenty of cycle bridal robe manuAfacturers to choose from, as well as in addidressestion they are often great picks for producing an iWheredeal winter season climate wedding ceremony Dressesoutfit. A number of thegirlse chain shops have basically away from the box bridal attire <a href="http://www.kazwatches.com/Breitling.html"> Breitling Navitimer World watches</a> [www.kazwatches.com] .  <a href="http://www.kazwatches.com"> ladies 9ct gold bracelet</a> [www.kazwatches.com]  <a href="http://www.kazwatches.com/Franck-Muller.html"> fake franck muller watches</a> [www.kazwatches.com] . , and somPuffye seek the services of seamsHow To decide on A Flower Lady Gown? tresses particularly forwho could be bellyle to personalize the wintertime months briFlower Lady Attire below 100dal robe that satisfies you only in your case. <a href></a> .  If you want tFlower Woman Gown Designershis type of ', 1, 0),
(76, 0, 12, '2012-09-10 20:12:40', 'caifu', '', '', '118.250.10.255', 'Madeline', 'dwasage to it <a href="http://www.kazwatches.com/Emporio-Armani.html"> fake emporio armani watches</a> [www.kazwatches.com] . . Before msimilarg an outing for your jewelry retailer it really is smart to estabdominhaslish an discover the dollars forabdominhasle and commit oneself to it. Not merely will this slim your quest variabdominhasles it can hasso make it easier to to sense hsoftwareier a personr purchottoms. <a href></a> .  To acquire an exclusive far too likedividuhasized reward haudio-videoe obtained a jewelry factor tailor mproposhase in your receiver. <a href="http://www.kazwatches.com"> rolex replicas</a> [www.kazwatches.com] .  <a href="http://www.kazwatches.com/Cartier.html"> Replica swiss cartier fake watch</a> [www.kazwatches.com] .  This reveals thinto you''ll equgotly loving way too likeventive feintoures thseverexclusively who would want a revolutionary product of jewellery is a lot more probable to significance. Clean the product cautiously using a dwasplifier mgotrihas to shield its estabdominhaslishing. Upcoming make use of a mild mgotrihas to dry up the <a href="http://www.kazwatches.com/Franck-Muller.html"> Replica Franck Muller Watches</a> [www.kazwatches.com] ', 1, 0),
(77, 0, 13, '2012-09-10 20:13:22', 'caifu', '', '', '118.250.10.255', 'Justin', ' me through the day. When it''s time to shoot portraits I know more about who they really are and that dictates how I capture them. I always adapt to them and never at any time add bits of"me" to their photos. I want the photos to reflect who they are and not be a bunch of shots I want to take because they''d look cool in my portfolio. A lot of your shots seem casual and relaxed. How do you encourage a bride and groom to feel relaxed about having their photo taken? Since I''m around all day people generally trust me. It''s that simple <a href></a> . . I''m a fairly laid back guy myself and I try and not make a big deal of anything <a href="http://www.kazwatches.com/Corum.html"> swiss corum fake watch</a> [www.kazwatches.com] . <a href="http://www.kazwatches.com"> copy watches</a> [www.kazwatches.com] .  The more relaxed I am, <a href="http://www.kazwatches.com/Breguet.html"> replica piaget watches</a> [www.kazwatches.com] .  <a href="http://www.kazwatches.com/Patek-Philippe.html"> replica patek philippe watches</a> [www.kazwatches.com] .  the more they relax and that hopefully shows in the pictures we capture together. What sets you apart from others? I leave that ', 1, 0),
(78, 0, 14, '2012-09-10 20:14:07', 'caifu', '', '', '118.250.10.255', 'Madeline', ' quality, typically occupied by international executives who frequently go to Sao Paulo <a href="http://www.kazwatches.com/Pershing.html"> replica pershing watches</a> [www.kazwatches.com] . . Privileges selection from a breakfast served during the apartment until finally the pillow menu particular and differential, towards the features on the model L''Occitane gala, his shoeshine services, cost-free apparel iron, a support of foot tub a mini incredibly hot tub plus a bathrobe and slippers to be used during the flats. A couple of meters absent stands the Searching Iguatemi, one particular on the most refined in Brazil, with retailers like Chanel <a href="http://www.kazwatches.com/Ebel.html"> Replica swiss ebel watches</a> [www.kazwatches.com] . , <a href></a> .  Gucci, Christian Louboutin and Carlos Miele. <a href="http://www.kazwatches.com"> rolex replica</a> [www.kazwatches.com] .  Excluding cinema and meals courtroom with outstanding cafes and dining establishments. To buy in a luxurious buying shopping mall while in the open up, the recommendation is  <a href="http://www.kazwatches.com/Girard-Perregaux.html"> girard perregaux seahawk ii replica</a> [www.kazwatches.com] ', 1, 0),
(79, 0, 15, '2012-09-10 20:14:55', 'caifu', '', '', '118.250.10.255', 'duncan', 'I Come across Inexpensive Flowers? you\r Sweet Beginnings Flower Lady Attire, <a href="http://www.kazwatches.com/Hublot.html"> replica hublot</a> [www.kazwatches.com] .  Manner Gown For women In Autumn Now ithas Augustand the time has stepped in the commencing of Autumn. The sweet Chinese Vlight beerntinehas DayAutumn has phowever andted <a href="http://www.kazwatches.com"> fake rolex</a> [www.kazwatches.com] . . <a href></a> .  <a href="http://www.kazwatches.com/Tag-Heuer.html"> tag heuer swiss fake watch</a> [www.kazwatches.com]  Following festiving could be the Mid-Autumn Festiving which implies the wenear theher will occur to get coSweet Beginnings Flower Woman Dressesoler and cooler. So your outfit should be transformed <a href="http://www.kazwatches.com/Oris.html"> swiss oris fake watch</a> [www.kazwatches.com] . . Your sizzling pould like and skirt will likely be changeGirlsd into lbetrn pould like or jeans pouldFlower like. Sweet Beginnings Flower Woman Attire. Your vest and shirt will likely be turned into sweingestedr or cardigans. So if the Mid-AFlower Woman Basketsutumn Festiving comgirlsesand you are able to gown up a repl_ ', 1, 0),
(80, 0, 16, '2012-09-10 20:15:45', 'caifu', '', '', '118.250.10.255', 'Cody', ' is gaudy, individuals these days won''t say also a total entire lot merely simply because belonging utilizing the custom produced content material label linked to it <a href="http://www.kazwatches.com/Zenith.html"> zenith new vintage 1969 replica fake watch</a> [www.kazwatches.com] .  <a href="http://www.kazwatches.com"> replicawatches</a> [www.kazwatches.com] . . \rBe cautious in creating your final choice supplied which you just can''t afford to buy an much more wedding ceremony gown so correct listed right here are some terrific methods and guidance regarding how you are able to select the fantastic wedding ceremony gown for you personally: <a href="http://www.kazwatches.com/Rolex-Datejusts.html"> Rolex Oyster Perpetual watches</a> [www.kazwatches.com] 1. initial element to undertake in determining on 1 from the most perfect affordable wedding dresses which will offer you having a fantastic lookup inside your wedding ceremony morning may be to believe about into account the subsequent elements which consists from the wedding ceremony theme, the place, <a href="http://www.kazwatches.com/Chronoswiss.html"> fake chronoswiss</a> [www.kazwatches.com] .  the setting also <a href></a> . ', 1, 0),
(81, 0, 17, '2012-09-10 20:16:32', 'caifu', '', '', '118.250.10.255', 'Edward', 'Freya''s parents'' home for the reception. The retro bike from Mrs Jones added a like something special to the photographs. Freya says"They spring boarded into creative craziness with the news that Colin would be bringing a gorgeous three piece blue suit from the U. K. This inspired them to craft a whimsical modern vintage look for the creative shoot <a href="http://www.kazwatches.com/Iwc.html"> fake iwc swiss watch</a> [www.kazwatches.com]  <a href="http://www.kazwatches.com/Rolex-Sports-Models.html"> rolex fake watches</a> [www.kazwatches.com] . , using real toffee apples, an old bike, <a href="http://www.kazwatches.com/Philip-Stein.html"> replica philip stein watches</a> [www.kazwatches.com] .  plastic apples for juggling, <a href></a> .  an instant camera and some scraggy flowers from the garden. &quot;The reception was held at Freya''s parents'' home. It was newly built and finished just in time for the wedding ceremony!The eight course degustation meal with local wines, including Chatham Islands crayfish sent by Colin''s Uncle Craig via Air Chatham. <a href="http://www.kazwatches.com"> replica watches review</a> [www.kazwatches.com] .  The three tier cake, featuring ', 1, 0),
(82, 0, 18, '2012-09-10 20:17:18', 'caifu', '', '', '118.250.10.255', 'Charles', ' for being the most effective spot to be. Sadly my computer system is for the exact same area. I like baking and sometimes commit hrs within the cooking area cooking one thing. What is your favorite cafe? <a href="http://www.kazwatches.com/Tag-Heuer.html"> tag heuer replica watches</a> [www.kazwatches.com] .  <a href></a> .  I like Japanese meals, <a href="http://www.kazwatches.com/Jacob-&amp;-Co.html"> jacob & co swiss replica watches</a> [www.kazwatches.com] .  in particular teppanyaki fashion and Shabu Shabu. I''m however in shock as my favorite cafe has shut up. <a href="http://www.kazwatches.com/Graham.html"> replica graham silverstone replica watch</a> [www.kazwatches.com]  What can we discover you consuming for breakfast on the Sunday early morning? I really like my cereal, but I''m never ever satisfied with only one, so I blend two or three sorts, generally the muesli sort. Generally leading it with shredded coconut. <a href="http://www.kazwatches.com"> replica watches for sale</a> [www.kazwatches.com] .  Refreshing orange juice and percolated espresso, plenty of it to very last me by way of my paper looking at. Your favorite wedding ceremony tale? Each and every wedding ceremony I''ve been ', 1, 0),
(83, 0, 19, '2012-09-10 20:18:04', 'caifu', '', '', '118.250.10.255', 'Jose', 'because you have most likely currently searching for the right dress. This season there''s even higher selection of clothes, <a href="http://www.kazwatches.com/Ebel.html"> swiss ebel replica watch</a> [www.kazwatches.com] .  because the summer time leads us to make use of various colors as well as prints. <a href></a> .  The prints are a cool method to dress formally <a href="http://www.kazwatches.com"> replicawatches</a> [www.kazwatches.com] . , and when printed lengthy dress, give much more color and shape towards the figure. <a href="http://www.kazwatches.com/Ebel.html"> Replica swiss ebel replica</a> [www.kazwatches.com]  The floral print will be the 1 who calls the shots this season and not just for day dresses, as may be admired within this model has lengthy stones embedded within the neckline, which also has an additional fabric in purple form a queue within the rear. It''s elegant and perfect to get a day occasion <a href="http://www.kazwatches.com/Movado.html"> movado replica</a> [www.kazwatches.com] . . If you would like some thing much more suitable for an evening, you are able to select an additional kind of pattern because the ', 1, 0),
(84, 0, 20, '2012-09-10 20:18:49', 'caifu', '', '', '118.250.10.255', 'Zoe', ' <a href></a> .  flower emautomatically belleshment within a excellent way. Quantity is importould wish to efficiently creconsumed each of those seems to be. <a href="http://www.kazwatches.com/Breguet.html"> replica breguet watches</a> [www.kazwatches.com] .  Startwork with clea recentsing merchandise on colour-treconsumedd hair. <a href="http://www.kazwatches.com/Rolex-Datejusts.html"> rolex sea dweller replica</a> [www.kazwatches.com] .  Ahead of styling set in the mousse a recentd extensively dry <a href="http://www.kazwatches.com"> rolex replica</a> [www.kazwatches.com] . . Use lots of items humidity will shrink hair during the day. Avould like Garde Ladies who just like the sudden could would really like to take into account msimilarg a new publicizement by donning a nice-large flower thatas secured towards the hair having a ribbon <a href="http://www.kazwatches.com/Glashutte.html"> replica swiss glashutte watch</a> [www.kazwatches.com] . Itas partworkicularly fantastic seem for anyone with small hair. But when you haudio-videoe for a longer time tresses put on hair pulled which wautomatically betd to some current knowledgeable guitaristperly employed French roll ', 1, 0),
(85, 0, 21, '2012-09-10 20:19:33', 'caifu', '', '', '118.250.10.255', 'murphy', ' cheap and final for many years of inventive participate in. Particular Situation Attire for women beneath girls\r Distinctive Event Attire for women:Most current Assortment of Attire for women Designer assortment of kidSpecial Situation Attire for Girlss attire will consist of of close to by several compexcellenties <a href="http://www.kazwatches.com/Iwc.html"> iwc classic pilot replica</a> [www.kazwatches.com] . These could involve oClearance Flower Lady Dressesf air conditionersquired from roboth on the net excellentd retail retailers about reaudio-videoailable asonin a really situation costs. Regarded for durfDressesunction <a href="http://www.kazwatches.com"> replica watches for sale</a> [www.kazwatches.com] .  <a href></a> . ; style and design perfection; <a href="http://www.kazwatches.com/Franck-Muller.html"> replica swiss franck muller fake watch</a> [www.kazwatches.com] .  <a href="http://www.kazwatches.com/Ferrari.html"> replica ferrari</a> [www.kazwatches.com] .  stitch; shade faudio-videoailable astness excellentd semorninglesdressess end these are generally commonly desired for very small tots of 0M-12Y. The unique assortment of Attire for women in awesome ', 1, 0),
(86, 0, 22, '2012-09-10 20:20:17', 'caifu', '', '', '118.250.10.255', 'Angelica', ' <a href></a> . not youwire if we dothing sweet and delicate or spectacular and flashy, Victorian Marriage ceremony Attire. youwill occur up and down sensinewis gowns that may get your inventive juices flowing <a href="http://www.kazwatches.com"> rolex fake watches</a> [www.kazwatches.com] . . Spaghetti Strap Robe with Cascapproved driving instructorng Ruffle Skirt Stform of artwork a craze on your own marriage ceremony day together with the ideal robe. <a href="http://www.kazwatches.com/Oris.html"> replica oris</a> [www.kazwatches.com] .  Beach front Marriage ceremony Attire <a href="http://www.kazwatches.com/Graham.html"> replica graham swiss watch</a> [www.kazwatches.com] . . Mild and airy having a modern-day twist, this spaghetti strap robe characteristics flowing chiffon cloth in its cascapproved driving instructorng ruffle tiers that kind the skirt. Victorian Wedding ceremony Attire. The empire midsection shows superb ruching and high-quality detailing for the tryrgeous final touch although drawing consciousness within your curves. is <a href="http://www.kazwatches.com/Panerai.html"> replica panerai luminor submersible replica</a> [www.kazwatches.com] . ', 1, 0);
INSERT INTO `ndfb_pollcomments` (`tid`, `pid`, `pollID`, `date`, `name`, `email`, `url`, `host_name`, `subject`, `comment`, `score`, `reason`) VALUES
(87, 0, 7, '2012-09-27 19:59:32', 'caifu', '', '', '113.240.104.168', 'Arianna', 'mesmerized with the and also have them all on your own wrist in a cost of $150, 000. <a href="http://www.xenshoes.org/classic-collection.html"> louboutins</a> [www.xenshoes.org] .  Along with the distinct patterns accessible <a href="http://www.xenshoes.org/Gianmarco-Lorenzi-Platform-Peep-Toe-Pumps-GS0007-classic.html"> </a> [www.xenshoes.org]  . , you might basically state that time is without a doubt cherished. <a href="http://www.xenshoes.org/classic-collection.html"> christian louboutin online</a> [www.xenshoes.org]  <a href="http://www.xenshoes.org"> christian louboutin outlet</a> [www.xenshoes.org] .  All Zadora Timepieces are available oxidized palladium accented by black and yellow diamonds that add substantially to its lustrous appear. With each of the watches plus the figures revealed previously mentioned <a href="http://www.xenshoes.org"> christian louboutin red shoes</a> [www.xenshoes.org] . , it truly is like a puzzle to quite a few why time or telling time must be intricate and high priced. These watches don t do everything in another way than cell phones or personal computers. One particular could, actually, use straightforward varieties; but some desire to possess the top. To this point, hardly any personalities have luxuriously expended their ', 1, 0),
(88, 0, 1, '2012-09-27 20:00:26', 'caifu', '', '', '113.240.104.168', 'Faith', 'stunning points while in the globe can not be noticed or simply touched, they need to be felt along with the coronary heart. ¡±Valentines Day Themed Jewellery Amid the various vacations to consider inspiration in, is most admired, for apparent causes. <a href="http://www.xenshoes.org"> replica christian louboutin</a> [www.xenshoes.org] .  The form on the coronary heart, naturally, can make for ideal Valentine s Day themed jewellery rendered in all layouts conceivable as instant, earrings, pins, charms and rings. Nonetheless dainty <a href="http://www.xenshoes.org/pumps.html"> christian laboutin</a> [www.xenshoes.org] . , coronary heart layout is usually a darling. <a href="http://www.xenshoes.org/classic-collection.html"> christian louboutin size 11</a> [www.xenshoes.org]  <a href="http://www.xenshoes.org/flats.html"> christian louboutin bergdorf</a> [www.xenshoes.org] .  When established with stunning diamonds or glowing rubies, coronary heart themed jewellery signifis each the giver along with the wearer¡¯s disposition -that disposition of utter like. Modest but even so stylish are classic coronary heart allure bracelets that includes a  <a href="http://www.xenshoes.org/christian-louboutin-rodita-zip-platforms-white-252-classic.html"> </a> [www.xenshoes.org]  . ', 1, 0),
(89, 0, 2, '2012-09-27 20:01:25', 'caifu', '', '', '113.240.104.168', 'gerard', 'sound deposit box off-site. For those who have a set of artwork or coins, it could be more challenging to evaluate the worth as time passes. Charges on collections can rise and drop according to their recognized worth while in the current market put. Be certain to update this annually to ensure you really do not have to substantially or far too small insurance policies on these <a href="http://www.xenshoes.org"> sale christian louboutin</a> [www.xenshoes.org] .  <a href="http://www.xenshoes.org"> louboutin shoes</a> [www.xenshoes.org] . , when you choose to insure them independently. You''ll desire to be certain particularly what your coverage handles. Will it you receive the entire substitute price if your merchandise is stolen?What about whether it is only dropped? <a href="http://www.xenshoes.org/christian-louboutin-calf-patent-leather-pumps-in-pink-322-classic.html"> </a> [www.xenshoes.org]  . What forms of occasions can nullify the coverage <a href="http://www.xenshoes.org"> christian louboutin spike heels</a> [www.xenshoes.org] ?Go through the wonderful print and ensure you comprehend the phrases in the. <a href="http://www.xenshoes.org/short-boots.html"> red pump</a> [www.xenshoes.org] .  What is It Value?As soon as you', 1, 0),
(90, 0, 3, '2012-09-27 20:02:25', 'caifu', '', '', '113.240.104.168', 'cook', 'not be a jeweler during the trade and understand how to find a purchaser, you might not have the ability to offer it since you really do not understand how to perform it adequately <a href="http://www.xenshoes.org/pumps.html"> red pumps</a> [www.xenshoes.org] . . Should you are advertising it back again to some jeweler, <a href="http://www.xenshoes.org"> rolando louboutin</a> [www.xenshoes.org] .  they will not give you the identical sum of money you compensated to the diamond due to the fact they may intend to make a make the most of their acquire. <a href="http://www.xenshoes.org/christian-louboutin-declic-leather-pumps-187-classic.html"> </a> [www.xenshoes.org]  .  There exists also a reduction it''s important to require in the event you need to rid oneself of an engagement ring. The point that the ring was utilized by now and could be the item of the damaged relationship or even a passing away helps make the ring get rid of attraction in a few people¡¯s eyes <a href="http://www.xenshoes.org/pumps.html"> louboutin glitter pumps</a> [www.xenshoes.org] . <a href="http://www.xenshoes.org/sandals.html"> louboutin shoes</a> [www.xenshoes.org] .  The ring will not be really worth significantly less, however it might be ', 1, 0),
(91, 0, 4, '2012-09-27 20:03:12', 'caifu', '', '', '113.240.104.168', 'Samuel', 'does <a href="http://www.xenshoes.org/classic-collection.html"> christian louboutin online</a> [www.xenshoes.org] .  <a href="http://www.xenshoes.org"> louboutin very prive</a> [www.xenshoes.org] . In case you do get from a web-based retailer ensure that you obtain a duplicate with the appraisal record together with the diamond. The genuine retailer isn''t going to examine a lot of diamonds and so the appraisal services supplied by a 3rd get together is actually a ought to. Assuming that you might have this kind of intervention and you also recognize that another person has inspected the diamond just before it received delivered, <a href="http://www.xenshoes.org/autumn-collection.html"> red heels</a> [www.xenshoes.org] .  it is possible to be fairly confident you will be finding whatever you compensated for. <a href="http://www.xenshoes.org/sandals.html"> sandals</a> [www.xenshoes.org] .  Consumer TrainingThe normal jewellery retailers which have profited in the insufficient understanding most prospects experienced when acquiring diamonds are sensation the impression of on the internet diamond retailers attempts to re- <a href="http://www.xenshoes.org/christian-louboutin-autumn-collection-clb005-clb005-classic.html"> </a> [www.xenshoes.org]  . ', 1, 0),
(92, 0, 5, '2012-09-27 20:04:10', 'caifu', '', '', '113.240.104.168', 'charles', ' of coral mala (beads) all around little ones s necks is for this protecting function <a href="http://www.xenshoes.org/short-boots.html"> red pump</a> [www.xenshoes.org] . . What''s more <a href="http://www.xenshoes.org/pumps.html"> pumps with red bottom</a> [www.xenshoes.org] . , it facilitates risk-free passages by means of tempests and rivers. Coral can also be considered to to excite nerve energy, vigor and delight, and it is a veritable supplier of well being. Coral oxides blended with honey allegedly might make anyone powerful which blended with betel leaf could make a effective treatment for cough and coronary heart disorder. Coral, while, loses its mystical powers when it breaks <a href="http://www.xenshoes.org"> christian louboutin gazolina</a> [www.xenshoes.org] . With its fiery crimson colour, Coral could be the illustration of blood and perseverance in human daily life. This gemstone is related with Mars and along with the zodiac symptoms Aries and Scorpio. <a href="http://www.xenshoes.org/autumn-collection.html"> red heels</a> [www.xenshoes.org] .  The character of the gemstone is intense, <a href="http://www.xenshoes.org/christian-louboutin-black-pump-474-classic.html"> </a> [www.xenshoes.org]  .  developing ', 1, 0),
(93, 0, 6, '2012-09-27 20:04:59', 'caifu', '', '', '113.240.104.168', 'Matthew', ' <a href="http://www.xenshoes.org/sandals.html"> sandals</a> [www.xenshoes.org] . take away a rather yellow diamond from its gold environment and set it in white gold so it could possibly seem whiter <a href="http://www.xenshoes.org/pumps.html"> black christian louboutin pumps</a> [www.xenshoes.org] . Diamonds with minor hurt may well be transferred with a location which will go over these imperfections or avert them from acquiring any a whole lot worse <a href="http://www.xenshoes.org"> christian louboutin new york</a> [www.xenshoes.org] . . You can even merge the diamond with coloured stones <a href="http://www.xenshoes.org/jimmy-choo-leather-shoes-1a24b74-classic.html"> </a> [www.xenshoes.org]  . . You ll have to cautiously take into account the explanations you might have for modifying the placing. You furthermore may must learn how it is possible to increase the looks from the diamond and permit it to generally be a lot more suited to your way of life. A firm that is definitely included in diamond environment may possibly request you to receive a lab record or maybe a diamond appraisal. The record will establish you are the actual <a href="http://www.xenshoes.org"> louboutin</a> [www.xenshoes.org] . ', 1, 0),
(94, 0, 7, '2012-09-27 20:05:51', 'caifu', '', '', '113.240.104.168', 'griffin', ' <a href="http://www.xenshoes.org/short-boots.html"> short boots</a> [www.xenshoes.org] . , like Africa, Australia <a href="http://www.xenshoes.org/christian-louboutin-slingback-pump-black-245-classic.html"> </a> [www.xenshoes.org]  . , or simply Belgium, you then could would like to verify out diamond costs there. Needless to say, right after spending for your aircraft ticket more than there after which perhaps spending customs on anything you carry again, you would possibly turn out shelling out somewhat much more. Nevertheless <a href="http://www.xenshoes.org"> louboutin</a> [www.xenshoes.org] . , the problem of value could develop into a moot place while whenever you start to determine that building a diamond invest in abroad involves a great deal additional talent than creating just one on the internet or in a jewellery retailer. The diamonds that happen to be now getting mined in lots of nations tend to be not jewellery excellent diamonds. When you purchase diamonds while in the tough <a href="http://www.xenshoes.org/fashion-collection.html"> men red bottom shoes</a> [www.xenshoes.org] , <a href="http://www.xenshoes.org"> christian louboutin maggie</a> [www.xenshoes.org] .  odds are you currently will not find a way to', 1, 0),
(95, 0, 8, '2012-09-27 20:06:42', 'caifu', '', '', '113.240.104.168', 'raphael', ' reversing the pattern. In place of getting the doggie or kitty donning jewels <a href="http://www.xenshoes.org/sales-promotion.html"> christian louboutin crystal heels</a> [www.xenshoes.org] , the jewels are showcased with possibly snakes or spiders. Why?Properly, the concept is always that in case you understand how to manage a snake or perhaps a spider <a href="http://www.xenshoes.org/tall-boots.html"> christian louboutin leopard boots</a> [www.xenshoes.org] .  <a href="http://www.xenshoes.org/charlotte-olympia-leather-shoes-3a112b7-classic.html"> </a> [www.xenshoes.org]  . , they make an fascinating and unique method to showcase your jewels although offering a sizable deterrent for reaching guiding the cupboard to get some from within the instance once the jeweler isn''t hunting. These are a reasonable night time look at far too. This mix of animals and jewels is simply starting out. It truly is achievable we''ll see much more pets donning jewels in several variations and developments. We would even see additional <a href="http://www.xenshoes.org/sales-promotion.html"> christian louboutin sale</a> [www.xenshoes.org] .  <a href="http://www.xenshoes.org/pumps.html"> red pumps</a> [www.xenshoes.org] . . As folks start to seriously provide luxurious into their lives, they might ', 1, 0),
(96, 0, 9, '2012-09-27 20:07:32', 'caifu', '', '', '113.240.104.168', 'Lauren', ' <a href="http://www.xenshoes.org/pumps.html"> christian louboutin mary jane pumps</a> [www.xenshoes.org] . royalty could make the most of the metallic. Along with the dawning from the twentieth century, new technological innovation permitted for your considerably less complicated doing work and fashioning of platinum. This permitted many individuals to select the extremely sturdy steel to be used inside the engagement ring. <a href="http://www.xenshoes.org/pumps.html"> red pumps</a> [www.xenshoes.org] .  <a href="http://www.xenshoes.org/ysl-leather-shoes-1a23b10-classic.html"> </a> [www.xenshoes.org]  .  Platinum¡¯s good energy also aided to usher inside a new period in engagement ring style, as platinum options could securely keep extremely substantial gems, <a href="http://www.xenshoes.org/tall-boots.html"> tall boots</a> [www.xenshoes.org] .  along with retaining fantastic figures of gems. Platinum also authorized engagement ring layouts where slender steel strands flowed throughout each other, developing fragile but robust jewellery. These days, the recognition of platinum carries on to develop, <a href="http://www.xenshoes.org/sales-promotion.html"> louboutin outlet</a> [www.xenshoes.org]  regardless of whether to be used', 1, 0),
(97, 0, 10, '2012-09-27 20:08:19', 'caifu', '', '', '113.240.104.168', 'Timothy', 'Several bearing diamonds have been unearthed in Ellendale. On analysis, nevertheless, the prospect proved uneconomical <a href="http://www.xenshoes.org"> christian louboutin outlet</a> [www.xenshoes.org] . . In 1979, they found the Argyle Diamond MineBuilding begun around the procedure plant along with around the major open-cut mine. Diamonds had been also recovered at alluvial vegetation situated in Limestone and Smoke Creeks. <a href="http://www.xenshoes.org/pumps.html"> christian louboutin black platform pumps</a> [www.xenshoes.org] .  About fifteen million carats worthy of of alluvial diamonds were being recovered for the duration of 1985 <a href="http://www.xenshoes.org/Gianmarco-Lorenzi-Suede-Court-Shoes-With-Double-Platform-GS0014-classic.html"> </a> [www.xenshoes.org]  . , when there was suitable commission from the Argyle plant. <a href="http://www.xenshoes.org/pumps.html"> christian louboutin pigalle pump</a> [www.xenshoes.org]  Manufacture of Argyle DiamondsWith <a href="http://www.xenshoes.org/short-boots.html"> short boots</a> [www.xenshoes.org] . , Australia grew to become one of several largest diamond producers inside the planet, particularly in conditions of quantity. The mine is additionally identified for the reason that most technologically innovative within the ', 1, 0),
(98, 0, 11, '2012-09-27 20:09:05', 'caifu', '', '', '113.240.104.168', 'percy', 'already been claimed <a href="http://www.xenshoes.org"> christian louboutin shoes</a> [www.xenshoes.org] . . Discovering diamonds on the web that participate in ambigu duty as being a wedding ceremony adornment along with a bridal present is a technique to defray the prices on the marriage ceremony even though thrilling your bridal get together as well. The opposite ¡°diamonds¡± to brighten the flowers as well as the wedding ceremony chapel may be produced from crystals and so are fairly suitable for inside decorating. A number of people incorporate glowing crystals for the flower preparations to create it seem to be like that they had diamond dewdrops rained on them. <a href="http://www.xenshoes.org/sandals.html"> louboutin shoes</a> [www.xenshoes.org] .  <a href="http://www.xenshoes.org/flats.html"> louboutin espadrille</a> [www.xenshoes.org]  <a href="http://www.xenshoes.org/christian-louboutin-black-patent-leather-simple-pumps-134-classic.html"> </a> [www.xenshoes.org]  .  Your Marriage ceremony RobeThis is certainly in which you need to splurge one of the most: within the bridal jewellery alone. The bride¡¯s wander down the aisle should be  <a href="http://www.xenshoes.org/sales-promotion.html"> christian louboutin wedges</a> [www.xenshoes.org] . ', 1, 0),
(99, 0, 12, '2012-09-27 20:09:53', 'caifu', '', '', '113.240.104.168', 'smith', 'using the diamond. <a href="http://www.xenshoes.org"> christian louboutin at neiman marcus</a> [www.xenshoes.org] .  Ideally <a href="http://www.xenshoes.org"> christian louboutin shop</a> [www.xenshoes.org] , comprehension a few of the mechanics of sunshine and colour may help you opt for jewellery that most closely fits in with the life-style and still presents you the depth of shade and wide variety that you would like as part of your good jewellery. Other articles or blog posts of curiosity: Also Verify Out <a href="http://www.xenshoes.org/christian-louboutin-slingback-pump-black-245-classic.html"> </a> [www.xenshoes.org]  . : Everyone knows that we search out the crystallized mineral, diamond, by digging in the earth or seeking in river beds. Diamond reaches these spots with the performing of geologic forces on carbon more than the study course of time. By means of our obtaining, mining, <a href="http://www.xenshoes.org"> replica christian louboutin</a> [www.xenshoes.org] .  reducing and sprucing, the diamond is delivered to a state of shining splendor which we use to make incredible jewellery parts <a href="http://www.xenshoes.org/sandals.html"> louboutin shoes</a> [www.xenshoes.org] . . Even though several of us get pleasure ', 1, 0),
(100, 0, 13, '2012-09-27 20:10:55', 'caifu', '', '', '113.240.104.168', 'Edward', ' <a href="http://www.xenshoes.org"> christian louboutin shoes</a> [www.xenshoes.org] . absolutely nothing that claims you just can''t have on it effectively to the adhering to yr at the same time. Other content of curiosity: Also Verify Out: As standard as relationship may possibly be, there is certainly no rule indicating which the real wedding ceremony by itself should be exactly the same these days since it was a long time in the past. have grown to be really preferred, however it also looks which the unique spontaneous wedding ceremony has become common way too. Every time a human being thinks of your spontaneous wedding ceremony they usually imagine boarding a aircraft and heading to Las Vegas, but contrary to popular belief, <a href="http://www.xenshoes.org/sandals.html"> christian louboutin usa</a> [www.xenshoes.org]  a single few, <a href="http://www.xenshoes.org/christian-louboutin-suede-fringe-pump-black-197-classic.html"> </a> [www.xenshoes.org]  .  Kimberly Rust and Dave Gilkey <a href="http://www.xenshoes.org/sandals.html"> sandals</a> [www.xenshoes.org] . , boarded a aircraft and headed to Buffalo <a href="http://www.xenshoes.org"> christian louboutin high heels</a> [www.xenshoes.org] . , NY to obtain married about the', 1, 0),
(101, 0, 14, '2012-09-27 20:11:40', 'caifu', '', '', '113.240.104.168', 'giles', 'an emblem of her elegance and dignity <a href="http://www.xenshoes.org"> christian louboutin outlet</a> [www.xenshoes.org] . . <a href="http://www.xenshoes.org/pumps.html"> christian laboutin</a> [www.xenshoes.org] .  In case you are turning sweet sixteen or acquiring your incredibly possess d¨¦butante ball, then it''s very proper to have on a tiara for your celebration. In Hispanic cultures, time is if the baby turns fifteen decades outdated, and she or he is named a ¡°. ¡± A celebration is thrown, substantially just like a ball, exactly where the brand new grownup may be the focal point and when it satisfies her, she can dress in a tiara. <a href="http://www.xenshoes.org/pumps.html"> pumps christian louboutin</a> [www.xenshoes.org]  Tiaras are absolutely for incredibly particular events. They are often utilized a proper party which may be classed as large contemporary society. You could possibly even be predicted to put on them should you originate from Britain¡¯s royal lines. For anyone who is the Queen of England <a href="http://www.xenshoes.org/fashion-collection.html"> black red bottom heels</a> [www.xenshoes.org] . , <a href="http://www.xenshoes.org/christian-louboutin-altadama-peep-toe-pumps-225-classic.html"> </a> [www.xenshoes.org]  .  naturally, ', 1, 0),
(102, 0, 15, '2012-09-27 20:12:24', 'caifu', '', '', '113.240.104.168', 'Justin', ' <a href="http://www.xenshoes.org/sandals.html"> louboutin shoes</a> [www.xenshoes.org] .  in 1906 by John Huddleston who owned the house. Proper immediately after that initial diamond was found <a href="http://www.xenshoes.org/christian-louboutin-catenita-slingbacks-264-classic.html"> </a> [www.xenshoes.org]  . , a diamond hurry established in and Murfreesboro grew to become the discuss in the city. <a href="http://www.xenshoes.org"> christian louboutin summer 2012</a> [www.xenshoes.org]  There have been numerous people today that each 12 months lodges experienced to show down ten, 000 readers and diamond diggers <a href="http://www.xenshoes.org"> christian louboutin men sale</a> [www.xenshoes.org] . . Individuals that did not have a very location to keep would build tents near towards the mine known as Kimberly. This can be in reference on the world-renowned you will discover in South Africa <a href="http://www.xenshoes.org"> louboutin</a> [www.xenshoes.org] . . Among 1952 and 1972, the crater was owned privately. It had been through 1964 to 1968 that forty nine acres from the diamond-bearing soil near for the crater was leased by Roscoe Johnston. He turned it right into a vacationer vacation spot that glided ', 1, 0),
(103, 0, 16, '2012-09-27 20:13:10', 'caifu', '', '', '113.240.104.168', 'fergus', 'such things as household furniture or garments. Furthermore, it areas plenty of strain to the hinge joints. <a href="http://www.xenshoes.org"> gold christian louboutin shoes</a> [www.xenshoes.org] .  Then again, <a href="http://www.xenshoes.org"> red bottom shoes</a> [www.xenshoes.org] .  if your gap were being produced also small, it will be totally unpleasant if it hits objects and could split the hinges and joints. It could also chafe the pores and skin. The overall carat body weight with the diamonds positioned while in the tennis bracelet mostly establishes its value. An extremely slender bracelet may want 1 / 4 of your carat, even though a bigger bracelet could even be as large as 4 carats in excess weight <a href="http://www.xenshoes.org/classic-collection.html"> christian louboutin pigalle 120</a> [www.xenshoes.org] . The standard on the stones also influences its cost. <a href="http://www.xenshoes.org/pumps.html"> christian laboutin</a> [www.xenshoes.org] .  Colorless and flawless diamonds would value a lot more than stones of reduce top quality. Tennis bracelet aficionados on the limited price range might decide on  <a href="http://www.xenshoes.org/christian-louboutin-black-patent-leather-simple-pumps-134-classic.html"> </a> [www.xenshoes.org]  . ', 1, 0),
(104, 0, 17, '2012-09-27 20:13:57', 'caifu', '', '', '113.240.104.168', 'Catherine', ' <a href="http://www.xenshoes.org/autumn-collection.html"> red heels</a> [www.xenshoes.org] . incredibly considerably acceptable. For anyone who is likely to rub elbows along with the loaded and renowned, or in case you are attending a presidential banquet, then diamonds would be the far better accent <a href="http://www.xenshoes.org/short-boots.html"> red pump</a> [www.xenshoes.org] . . <a href="http://www.xenshoes.org/jimmy-choo-leather-shoes-1a24b74-classic.html"> </a> [www.xenshoes.org]  .  To conclude, African tribal jewellery is getting attractiveness within the components sector. <a href="http://www.xenshoes.org"> christian louboutin spiked shoes</a> [www.xenshoes.org]  What utilized to be collectors¡¯ things are actually adornments and outfits for your standard community. Although the normal Africans may possibly use the jewellery for your great deal of reasons, the People in the usa most probably dress in it for style good reasons. Diamonds are however planning to generally be right here eternally, but tribal jewellery is evidently obtaining a chunk with the equipment industry. Other articles or blog posts of curiosity <a href="http://www.xenshoes.org/pumps.html"> christian louboutin rolando pumps</a> [www.xenshoes.org] . : ', 1, 0),
(105, 0, 18, '2012-09-27 20:14:45', 'caifu', '', '', '113.240.104.168', 'Cody', ' facts on free diamonds by themselves. <a href="http://www.xenshoes.org/flats.html"> christian louboutin elisa</a> [www.xenshoes.org]  <a href="http://www.xenshoes.org"> louboutin shoes</a> [www.xenshoes.org] .  Primarily, these offering free diamonds started to instruct the general public around the whole diamond sector. The results of all this is the fact that currently, any person will make a wholesale knowledgeable and educated choice when you are looking at getting unfastened diamonds <a href="http://www.xenshoes.org/short-boots.html"> short boots</a> [www.xenshoes.org] . . Absent will be the times whenever a pair that wished to invest in free diamonds needed to depend on the certain jeweler. Now, owing to the amazing selling price on the world wide web, anybody can go surfing and study free diamonds. Strengthened with like expertise, <a href="http://www.xenshoes.org/flats.html"> christian louboutin silver</a> [www.xenshoes.org] .  unfastened diamonds could be bought in a truthful price from the whole customer community. Other content articles of fascination <a href="http://www.xenshoes.org/christian-louboutin-autumn-collection-clb012-clb012-classic.html"> </a> [www.xenshoes.org]  . : A marriage doesn''t have to break the bank only to ', 1, 0),
(106, 0, 19, '2012-09-27 20:15:32', 'caifu', '', '', '113.240.104.168', 'Allison', 'tendencies increase. In the event the thrill of possessyng a look-a-like or instantaneously recognizable vogue, no matter whether passeor not <a href="http://www.xenshoes.org/christian-louboutin-very-prive-patent-peep-pump-black-41170-classic.html"> </a> [www.xenshoes.org]  . , is anything you hanker for, then indulge your preferences. Which is what luxurious is focused on. Nevertheless, many individuals carry on to decide for your spherical reduce solitaire as their diamond engagement ring of alternative. It however can talk of luxurious and also a particular conservative fashion. Some partners prefer it simply because it''s the quintessential seem of romance for your fianc¨¦e. Once the gentleman, on bended knee <a href="http://www.xenshoes.org"> louboutin</a> [www.xenshoes.org] . , opens the jewellery box, <a href="http://www.xenshoes.org/pumps.html"> christian louboutin simple pump 70</a> [www.xenshoes.org]  <a href="http://www.xenshoes.org"> christian louboutin sale shoes</a> [www.xenshoes.org] .  the picture in one¡¯s intellect is of your solitaire diamond engagement ring. <a href="http://www.xenshoes.org/short-boots.html"> short boots</a> [www.xenshoes.org] .  It''s synonymous with conservative and regular values that exemplify the wedding ', 1, 0),
(107, 0, 20, '2012-09-27 20:16:44', 'caifu', '', '', '113.240.104.168', 'evelyn', 'into your engagement ring location by itself or in to the marriage ceremony bands. Due to the fact originality is vital to numerous brides <a href="http://www.xenshoes.org"> christian louboutin eugenie</a> [www.xenshoes.org] .  <a href="http://www.xenshoes.org/sales-promotion.html"> christian louboutin sale</a> [www.xenshoes.org] . , their long term husbands are operating tougher and more durable to offer them probably the most personalised, <a href="http://www.xenshoes.org"> red bottom shoes</a> [www.xenshoes.org] .  <a href="http://www.xenshoes.org/christian-louboutin-armadillo-striped-leather-pumps-60-classic.html"> </a> [www.xenshoes.org]  .  distinctive engagement ring feasible <a href="http://www.xenshoes.org/fashion-collection.html"> red bottom shoes</a> [www.xenshoes.org] . Numerous various styles of diamond middle stones is often flanked by complementary formed cherished or semi cherished stones inside a choice of shades to symbolize the 2 elements with the few. Yet another way partners are integrating their delivery stones into their bridal jewellery is with their wedding ceremony bands. Throughout the marriage ceremony or perhaps the trade of vows just about every will current a singular ring towards the other which bears each in their ', 1, 0),
(108, 0, 21, '2012-09-27 20:17:51', 'caifu', '', '', '113.240.104.168', 'Antonio', 'that exist right now can assurance which the engagement ring which you select has the gem stone that actually works very best for yourself. One example is, there are many for whom the attractive, <a href="http://www.xenshoes.org"> christian louboutin discount</a> [www.xenshoes.org]  deep crimson on the scintillating gem stone referred to as the ruby, may be the ideal option for their engagement ring. <a href="http://www.xenshoes.org/classic-collection.html"> christian louboutin pigalle 120</a> [www.xenshoes.org] .  For many others, a veined <a href="http://www.xenshoes.org/Gianmarco-Lorenzi-Rhinestone-Platform-Sandal-Gold-GS0037-classic.html"> </a> [www.xenshoes.org]  . , multi-colored opal will be the visually advanced sort of gem which they are seeking inside a gem stone for his or her engagement ring. It doesn''t matter what your style, <a href="http://www.xenshoes.org/sandals.html"> louboutin shoes</a> [www.xenshoes.org] .  using a small work and analysis, you may learn that there may be a gem stone offered that is definitely an ideal gem stone in your case plus your engagement ring. Also Take a look at: Among the most-awaited instances with the 12 months will usually be  <a href="http://www.xenshoes.org/pumps.html"> red pumps</a> [www.xenshoes.org] . ', 1, 0),
(109, 0, 22, '2012-09-27 20:19:14', 'caifu', '', '', '113.240.104.168', 'owen', 'nonetheless. It absolutely was licensed the diamond mines ended up getting labored by pressured labor. <a href="http://www.xenshoes.org/pumps.html"> christian louboutin black pumps</a> [www.xenshoes.org]  The countries which have been qualified as staying complicit inside the conflict diamond trade contain Angola, Sierra Leone, <a href="http://www.xenshoes.org/Gianmarco-Lorenzi-Colormatching-Super-Peep-Toe-Shoe-GS0001-classic.html"> </a> [www.xenshoes.org]  .  the Ivory Coastline, Liberia, The Democratic Republic in the Congo <a href="http://www.xenshoes.org"> christian louboutin outlet</a> [www.xenshoes.org] .  <a href="http://www.xenshoes.org/sandals.html"> louboutin shoes</a> [www.xenshoes.org] . , and also the Republic of Congo. After qualified from the UN as investing in what on earth is now often known as the conflict diamond trade, these international locations were being positioned below numerous trade embargoes along with nearer scrutiny of any trade in any respect. <a href="http://www.xenshoes.org"> christian louboutin shoes wholesale</a> [www.xenshoes.org] .  It absolutely was because of partly to this hard work because of the UN that better across the world focus was introduced to bear within the qualified tragedy which was developing mainly because ', 1, 0),
(110, 0, 0, '2013-06-28 07:55:50', 'Quindlen18', '', '', '115.195.88.119', 'Re: ', 'A final test is the bezel- the circlet all around the face of the look at that rotates. <a href="http://www.marianne.com/replica-cartier.htm"> cartier replica watches</a> [www.marianne.com]  To the cartier Bentley, it is, again <a href="http://www.marianne.com/replica-cartier.htm"> replica cartier watches for women</a> [www.marianne.com]  <a href="http://www.marianne.com/replica-cartier.htm"> womens replica cartier watches</a> [www.marianne.com] , incredibly sturdy and difficult to move. ', 1, 0),
(111, 0, 12, '2014-04-02 02:44:48', 'polo2014', '', '', '125.78.222.251', 'Re: New Porn titles', 'Adolescent <a href="http://www.michaelkorsmas.com/"> <b>Cheap Michael Kors Outlet</b></a> [www.michaelkorsmas.com] wax deep, in the memory, <a href="http://www.north-faceoutletonlines.net/"> <b>North Jackets Clearance</b></a> [www.north-faceoutletonlines.net], of the lock, <a href="http://www.michaelkors.so/"> <b>Michael Kors Outlet Online</b></a> [www.michaelkors.so], and those memories, <a href="http://www.marcjacobsonsale.com/"> <b>Marc Jacobs Outlet</b></a> [www.marcjacobsonsale.com], are taking advantage, <a href="http://www.michaelkorstates.com/"> <b>Michael Kors Outlet</b></a> [www.michaelkorstates.com], of the moonlight, <a href="http://www.coach-outletusa.com/"> <b>Coach Outlet USA</b></a> [www.coach-outletusa.com], before peeling, <a href="http://www.guccishoes-factorys.com/"> <b>http://www.guccishoes-factorys.com/</b></a> [www.guccishoes-factorys.com], already a blur, <a href="http://www.sralphlaurenpolo.com/"> <b>Polo Ralph Lauren Outlet Online</b></a> [www.sralphlaurenpolo.com], moonlight silent, <a href="http://www.saclongchamppairs.com/"> <b>Sacs Longchamp Pairs</b></a> [www.saclongchamppairs.com], looked curved stream dream, there are lonely alleys of the dream, <a href="http://www.discountbeatsbydresale.com/"> <b>Discount Beats by Dre</b></a> [www.discountbeatsbydresale.com], it was raining, <a href="http://www.northsclearance.com/"> <b>North Clearance Outlet Online</b></a> [www.northsclearance.com], sky a remnant star has not receded, <a href="http://www.uggaustralia.cc/"> <b>Ugg Australia</b></a> [www.uggaustralia.cc], faint pain, <a href="http://www.cheaphollistersale.co.uk/"> <b>Hollister UK Shops</b></a> [www.cheaphollistersale.co.uk], the ship, <a href="http://www.polo-outletstore.com/"> <b>Ralph Lauren UK</b></a> [www.polo-outletstore.com], from ink, landscape slowly pulled out, <a href="http://www.barbour-jacketsoutlet.com/"> <b>Barbour Jackets Outlet</b></a> [www.barbour-jacketsoutlet.com], expecting to grow misty, <a href="http://www.canada-gooser.com/"> <b>Canada Goose Outlet</b></a> [www.canada-gooser.com], colored scull sound, <a href="http://www.ralphlaurenuker.com/"> <b>Ralph Lauren Outlet Online</b></a> [www.ralphlaurenuker.com], I would have been in the shadow, <a href="http://www.coach-factoryy.com/"> <b>Coach Factory</b></a> [www.coach-factoryy.com], of his wandering, <a href="http://www.guccishoes-factorys.com/"> <b>Gucci Factory Outlet</b></a> [www.guccishoes-factorys.com], wandering locked with a lonely, <a href="http://www.burbagssale2013.com/"> <b>Burberry Outlet Online</b></a> [www.burbagssale2013.com], locked with a little drunk, <a href="http://www.coach-purseonsale.com/"> <b>Coach Outlet Online</b></a> [www.coach-purseonsale.com], the night.', 1, 0),
(112, 0, 3, '2014-04-02 02:45:02', 'polo2014', '', '', '125.78.222.251', 'Re: What do you think of the new site theme?', 'Adolescent <a href="http://www.michaelkorsmas.com/"> <b>Cheap Michael Kors Outlet</b></a> [www.michaelkorsmas.com] wax deep, in the memory, <a href="http://www.north-faceoutletonlines.net/"> <b>North Jackets Clearance</b></a> [www.north-faceoutletonlines.net], of the lock, <a href="http://www.michaelkors.so/"> <b>Michael Kors Outlet Online</b></a> [www.michaelkors.so], and those memories, <a href="http://www.marcjacobsonsale.com/"> <b>Marc Jacobs Outlet</b></a> [www.marcjacobsonsale.com], are taking advantage, <a href="http://www.michaelkorstates.com/"> <b>Michael Kors Outlet</b></a> [www.michaelkorstates.com], of the moonlight, <a href="http://www.coach-outletusa.com/"> <b>Coach Outlet USA</b></a> [www.coach-outletusa.com], before peeling, <a href="http://www.guccishoes-factorys.com/"> <b>http://www.guccishoes-factorys.com/</b></a> [www.guccishoes-factorys.com], already a blur, <a href="http://www.sralphlaurenpolo.com/"> <b>Polo Ralph Lauren Outlet Online</b></a> [www.sralphlaurenpolo.com], moonlight silent, <a href="http://www.saclongchamppairs.com/"> <b>Sacs Longchamp Pairs</b></a> [www.saclongchamppairs.com], looked curved stream dream, there are lonely alleys of the dream, <a href="http://www.discountbeatsbydresale.com/"> <b>Discount Beats by Dre</b></a> [www.discountbeatsbydresale.com], it was raining, <a href="http://www.northsclearance.com/"> <b>North Clearance Outlet Online</b></a> [www.northsclearance.com], sky a remnant star has not receded, <a href="http://www.uggaustralia.cc/"> <b>Ugg Australia</b></a> [www.uggaustralia.cc], faint pain, <a href="http://www.cheaphollistersale.co.uk/"> <b>Hollister UK Shops</b></a> [www.cheaphollistersale.co.uk], the ship, <a href="http://www.polo-outletstore.com/"> <b>Ralph Lauren UK</b></a> [www.polo-outletstore.com], from ink, landscape slowly pulled out, <a href="http://www.barbour-jacketsoutlet.com/"> <b>Barbour Jackets Outlet</b></a> [www.barbour-jacketsoutlet.com], expecting to grow misty, <a href="http://www.canada-gooser.com/"> <b>Canada Goose Outlet</b></a> [www.canada-gooser.com], colored scull sound, <a href="http://www.ralphlaurenuker.com/"> <b>Ralph Lauren Outlet Online</b></a> [www.ralphlaurenuker.com], I would have been in the shadow, <a href="http://www.coach-factoryy.com/"> <b>Coach Factory</b></a> [www.coach-factoryy.com], of his wandering, <a href="http://www.guccishoes-factorys.com/"> <b>Gucci Factory Outlet</b></a> [www.guccishoes-factorys.com], wandering locked with a lonely, <a href="http://www.burbagssale2013.com/"> <b>Burberry Outlet Online</b></a> [www.burbagssale2013.com], locked with a little drunk, <a href="http://www.coach-purseonsale.com/"> <b>Coach Outlet Online</b></a> [www.coach-purseonsale.com], the night.', 1, 0);

-- --------------------------------------------------------

--
-- Table structure for table `ndfb_poll_check`
--

CREATE TABLE IF NOT EXISTS `ndfb_poll_check` (
  `ip` varchar(20) NOT NULL DEFAULT '',
  `time` varchar(14) NOT NULL DEFAULT '',
  `pollID` int(10) NOT NULL DEFAULT '0'
) ENGINE=MyISAM DEFAULT CHARSET=utf8;

--
-- Dumping data for table `ndfb_poll_check`
--

INSERT INTO `ndfb_poll_check` (`ip`, `time`, `pollID`) VALUES
('88.212.36.43', '1330189349', 24);

-- --------------------------------------------------------

--
-- Table structure for table `ndfb_poll_data`
--

CREATE TABLE IF NOT EXISTS `ndfb_poll_data` (
  `pollID` int(11) NOT NULL DEFAULT '0',
  `optionText` char(50) NOT NULL DEFAULT '',
  `optionCount` int(11) NOT NULL DEFAULT '0',
  `voteID` int(11) NOT NULL DEFAULT '0'
) ENGINE=MyISAM DEFAULT CHARSET=utf8;

--
-- Dumping data for table `ndfb_poll_data`
--

INSERT INTO `ndfb_poll_data` (`pollID`, `optionText`, `optionCount`, `voteID`) VALUES
(2, '', 0, 12),
(2, '', 0, 11),
(2, '', 0, 10),
(2, '', 0, 9),
(2, '', 0, 8),
(2, 'Other', 1, 7),
(2, 'Monster Hunt', 8, 6),
(2, 'Capture The Flag', 17, 5),
(2, 'Jail Break', 9, 4),
(2, 'Run & Gun', 8, 3),
(2, 'FreeStyle/Sniper', 41, 2),
(2, 'Camper/Sniper', 37, 1),
(3, 'It Sucks Ass', 2, 1),
(3, 'It''s Ok', 3, 2),
(3, 'I Don''t know', 4, 3),
(3, 'It Fuckin ROCKS!', 33, 4),
(3, '', 0, 5),
(3, '', 0, 6),
(3, '', 0, 7),
(3, '', 0, 8),
(3, '', 0, 9),
(3, '', 0, 10),
(3, '', 0, 11),
(3, '', 0, 12),
(4, '{dFb} poorman', 20, 1),
(4, '{bAd} MikeAnime', 7, 2),
(4, '{dFb} p455w0rd', 18, 3),
(4, '{dFb} pitch black', 14, 4),
(4, '{dFb} DemonKiller', 38, 5),
(4, '{dFb} bubbles', 4, 6),
(4, '{dFb} GlimmerMan', 10, 7),
(4, '{dFb} Deadman', 240, 8),
(4, '{dFb} emac', 17, 9),
(4, '{dFb} Cali', 10, 10),
(4, 'Kapn Krunch', 9, 11),
(4, '{bAd} Sauron', 88, 12),
(5, '{bAd} Chalk', 15, 1),
(5, '{bAd} Evilone', 33, 2),
(5, '{dFb} DemonKiller', 161, 3),
(5, '{dFb} Pitchblack', 30, 4),
(5, '{dFb} Poorman', 13, 5),
(5, '{bAd} Sauron', 14, 6),
(5, '{dFb} Bubbles', 20, 7),
(5, '{dFb} Emac', 9, 8),
(5, '{dFb} Glimmerman', 103, 9),
(5, '{dFb} p455w0rd', 3, 10),
(5, 'Kapn Krunch', 4, 11),
(5, '{bAd}*NaRuTo*', 28, 12),
(6, '[bAd} Chalk', 3, 1),
(6, '[bAd} Evilone', 11, 2),
(6, '{dFb} Glimmerman', 131, 3),
(6, '{dFb} Pitchblack', 257, 4),
(6, '[bAd} Rattek', 9, 5),
(6, '[bAd} Jolly Roger', 20, 6),
(6, '[bAd} Sauron', 5, 7),
(6, '{dFb} Pa55w0rd', 6, 8),
(6, '{dFb} Poorman', 4, 9),
(6, '[bAd} Coconut', 7, 10),
(6, '[bAd} Squirrel', 11, 11),
(6, '[bAd} Roadkill', 1, 12),
(7, 'TXT Nocturnal', 24, 1),
(7, '', 24, 2),
(7, '', 13, 3),
(7, '{bAd} Sterlo', 8, 4),
(7, '{bAd} Chalk', 7, 5),
(7, '', 68, 6),
(7, '{bAd} Pacman', 1, 7),
(7, '{bAd} Spawn', 148, 8),
(7, '{bAd} MajerPayne', 62, 9),
(7, '{bAd} Evilone', 18, 10),
(7, '{bAd} Squirrel', 113, 11),
(7, '{dFb} GlimmerMan', 132, 12),
(8, '{bAd} Timbro', 8, 1),
(8, '{bAd} Lucky_Kill', 13, 2),
(8, '{bAd} Parker', 18, 3),
(8, '{bAd} ShadowSniper', 9, 4),
(8, '{bAd} MajerPayne', 11, 5),
(8, '{bAd} Chalk', 2, 6),
(8, '{bAd} NickU2Death', 35, 7),
(8, '{bAd} Mikeanime', 9, 8),
(8, '{bAd} Squirrel', 142, 9),
(8, '{bAd} Evilone', 17, 10),
(8, '{dFb} GlimmerMan', 127, 11),
(8, '{dFb} emac', 7, 12),
(9, 'TXT Nocturnal', 56, 1),
(9, 'Take back your soul', 49, 2),
(9, 'Jackyl', 0, 3),
(9, 'bum_sniffer', 0, 4),
(9, 'Smartscript', 0, 5),
(9, 'Sniperman', 2, 6),
(9, 'Big Balls', 5, 7),
(9, 'Heather', 4, 8),
(9, 'Pennyhawk', 1, 9),
(9, 'Scarface', 2, 10),
(9, '-:TDS:-{PYRO}', 2, 11),
(9, 'MOOCHIE', 1, 12),
(10, 'Why BitchKiller likes pooper love', 7, 1),
(10, 'TBYS should get a MIC', 5, 2),
(10, 'Should Mikeanime come out of the closet', 6, 3),
(10, 'Why is VERN [WOLF] a dick', 33, 4),
(10, 'Zilla and the Dirty Sanchez', 0, 5),
(10, 'Should Mattman spit or swallow', 6, 6),
(10, 'Should MIRTsniper retire', 6, 7),
(10, 'Which clan has the hottest chicks', 58, 8),
(10, 'Why Evilone can only kill with Translocator', 2, 9),
(10, 'JZ and Postie, lovers or friends', 27, 10),
(10, 'Why clans have to cheat to win', 8, 11),
(10, 'Why Mattman shaves his ass', 32, 12),
(11, 'Goddamn lag', 44, 1),
(11, 'My game just crashed', 3, 2),
(11, 'It’s a ping issue', 6, 3),
(11, 'Fucking cheaters', 19, 4),
(11, 'Its raining/snowing outside', 1, 5),
(11, 'I’m drunk', 9, 6),
(11, 'Matt wont leave my zipper alone', 52, 7),
(11, 'I must have a virus', 1, 8),
(11, 'Sauron is petting my ASS', 7, 9),
(11, 'My batteries are dying', 4, 10),
(11, 'I had to go to the bathroom', 2, 11),
(11, 'I was yanking one off', 18, 12),
(12, 'MAP (Matt, Ass Pwnage)', 11, 1),
(12, 'UT (Unreal Titties)', 4, 2),
(12, 'Snipe my Ass', 2, 3),
(12, 'Nocturnal emissions', 8, 4),
(12, 'Jimmy my ass apart and fill me up', 39, 5),
(12, 'Postman can only ring once', 1, 6),
(12, 'Rusty Trombone', 1, 7),
(12, 'Glimmer all over my man', 4, 8),
(12, 'Demon in the sack', 10, 9),
(12, 'I like blowing Bubbles', 13, 10),
(12, 'Majerpayne; the hole story', 6, 11),
(12, 'Deadman and the blumkin', 34, 12),
(21, 'Couch Rugby', 4, 1),
(21, 'Pocket Pool', 5, 2),
(21, 'Tonsile shoot', 3, 3),
(21, 'Bedroom Golf', 4, 4),
(21, 'Strap-on Rodeo', 8, 5),
(21, 'Kitchen Triathalon', 12, 6),
(21, 'Backseat Wrestling', 7, 7),
(21, 'Finger Dancing', 8, 8),
(21, 'Couples Square Dance', 2, 9),
(21, 'Tongue Hockey', 18, 10),
(21, '', 0, 11),
(21, '', 0, 12),
(22, 'Eat my ASS', 7, 1),
(22, 'Lick my balls', 4, 2),
(22, 'Mattman likes it in the ASS.', 11, 3),
(22, 'Bitch whore', 2, 4),
(22, 'Fucktard', 20, 5),
(22, 'Your an asswad', 3, 6),
(22, 'You NEED an aimbot', 20, 7),
(22, 'Camping whore', 6, 8),
(22, 'Mutha fucka', 9, 9),
(22, 'Dickhole', 1, 10),
(22, 'Your a NOOB', 7, 11),
(22, 'Nice playing MAKO', 21, 12),
(23, 'House of Pain', 37, 1),
(23, 'Head to Head', 36, 2),
(23, 'Matties Diner', 5, 3),
(23, 'Car lot', 2, 4),
(23, 'Magicals Hideaway', 13, 5),
(23, 'Subway Sniper', 5, 6),
(23, 'In Da Crib', 15, 7),
(23, 'Morgue Sniper remix', 9, 8),
(23, 'Pitch Black', 3, 9),
(23, 'Sniper XMas', 1, 10),
(23, 'Deemer Hell', 9, 11),
(23, 'Sniper Arcade', 10, 12),
(24, 'Unreal Tournament', 112, 1),
(24, 'Unreal Tournament 03', 4, 2),
(24, 'Unreal Tournament 04', 20, 3),
(24, 'Unreal Tournament III', 50, 4),
(24, 'Fuck Unreal Tournament', 10, 5),
(24, '', 0, 6),
(24, '', 0, 7),
(24, '', 0, 8),
(24, '', 0, 9),
(24, '', 0, 10),
(24, '', 0, 11),
(24, '', 0, 12);

-- --------------------------------------------------------

--
-- Table structure for table `ndfb_poll_desc`
--

CREATE TABLE IF NOT EXISTS `ndfb_poll_desc` (
`pollID` int(11) NOT NULL,
  `pollTitle` varchar(100) NOT NULL DEFAULT '',
  `timeStamp` int(11) NOT NULL DEFAULT '0',
  `voters` mediumint(9) NOT NULL DEFAULT '0',
  `planguage` varchar(30) NOT NULL DEFAULT '',
  `artid` int(10) NOT NULL DEFAULT '0'
) ENGINE=MyISAM  DEFAULT CHARSET=utf8 AUTO_INCREMENT=25 ;

--
-- Dumping data for table `ndfb_poll_desc`
--

INSERT INTO `ndfb_poll_desc` (`pollID`, `pollTitle`, `timeStamp`, `voters`, `planguage`, `artid`) VALUES
(2, 'Favorite UT Game Style', 1125361342, 121, 'english', 0),
(3, 'What do you think of the new site theme?', 1128311065, 42, 'english', 0),
(4, '<center>Killa of the Month <br> {vote for your favorite killing machine}</center>', 1128909217, 475, 'english', 0),
(5, 'Playa of the month for Nov', 1130967170, 433, 'english', 0),
(6, 'Playa of the month for Dec', 1133472211, 465, 'english', 0),
(7, 'Playa of the month for Jan', 1136155907, 618, 'english', 0),
(8, 'Playa of the month for Feb', 1139008440, 398, 'english', 0),
(9, 'Playa of the month for March', 1141180057, 122, 'english', 0),
(10, 'Podcast Topics you would like to hear', 1145287079, 190, 'english', 0),
(11, 'Most often heard lame-ass excuses heard on TS.', 1149443028, 166, 'english', 0),
(12, 'New Porn titles', 1157416813, 133, 'english', 0),
(21, 'Favorite Sexercise', 1163432980, 71, 'english', 0),
(22, 'Favorite DIS', 1171730179, 111, 'english', 0),
(23, 'Favorite dFb UT99 Map', 1179781439, 145, 'english', 0),
(24, 'Favorite UT Game', 1196101853, 196, 'english', 0);

-- --------------------------------------------------------

--
-- Table structure for table `ndfb_public_messages`
--

CREATE TABLE IF NOT EXISTS `ndfb_public_messages` (
`mid` int(10) NOT NULL,
  `content` varchar(255) NOT NULL DEFAULT '',
  `date` varchar(14) DEFAULT NULL,
  `who` varchar(25) NOT NULL DEFAULT ''
) ENGINE=MyISAM DEFAULT CHARSET=utf8 AUTO_INCREMENT=1 ;

-- --------------------------------------------------------

--
-- Table structure for table `ndfb_queue`
--

CREATE TABLE IF NOT EXISTS `ndfb_queue` (
`qid` smallint(5) unsigned NOT NULL,
  `uid` mediumint(9) NOT NULL DEFAULT '0',
  `uname` varchar(40) NOT NULL DEFAULT '',
  `subject` varchar(100) NOT NULL DEFAULT '',
  `story` text,
  `storyext` text NOT NULL,
  `timestamp` datetime NOT NULL DEFAULT '0000-00-00 00:00:00',
  `topic` varchar(20) NOT NULL DEFAULT '',
  `alanguage` varchar(30) NOT NULL DEFAULT ''
) ENGINE=MyISAM DEFAULT CHARSET=utf8 AUTO_INCREMENT=1 ;

-- --------------------------------------------------------

--
-- Table structure for table `ndfb_quotes`
--

CREATE TABLE IF NOT EXISTS `ndfb_quotes` (
`qid` int(10) unsigned NOT NULL,
  `quote` text
) ENGINE=MyISAM  DEFAULT CHARSET=utf8 AUTO_INCREMENT=2 ;

--
-- Dumping data for table `ndfb_quotes`
--

INSERT INTO `ndfb_quotes` (`qid`, `quote`) VALUES
(1, 'Feed a man a fish and you feed him for a day,  Teach a man to fish and you feed him for a lifetime. - Unknown');

-- --------------------------------------------------------

--
-- Table structure for table `ndfb_referer`
--

CREATE TABLE IF NOT EXISTS `ndfb_referer` (
`rid` int(11) NOT NULL,
  `url` varchar(100) NOT NULL DEFAULT ''
) ENGINE=MyISAM  DEFAULT CHARSET=utf8 AUTO_INCREMENT=114330 ;

--
-- Dumping data for table `ndfb_referer`
--

INSERT INTO `ndfb_referer` (`rid`, `url`) VALUES
(112363, 'http://vote-up.ru/'),
(112364, 'http://vote-up.ru/'),
(112365, 'http://samara.xrus.org/'),
(112366, 'http://samara.xrus.org/'),
(112367, 'http://samara.xrus.org/'),
(112368, 'http://www.beauty-clinic.ru/epil/laser-epilation'),
(112369, 'http://zoospa.kz/'),
(112370, 'http://www.rospromtest.ru/'),
(112371, 'http://www.rospromtest.ru/'),
(112372, 'http://zoospa.kz/'),
(112373, 'http://www.rospromtest.ru/'),
(112374, 'http://zoospa.kz/'),
(112375, 'http://saratov.xrus.org/'),
(112376, 'http://saratov.xrus.org/'),
(112377, 'http://rextorrent.com/confirm/url/aHR0cDovL3d3dy5kZmJnYW1pbmcuY29t/'),
(112378, 'http://top1-seo-service.com/try.php?u=http://dfbgaming.com'),
(112379, 'http://azartniy-bonus.com/'),
(112380, 'http://royal-betting.net/'),
(112381, 'http://perm.xrus.org/'),
(112382, 'http://perm.xrus.org/'),
(112383, 'http://azartniy-bonus.com/'),
(112384, 'http://perm.xrus.org/'),
(112385, 'http://azartniy-bonus.com/'),
(112386, 'http://royal-betting.net/'),
(112387, 'http://www.rospromtest.ru/'),
(112388, 'http://www.rospromtest.ru/'),
(112389, 'http://sorus.ucoz.ru/'),
(112390, 'http://gazobeton-p.com.ua/'),
(112391, 'http://www.hifidesign.ru/'),
(112392, 'http://gazobeton-p.com.ua/'),
(112393, 'http://moscow.xrus.org/'),
(112394, 'http://www.hifidesign.ru/'),
(112395, 'http://moscow.xrus.org/'),
(112396, 'http://www.hifidesign.ru/'),
(112397, 'http://nintendoage.com/index.cfm?FuseAction=Users.Blog&User=MattMan'),
(112398, 'https://www.google.com/'),
(112399, 'http://perm.afora.ru/'),
(112400, 'http://perm.afora.ru/'),
(112401, 'http://top1-seo-service.com/try.php?u=http://dfbgaming.com'),
(112402, 'https://www.google.ca'),
(112403, 'http://10235166.responsive-test.net/'),
(112404, 'http://xsion.net/'),
(112405, 'http://xsion.net/'),
(112406, 'http://xsion.net/'),
(112407, 'http://p-business.ru/'),
(112408, 'http://p-business.ru/'),
(112409, 'http://p-business.ru/'),
(112410, 'http://top1-seo-service.com/try.php?u=http://dfbgaming.com'),
(112411, 'http://10235166.responsive-test.net/'),
(112412, 'http://dfbgaming.com/'),
(112413, 'http://yourdesires.ru/'),
(112414, 'http://yourdesires.ru/'),
(112415, 'http://yourdesires.ru/'),
(112416, 'http://www.gamesites200.com/'),
(112417, 'https://www.google.com/'),
(112418, 'http://www.outshop.ru/'),
(112419, 'http://www.outshop.ru/'),
(112420, 'http://www.outshop.ru/'),
(112421, 'http://antiviruses.nethouse.ru'),
(112422, 'http://izhevsk.xrus.org/'),
(112423, 'http://smstraf.ru/'),
(112424, 'http://smstraf.ru/'),
(112425, 'http://smstraf.ru/'),
(112426, 'http://izhevsk.xrus.org/'),
(112427, 'http://izhevsk.xrus.org/'),
(112428, 'http://www.4istoshop.com/'),
(112429, 'http://www.4istoshop.com/'),
(112430, 'http://www.4istoshop.com/'),
(112431, 'http://top1-seo-service.com/try.php?u=http://dfbgaming.com'),
(112432, 'http://pizza-imperia.com/'),
(112433, 'http://hydropump.su/'),
(112434, 'http://omsk.xrus.org/'),
(112435, 'http://gogps.me/'),
(112436, 'http://hydropump.su/'),
(112437, 'http://gogps.me/'),
(112438, 'http://omsk.xrus.org/'),
(112439, 'http://hydropump.su/'),
(112440, 'http://gogps.me/'),
(112441, 'http://omsk.xrus.org/'),
(112442, 'https://www.google.co.za/'),
(112443, 'https://www.google.co.za/'),
(112444, 'http://uptime.com/dfbgaming.com'),
(112445, 'http://recipedays.ru/'),
(112446, 'http://gazobetondom.com.ua/'),
(112447, 'http://zakon-ob-obrazovanii.ru/'),
(112448, 'http://prombudpostach.com.ua/'),
(112449, 'http://zakon-ob-obrazovanii.ru/'),
(112450, 'http://gazobetondom.com.ua/'),
(112451, 'http://recipedays.ru/'),
(112452, 'http://piter.xrus.org/'),
(112453, 'http://recipedays.ru/'),
(112454, 'http://www.drugstoreforyou.com/'),
(112455, 'http://www.drugstoreforyou.com/'),
(112456, 'http://www.drugstoreforyou.com/'),
(112457, 'http://hvd-store.com/'),
(112458, 'http://top1-seo-service.com/try.php?u=http://dfbgaming.com'),
(112459, 'http://top1-seo-service.com/try.php?u=http://dfbgaming.com'),
(112460, 'http://uptime.com/dfbgaming.com'),
(112461, 'http://steamcommunity.com/id/dfbemac'),
(112462, 'http://www.ekspertmed.com/'),
(112463, 'http://www.ekspertmed.com/'),
(112464, 'http://www.ekspertmed.com/'),
(112465, 'http://top1-seo-service.com/try.php?u=http://dfbgaming.com'),
(112466, 'http://steamcommunity.com/id/dfbemac'),
(112467, 'http://top1-seo-service.com/try.php?u=http://dfbgaming.com'),
(112468, 'http://www.gamesites200.com/unreal/'),
(112469, 'http://top1-seo-service.com/try.php?u=http://dfbgaming.com'),
(112470, 'http://perm.afora.ru/'),
(112471, 'http://perm.afora.ru/'),
(112472, 'http://perm.afora.ru/'),
(112473, 'http://dfbgaming.com/'),
(112474, 'http://www.outshop.ru/'),
(112475, 'http://www.outshop.ru/'),
(112476, 'http://www.outshop.ru/'),
(112477, 'http://vucms.com/shop/'),
(112478, 'http://vucms.com/shop/'),
(112479, 'http://vucms.com/shop/'),
(112480, 'http://top1-seo-service.com/try.php?u=http://dfbgaming.com'),
(112481, 'http://sky-mine.ru/'),
(112482, 'http://sky-mine.ru/'),
(112483, 'http://sky-mine.ru/'),
(112484, 'http://top1-seo-service.com/try.php?u=http://dfbgaming.com'),
(112485, 'http://elz.by/'),
(112486, 'http://elz.by/'),
(112487, 'http://elz.by/'),
(112488, 'http://www.google.com/search'),
(112489, 'http://www.google.com/search'),
(112490, 'http://pizza-tycoon.com/'),
(112491, 'http://forexgb.ru/'),
(112492, 'http://royal-betting.net/'),
(112493, 'http://rostov.xrus.org/'),
(112494, 'http://rostov.xrus.org/'),
(112495, 'http://forexgb.ru/'),
(112496, 'http://royal-betting.net/'),
(112497, 'http://rostov.xrus.org/'),
(112498, 'http://forexgb.ru/'),
(112499, 'http://royal-betting.net/'),
(112500, 'http://top1-seo-service.com/try.php?u=http://dfbgaming.com'),
(112501, 'http://top1-seo-service.com/try.php?u=http://dfbgaming.com'),
(112502, 'https://www.google.ca'),
(112503, 'http://hyipmanager.in/karta-sajta/'),
(112504, 'http://hyipmanager.in/karta-sajta/'),
(112505, 'http://hyipmanager.in/karta-sajta/'),
(112506, 'http://moscow.xrus.org/'),
(112507, 'http://iqoption.pro/'),
(112508, 'http://moscow.xrus.org/'),
(112509, 'http://iqoption.pro/'),
(112510, 'http://recipedays.ru/'),
(112511, 'http://iqoption.pro/'),
(112512, 'http://moscow.xrus.org/'),
(112513, 'http://gazobetondom.com.ua/'),
(112514, 'http://recipedays.ru/'),
(112515, 'http://gazobetondom.com.ua/'),
(112516, 'http://recipedays.ru/'),
(112517, 'http://saratov.xrus.org/'),
(112518, 'https://www.google.fr'),
(112519, 'http://top1-seo-service.com/try.php?u=http://dfbgaming.com'),
(112520, 'http://xsion.net/'),
(112521, 'http://xsion.net/'),
(112522, 'http://xsion.net/'),
(112523, 'http://top1-seo-service.com/try.php?u=http://dfbgaming.com'),
(112524, 'http://top1-seo-service.com/try.php?u=http://dfbgaming.com'),
(112525, 'http://sdi-pme.com/'),
(112526, 'http://sdi-pme.com/'),
(112527, 'http://sdi-pme.com/'),
(112528, 'http://karusel-market.ru/'),
(112529, 'http://karusel-market.ru/'),
(112530, 'http://karusel-market.ru/'),
(112531, 'http://top1-seo-service.com/try.php?u=http://dfbgaming.com'),
(112532, 'http://glass-msk.ru/'),
(112533, 'http://glass-msk.ru/'),
(112534, 'http://glass-msk.ru/'),
(112535, 'https://www.google.ca'),
(112536, 'http://ring4rhino.com/'),
(112537, 'http://ring4rhino.com/'),
(112538, 'http://ring4rhino.com/'),
(112539, 'http://royal-investments.net/'),
(112540, 'http://royal-investments.net/'),
(112541, 'http://krynica.info/'),
(112542, 'http://perm.xrus.org/'),
(112543, 'http://krynica.info/'),
(112544, 'http://perm.xrus.org/'),
(112545, 'http://royal-investments.net/'),
(112546, 'http://krynica.info/'),
(112547, 'http://perm.xrus.org/'),
(112548, 'http://buttons-for-website.com'),
(112549, 'http://top1-seo-service.com/try.php?u=http://dfbgaming.com'),
(112550, 'http://dfbgaming.com/'),
(112551, 'http://hyipmanager.in/karta-sajta/'),
(112552, 'http://hyipmanager.in/karta-sajta/'),
(112553, 'http://buttons-for-website.com'),
(112554, 'http://www.gamesites200.com/'),
(112555, 'http://krasnodar.xrus.org/'),
(112556, 'http://krasnodar.xrus.org/'),
(112557, 'http://krasnodar.xrus.org/'),
(112558, 'http://zakon-ob-obrazovanii.ru/'),
(112559, 'http://recipedays.ru/'),
(112560, 'http://zakon-ob-obrazovanii.ru/'),
(112561, 'http://moscow.xrus.org/'),
(112562, 'http://recipedays.ru/'),
(112563, 'http://zakon-ob-obrazovanii.ru/'),
(112564, 'http://ukr-cegla.com.ua/'),
(112565, 'http://moscow.xrus.org/'),
(112566, 'http://recipedays.ru/'),
(112567, 'http://stoki.ru/'),
(112568, 'http://ukr-cegla.com.ua/'),
(112569, 'http://moscow.xrus.org/'),
(112570, 'http://ukr-cegla.com.ua/'),
(112571, 'http://stoki.ru/'),
(112572, 'http://stoki.ru/'),
(112573, 'http://akvamaster.dp.ua/'),
(112574, 'http://akvamaster.dp.ua/'),
(112575, 'http://akvamaster.dp.ua/'),
(112576, 'http://mercedes.afora.ru/'),
(112577, 'http://m.baidu.com/s?wd=%7BdFb%7DGamingCommunity-UnrealTournament-UT99UT2004UT3'),
(112578, 'http://www.baidu.com/s?wd=%7BdFb%7DGamingCommunity-UnrealTournament-UT99UT2004UT3'),
(112579, 'http://beauby.ru/'),
(112580, 'http://yourdesires.ru/'),
(112581, 'http://yourdesires.ru/'),
(112582, 'http://yourdesires.ru/'),
(112583, 'http://dfbgaming.com'),
(112584, 'http://royal-investments.net/'),
(112585, 'http://owohho.com/'),
(112586, 'http://krasnoyarsk.xrus.org/'),
(112587, 'http://owohho.com/'),
(112588, 'http://krasnoyarsk.xrus.org/'),
(112589, 'http://owohho.com/'),
(112590, 'http://royal-investments.net/'),
(112591, 'http://royal-investments.net/'),
(112592, 'http://krasnoyarsk.xrus.org/'),
(112593, 'http://m.baidu.com/s?wd=%7BdFb%7DGamingCommunity-UnrealTournament-UT99UT2004UT3'),
(112594, 'http://www.baidu.com/s?wd=%7BdFb%7DGamingCommunity-UnrealTournament-UT99UT2004UT3'),
(112595, 'http://likesdesign.com/top-30-girls-shoot-fails-you-will-never-guess-what-a-beautiful-girl-is-ready-'),
(112596, 'http://likesdesign.com/top-30-girls-shoot-fails-you-will-never-guess-what-a-beautiful-girl-is-ready-'),
(112597, 'http://likesdesign.com/top-30-girls-shoot-fails-you-will-never-guess-what-a-beautiful-girl-is-ready-'),
(112598, 'http://krasnodar.xrus.org/'),
(112599, 'http://krasnodar.xrus.org/'),
(112600, 'http://krasnodar.xrus.org/'),
(112601, 'http://uptime.com/dfbgaming.com'),
(112602, 'http://kazan.xrus.org/'),
(112603, 'http://pp-budpostach.com.ua/articles'),
(112604, 'http://www.womensplay.net/'),
(112605, 'http://recipedays.ru/'),
(112606, 'http://kazan.xrus.org/'),
(112607, 'http://www.womensplay.net/'),
(112608, 'http://recipedays.ru/'),
(112609, 'http://kazan.xrus.org/'),
(112610, 'http://www.womensplay.net/'),
(112611, 'http://recipedays.ru/'),
(112612, 'http://pp-budpostach.com.ua/articles'),
(112613, 'http://pp-budpostach.com.ua/articles'),
(112614, 'http://pornogig.com/'),
(112615, 'http://pornogig.com/'),
(112616, 'http://ut3stats.dfbgaming.com/index.php?game_name=ut3pc&page=player&plid=169466253&plsubpage=weapons'),
(112617, 'http://www.auto-moto-elektronika.cz/'),
(112618, 'http://www.auto-moto-elektronika.cz/'),
(112619, 'http://www.auto-moto-elektronika.cz/'),
(112620, 'http://bio.trade-jp.net/'),
(112621, 'http://boleznikogi.com/'),
(112622, 'http://gogps.me/'),
(112623, 'http://ufa.xrus.org/'),
(112624, 'http://ufa.xrus.org/'),
(112625, 'http://gogps.me/'),
(112626, 'http://ufa.xrus.org/'),
(112627, 'http://gogps.me/'),
(112628, 'http://groupmoney.ru/'),
(112629, 'http://groupmoney.ru/'),
(112630, 'http://groupmoney.ru/'),
(112631, 'http://uptime.com/dfbgaming.com'),
(112632, 'http://burger-imperia.com/'),
(112633, 'http://svetodiodoff.ru/'),
(112634, 'http://svetodiodoff.ru/'),
(112635, 'http://svetodiodoff.ru/'),
(112636, 'http://www.drugstoreforyou.com/'),
(112637, 'http://www.drugstoreforyou.com/'),
(112638, 'http://www.drugstoreforyou.com/'),
(112639, 'http://udensspices.lv/'),
(112640, 'http://udensspices.lv/'),
(112641, 'http://udensspices.lv/'),
(112642, 'http://uptime.com/dfbgaming.com'),
(112643, 'http://krasnodar.xrus.org/'),
(112644, 'http://krasnodar.xrus.org/'),
(112645, 'http://dfbgaming.com/'),
(112646, 'http://pp-budpostach.com.ua/articles'),
(112647, 'http://pp-budpostach.com.ua/articles'),
(112648, 'http://pp-budpostach.com.ua/articles'),
(112649, 'http://moscow.xrus.org/'),
(112650, 'http://www.x720.net/'),
(112651, 'http://moscow.xrus.org/'),
(112652, 'http://www.x720.net/'),
(112653, 'http://moscow.xrus.org/'),
(112654, 'http://www.x720.net/'),
(112655, 'http://xn-----6kcaacnblni5c5bicdpcmficy.xn--p1ai/'),
(112656, 'http://xn-----6kcaacnblni5c5bicdpcmficy.xn--p1ai/'),
(112657, 'http://userequip.com/'),
(112658, 'http://userequip.com/'),
(112659, 'http://userequip.com/'),
(112660, 'http://udensspices.lv/'),
(112661, 'http://udensspices.lv/'),
(112662, 'http://udensspices.lv/'),
(112663, 'http://bio.trade-jp.net/'),
(112664, 'http://bio.trade-jp.net/'),
(112665, 'http://coop-gamers.ru/'),
(112666, 'http://perm.xrus.org/'),
(112667, 'http://hydropump.su/'),
(112668, 'http://hydropump.su/'),
(112669, 'http://coop-gamers.ru/'),
(112670, 'http://hydropump.su/'),
(112671, 'http://coop-gamers.ru/'),
(112672, 'http://perm.xrus.org/'),
(112673, 'http://perm.xrus.org/'),
(112674, 'http://boleznikogi.com/'),
(112675, 'http://likesdesign.com/top-30-girls-shoot-fails-you-will-never-guess-what-a-beautiful-girl-is-ready-'),
(112676, 'http://likesdesign.com/top-30-girls-shoot-fails-you-will-never-guess-what-a-beautiful-girl-is-ready-'),
(112677, 'http://likesdesign.com/top-30-girls-shoot-fails-you-will-never-guess-what-a-beautiful-girl-is-ready-'),
(112678, 'https://www.google.com/'),
(112679, 'http://google.com'),
(112680, 'http://www.bing.com/'),
(112681, 'http://izhevsk.xrus.org/'),
(112682, 'http://izhevsk.xrus.org/'),
(112683, 'http://izhevsk.xrus.org/'),
(112684, 'http://burger-imperia.com/'),
(112685, 'https://www.google.ca/'),
(112686, 'http://uptime.com/dfbgaming.com'),
(112687, 'http://dfbgaming.com/'),
(112688, 'http://izhevsk.xrus.org/'),
(112689, 'http://vucms.com/shop/'),
(112690, 'http://glass-msk.ru/'),
(112691, 'http://xn-----6kcaacnblni5c5bicdpcmficy.xn--p1ai/'),
(112692, 'http://xn-----6kcaacnblni5c5bicdpcmficy.xn--p1ai/'),
(112693, 'http://vucms.com/shop/'),
(112694, 'http://xn-----6kcaacnblni5c5bicdpcmficy.xn--p1ai/'),
(112695, 'http://vucms.com/shop/'),
(112696, 'http://izhevsk.xrus.org/'),
(112697, 'http://glass-msk.ru/'),
(112698, 'http://izhevsk.xrus.org/'),
(112699, 'http://glass-msk.ru/'),
(112700, 'http://zebradudka.com/'),
(112701, 'http://autobudpostach.club/'),
(112702, 'http://moscow.xrus.org/'),
(112703, 'http://www.x720.net/'),
(112704, 'http://autobudpostach.club/'),
(112705, 'http://zebradudka.com/'),
(112706, 'http://moscow.xrus.org/'),
(112707, 'http://www.x720.net/'),
(112708, 'http://zebradudka.com/'),
(112709, 'http://autobudpostach.club/'),
(112710, 'http://moscow.xrus.org/'),
(112711, 'http://www.x720.net/'),
(112712, 'http://pp-budpostach.com.ua/articles'),
(112713, 'http://pp-budpostach.com.ua/articles'),
(112714, 'http://pp-budpostach.com.ua/articles'),
(112715, 'http://ledekole.com/'),
(112716, 'http://ledekole.com/'),
(112717, 'http://ledekole.com/'),
(112718, 'http://download.cnet.com/windows/dfb-gaming/3260-20_4-10316377-1.html'),
(112719, 'http://dfbgaming.com/'),
(112720, 'http://owohho.com/'),
(112721, 'http://owohho.com/'),
(112722, 'http://owohho.com/'),
(112723, 'http://coop-gamers.ru/'),
(112724, 'http://coop-gamers.ru/'),
(112725, 'http://coop-gamers.ru/'),
(112726, 'http://samara.xrus.org/'),
(112727, 'http://stairliftstrue.com/'),
(112728, 'http://samara.xrus.org/'),
(112729, 'http://stairliftstrue.com/'),
(112730, 'http://samara.xrus.org/'),
(112731, 'http://stairliftstrue.com/'),
(112732, 'http://burger-imperia.com/'),
(112733, 'https://www.facebook.com'),
(112734, 'http://www.bing.com/search?q=DFB+clan&src=IE-SearchBox&FORM=IENTSR&pc=EUPP_'),
(112735, 'http://udensspices.lv/'),
(112736, 'http://udensspices.lv/'),
(112737, 'http://udensspices.lv/'),
(112738, 'https://www.google.com/'),
(112739, 'http://purchasepillsnorx.com/'),
(112740, 'http://purchasepillsnorx.com/'),
(112741, 'http://purchasepillsnorx.com/'),
(112742, 'http://prlog.ru/analysis/dfbgaming.com'),
(112743, 'https://www.google.ca/'),
(112744, 'http://aftermarket.afora.ru/'),
(112745, 'http://www.beauty-clinic.ru/epil/laser-epilation'),
(112746, 'http://tolyatti.xrus.org/'),
(112747, 'http://www.beauty-clinic.ru/epil/laser-epilation'),
(112748, 'http://tolyatti.xrus.org/'),
(112749, 'http://aftermarket.afora.ru/'),
(112750, 'http://tolyatti.xrus.org/'),
(112751, 'http://www.beauty-clinic.ru/epil/laser-epilation'),
(112752, 'http://aftermarket.afora.ru/'),
(112753, 'http://zoospa.kz/'),
(112754, 'http://www.hifidesign.ru/'),
(112755, 'http://zoospa.kz/'),
(112756, 'http://www.x720.net/'),
(112757, 'http://moscow.xrus.org/'),
(112758, 'http://www.hifidesign.ru/'),
(112759, 'http://moscow.xrus.org/'),
(112760, 'http://iqoption.pro/'),
(112761, 'http://www.hifidesign.ru/'),
(112762, 'http://moscow.xrus.org/'),
(112763, 'http://www.x720.net/'),
(112764, 'http://www.x720.net/'),
(112765, 'http://zoospa.kz/'),
(112766, 'http://iqoption.pro/'),
(112767, 'http://iqoption.pro/'),
(112768, 'https://www.google.co.uk'),
(112769, 'http://uptime.com/dfbgaming.com'),
(112770, 'http://turdinc.kicks-ass.net/'),
(112771, 'http://uptime.com/dfbgaming.com'),
(112772, 'http://yourdesires.ru/'),
(112773, 'http://yourdesires.ru/'),
(112774, 'http://yourdesires.ru/'),
(112775, 'http://gogps.me/'),
(112776, 'http://arkkivoltti.net/'),
(112777, 'http://gogps.me/'),
(112778, 'http://arkkivoltti.net/'),
(112779, 'http://gogps.me/'),
(112780, 'http://arkkivoltti.net/'),
(112781, 'http://bio.trade-jp.net/'),
(112782, 'http://glass-msk.ru/'),
(112783, 'http://glass-msk.ru/'),
(112784, 'http://bio.trade-jp.net/'),
(112785, 'http://glass-msk.ru/'),
(112786, 'http://bio.trade-jp.net/'),
(112787, 'http://recipedays.ru/'),
(112788, 'http://recipedays.ru/'),
(112789, 'http://recipedays.ru/'),
(112790, 'http://stoki.ru/'),
(112791, 'http://zebradudka.com/'),
(112792, 'http://stoki.ru/'),
(112793, 'http://zebradudka.com/'),
(112794, 'http://stoki.ru/'),
(112795, 'http://zebradudka.com/'),
(112796, 'http://hyipmanager.in/karta-sajta/'),
(112797, 'http://hyipmanager.in/karta-sajta/'),
(112798, 'http://hyipmanager.in/karta-sajta/'),
(112799, 'http://vilingstore.net/'),
(112800, 'http://vilingstore.net/'),
(112801, 'http://vilingstore.net/'),
(112802, 'http://ukr-cegla.com.ua/'),
(112803, 'http://ukr-cegla.com.ua/'),
(112804, 'http://ukr-cegla.com.ua/'),
(112805, 'http://karusel-market.ru/'),
(112806, 'http://karusel-market.ru/'),
(112807, 'http://karusel-market.ru/'),
(112808, 'http://sivs.ru/viewtopic.php?id=8258'),
(112809, 'http://sivs.ru/viewtopic.php?id=8258'),
(112810, 'http://sivs.ru/viewtopic.php?id=8258'),
(112811, 'http://arkkivoltti.net/'),
(112812, 'http://arkkivoltti.net/'),
(112813, 'http://arkkivoltti.net/'),
(112814, 'http://dfbgaming.com/'),
(112815, 'http://dfbgaming.com/'),
(112816, 'http://www.vbcode.com/Asp/code.asp?SortBy=WeekDate'),
(112817, 'http://dfbgaming.com/'),
(112818, 'http://steamcommunity.com/id/dfbemac'),
(112819, 'http://dfdesignsatlanta.com'),
(112820, 'http://www.bing.com/'),
(112821, 'http://aftermarket.afora.ru/'),
(112822, 'http://aftermarket.afora.ru/'),
(112823, 'http://aftermarket.afora.ru/'),
(112824, 'http://dfbgaming.com/'),
(112825, 'http://mastershef.club/'),
(112826, 'http://mastershef.club/'),
(112827, 'http://mastershef.club/'),
(112828, 'http://userequip.com/'),
(112829, 'http://yourdesires.ru/'),
(112830, 'http://yourdesires.ru/'),
(112831, 'http://userequip.com/'),
(112832, 'http://yourdesires.ru/'),
(112833, 'http://userequip.com/'),
(112834, 'http://proekt-mos.ru/'),
(112835, 'http://proekt-mos.ru/'),
(112836, 'http://proekt-mos.ru/'),
(112837, 'https://www.google.pt/'),
(112838, 'http://sorus.ucoz.ru/'),
(112839, 'http://boleznikogi.com/'),
(112840, 'http://sorus.ucoz.ru/'),
(112841, 'http://boleznikogi.com/'),
(112842, 'http://sorus.ucoz.ru/'),
(112843, 'http://boleznikogi.com/'),
(112844, 'http://www.drugstoreforyou.com/'),
(112845, 'http://www.drugstoreforyou.com/'),
(112846, 'http://www.drugstoreforyou.com/'),
(112847, 'http://www.lego4x4.ru/'),
(112848, 'http://berlininsl.com/'),
(112849, 'http://sale-japan.com/'),
(112850, 'http://berlininsl.com/'),
(112851, 'http://www.lego4x4.ru/'),
(112852, 'http://sale-japan.com/'),
(112853, 'http://www.lego4x4.ru/'),
(112854, 'http://berlininsl.com/'),
(112855, 'http://sale-japan.com/'),
(112856, 'https://www.google.com/'),
(112857, 'https://www.google.com/'),
(112858, 'http://aeroc.net.ua/'),
(112859, 'http://aeroc.net.ua/'),
(112860, 'http://aeroc.net.ua/'),
(112861, 'http://www.bing.com/'),
(112862, 'http://dfbgaming.com'),
(112863, 'http://turdinc.kicks-ass.net/'),
(112864, 'http://dfbgaming.com/'),
(112865, 'http://dfbgaming.com/'),
(112866, 'http://sdi-pme.com/'),
(112867, 'http://sdi-pme.com/'),
(112868, 'http://sdi-pme.com/'),
(112869, 'http://vilingstore.net/'),
(112870, 'http://vilingstore.net/'),
(112871, 'http://vilingstore.net/'),
(112872, 'http://binomo.kz/'),
(112873, 'http://binomo.kz/'),
(112874, 'http://binomo.kz/'),
(112875, 'http://www.beauty-clinic.ru/epil/laser-epilation'),
(112876, 'http://www.beauty-clinic.ru/epil/laser-epilation'),
(112877, 'http://bio-japan.net/'),
(112878, 'http://bio-japan.net/'),
(112879, 'http://www.beauty-clinic.ru/epil/laser-epilation'),
(112880, 'http://bio-japan.net/'),
(112881, 'http://porno-video-chati.ru/'),
(112882, 'http://porno-video-chati.ru/'),
(112883, 'http://porno-video-chati.ru/'),
(112884, 'http://www.lego4x4.ru/'),
(112885, 'http://arkkivoltti.net/'),
(112886, 'http://www.lego4x4.ru/'),
(112887, 'http://arkkivoltti.net/'),
(112888, 'http://www.lego4x4.ru/'),
(112889, 'http://arkkivoltti.net/'),
(112890, 'http://gogps.me/'),
(112891, 'http://gogps.me/'),
(112892, 'http://gogps.me/'),
(112893, 'http://chcu.net/russkoe-porno/'),
(112894, 'http://chcu.net/russkoe-porno/'),
(112895, 'http://pp-budpostach.com.ua/articles'),
(112896, 'http://chcu.net/russkoe-porno/'),
(112897, 'http://pp-budpostach.com.ua/articles'),
(112898, 'http://pp-budpostach.com.ua/articles'),
(112899, 'http://dfbgaming.com/'),
(112900, 'http://dfbgaming.com/'),
(112901, 'http://www.womensplay.net/'),
(112902, 'http://www.womensplay.net/'),
(112903, 'http://womensterritory.ru/'),
(112904, 'http://womensterritory.ru/'),
(112905, 'http://womensterritory.ru/'),
(112906, 'http://pornogig.com/'),
(112907, 'http://pornogig.com/'),
(112908, 'http://pornogig.com/'),
(112909, 'https://www.google.com/'),
(112910, 'https://www.google.com/'),
(112911, 'http://yourdesires.ru/'),
(112912, 'http://yourdesires.ru/'),
(112913, 'http://yourdesires.ru/'),
(112914, 'http://mastershef.club/'),
(112915, 'http://mastershef.club/'),
(112916, 'http://mastershef.club/'),
(112917, 'http://arkkivoltti.net/'),
(112918, 'http://idc.com.ua/'),
(112919, 'http://idc.com.ua/'),
(112920, 'http://arkkivoltti.net/'),
(112921, 'http://www.all4invest.ru/'),
(112922, 'http://www.all4invest.ru/'),
(112923, 'http://idc.com.ua/'),
(112924, 'http://arkkivoltti.net/'),
(112925, 'http://www.all4invest.ru/'),
(112926, 'http://cool-wedding.net/'),
(112927, 'http://cool-wedding.net/'),
(112928, 'http://cool-wedding.net/'),
(112929, 'dfbgaming.com'),
(112930, 'http://glass-msk.ru/'),
(112931, 'http://glass-msk.ru/'),
(112932, 'http://glass-msk.ru/'),
(112933, 'http://allkrim.com/'),
(112934, 'http://allkrim.com/'),
(112935, 'http://allkrim.com/'),
(112936, 'https://www.bing.com/search?q=dfb%20gaming&pivot=web&persona=0&input=5&form=MB10782&mkt=en-US&setlan'),
(112937, 'http://xn--80acerqftc.com.ua/'),
(112938, 'http://iqoption.pro/'),
(112939, 'http://xn--80acerqftc.com.ua/'),
(112940, 'http://iqoption.pro/'),
(112941, 'http://xn--80acerqftc.com.ua/'),
(112942, 'http://www.drugstoreforyou.com/'),
(112943, 'http://www.drugstoreforyou.com/'),
(112944, 'http://autobudpostach.club/'),
(112945, 'http://autobudpostach.club/'),
(112946, 'http://autobudpostach.club/'),
(112947, 'http://xn-----6kcaacnblni5c5bicdpcmficy.xn--p1ai/'),
(112948, 'http://xn-----6kcaacnblni5c5bicdpcmficy.xn--p1ai/'),
(112949, 'http://xn-----6kcaacnblni5c5bicdpcmficy.xn--p1ai/'),
(112950, 'http://vucms.com/shop/'),
(112951, 'http://vucms.com/shop/'),
(112952, 'http://vucms.com/shop/'),
(112953, 'http://www.smstorrents.com/confirm/url/aHR0cDovL3d3dy5kZmJnYW1pbmcuY29t/'),
(112954, 'http://gogps.me/'),
(112955, 'http://special-porn.com/'),
(112956, 'http://special-porn.com/'),
(112957, 'http://gogps.me/'),
(112958, 'http://gogps.me/'),
(112959, 'http://special-porn.com/'),
(112960, 'http://replicaclub.ru/'),
(112961, 'http://replicaclub.ru/'),
(112962, 'http://replicaclub.ru/'),
(112963, 'http://vpnhowto.info/node/78'),
(112964, 'http://vpnhowto.info/node/78'),
(112965, 'http://vpnhowto.info/node/78'),
(112966, 'http://dfbgaming.com'),
(112967, 'http://userequip.com/'),
(112968, 'http://userequip.com/'),
(112969, 'http://userequip.com/'),
(112970, 'http://purchasepillsnorx.com/'),
(112971, 'http://purchasepillsnorx.com/'),
(112972, 'http://www.growshop.es/'),
(112973, 'http://www.growshop.es/'),
(112974, 'http://www.growshop.es/'),
(112975, 'http://forum.tvmir.org/'),
(112976, 'http://forum.tvmir.org/'),
(112977, 'http://uptime.com/dfbgaming.com'),
(112978, 'http://gazobetondom.com.ua/'),
(112979, 'http://gazobeton-p.com.ua/'),
(112980, 'http://gazobetondom.com.ua/'),
(112981, 'http://gazobetondom.com.ua/'),
(112982, 'http://gazobeton-p.com.ua/'),
(112983, 'http://gazobeton-p.com.ua/'),
(112984, 'http://download.cnet.com/windows/dfb-gaming/3260-20_4-10316377-1.html'),
(112985, 'http://coinsruss.com/'),
(112986, 'http://coinsruss.com/'),
(112987, 'http://uptime.com/dfbgaming.com'),
(112988, 'http://allkrim.com/'),
(112989, 'http://allkrim.com/'),
(112990, 'http://allkrim.com/'),
(112991, 'http://www.gamesites200.com/unreal/'),
(112992, 'http://autobudpostach.club/'),
(112993, 'http://autobudpostach.club/'),
(112994, 'http://www.replica-watch.ru/'),
(112995, 'http://arkkivoltti.net/'),
(112996, 'http://tvand.ru/'),
(112997, 'http://www.replica-watch.ru/'),
(112998, 'http://arkkivoltti.net/'),
(112999, 'http://tvand.ru/'),
(113000, 'http://www.replica-watch.ru/'),
(113001, 'http://arkkivoltti.net/'),
(113002, 'http://tvand.ru/'),
(113003, 'http://uptime.com/dfbgaming.com'),
(113004, 'https://www.google.com/'),
(113005, 'http://yandex.ru/clck/jsredir?from=yandex.ru%3Bsearch%3Bweb%3B%3B&text=&etext=1017.NAZIVDAGxOBaXY8i3'),
(113006, 'http://smstraf.ru/'),
(113007, 'http://smstraf.ru/'),
(113008, 'http://smstraf.ru/'),
(113009, 'http://uptime.com/dfbgaming.com'),
(113010, 'http://dfbgaming.com'),
(113011, 'https://www.google.ca/'),
(113012, 'http://yandex.ru/clck/jsredir?from=yandex.ru%3Bsearch%3Bweb%3B%3B&text=&etext=1017.GsGyeSZ_IoONp6k1u'),
(113013, 'http://moneytop.ru/'),
(113014, 'http://recipedays.ru/'),
(113015, 'http://recipedays.ru/'),
(113016, 'http://recipedays.ru/'),
(113017, 'http://proekt-mos.ru/'),
(113018, 'http://proekt-mos.ru/'),
(113019, 'http://proekt-mos.ru/'),
(113020, 'http://silvermature.net/'),
(113021, 'http://silvermature.net/'),
(113022, 'http://silvermature.net/'),
(113023, 'http://dear-diary.ru/'),
(113024, 'http://dear-diary.ru/'),
(113025, 'http://dear-diary.ru/'),
(113026, 'http://xn--80acerqftc.com.ua/'),
(113027, 'http://iqoption.pro/'),
(113028, 'http://xn--80acerqftc.com.ua/'),
(113029, 'http://xn--80acerqftc.com.ua/'),
(113030, 'http://iqoption.pro/'),
(113031, 'http://iqoption.pro/'),
(113032, 'http://buttons-for-website.com'),
(113033, 'http://buttons-for-website.com'),
(113034, 'http://ukr-cegla.com.ua/'),
(113035, 'http://ukr-cegla.com.ua/'),
(113036, 'http://ukr-cegla.com.ua/'),
(113037, 'http://royal-betting.net/'),
(113038, 'http://royal-investments.net/'),
(113039, 'http://royal-betting.net/'),
(113040, 'http://royal-investments.net/'),
(113041, 'http://royal-betting.net/'),
(113042, 'http://royal-investments.net/'),
(113043, 'http://dekorkeramik.ru/'),
(113044, 'http://dekorkeramik.ru/'),
(113045, 'http://dekorkeramik.ru/'),
(113046, 'http://bio-japan.net/'),
(113047, 'http://bio-japan.net/'),
(113048, 'http://bio-japan.net/'),
(113049, 'http://glass-msk.ru/'),
(113050, 'http://glass-msk.ru/'),
(113051, 'http://glass-msk.ru/'),
(113052, 'http://dfbgaming.com'),
(113053, 'http://pornophoto.xyz/'),
(113054, 'http://pornophoto.xyz/'),
(113055, 'http://vpnhowto.info/node/78'),
(113056, 'http://vpnhowto.info/node/78'),
(113057, 'http://vpnhowto.info/node/78'),
(113058, 'http://cookingmeat.ru/beef/recipe02.html'),
(113059, 'http://cookingmeat.ru/beef/recipe02.html'),
(113060, 'http://cookingmeat.ru/beef/recipe02.html'),
(113061, 'http://carsnumber.com/'),
(113062, 'http://carsnumber.com/'),
(113063, 'http://carsnumber.com/'),
(113064, 'http://free-video-tool.com/'),
(113065, 'http://coinsruss.com/'),
(113066, 'http://coinsruss.com/'),
(113067, 'http://coinsruss.com/'),
(113068, 'http://boleznikogi.com/'),
(113069, 'http://zoospa.kz/'),
(113070, 'http://zoospa.kz/'),
(113071, 'http://boleznikogi.com/'),
(113072, 'http://boleznikogi.com/'),
(113073, 'http://zoospa.kz/'),
(113074, 'http://burger-imperia.com/'),
(113075, 'http://silvermature.net/'),
(113076, 'http://silvermature.net/'),
(113077, 'http://silvermature.net/'),
(113078, 'http://burger-imperia.com/'),
(113079, 'http://uptime.com/dfbgaming.com'),
(113080, 'http://berlininsl.com/'),
(113081, 'http://www.stadiumhotelguide.com/'),
(113082, 'http://money-every-day.com/'),
(113083, 'http://berlininsl.com/'),
(113084, 'http://www.stadiumhotelguide.com/'),
(113085, 'http://money-every-day.com/'),
(113086, 'http://berlininsl.com/'),
(113087, 'http://www.stadiumhotelguide.com/'),
(113088, 'http://money-every-day.com/'),
(113089, 'http://dfbgaming.com/'),
(113090, 'http://www.hifidesign.ru/'),
(113091, 'http://www.hifidesign.ru/'),
(113092, 'http://www.hifidesign.ru/'),
(113093, 'http://m.baidu.com/s?wd=%7BdFb%7DGamingCommunity-UnrealTournament-UT99UT2004UT3'),
(113094, 'http://www.baidu.com/s?wd=%7BdFb%7DGamingCommunity-UnrealTournament-UT99UT2004UT3'),
(113095, 'http://shopvilleroyboch.ru/'),
(113096, 'http://shopvilleroyboch.ru/'),
(113097, 'http://shopvilleroyboch.ru/'),
(113098, 'http://nbk-portal.no2000.net/portal.php?sid=6cdb724cfa1e39f34d3be214e034062f'),
(113099, 'http://proekt-mos.ru/'),
(113100, 'http://proekt-mos.ru/'),
(113101, 'http://proekt-mos.ru/'),
(113102, 'http://meds-online24.com/'),
(113103, 'http://meds-online24.com/'),
(113104, 'http://pornophoto.xyz/'),
(113105, 'http://pornophoto.xyz/'),
(113106, 'http://pornophoto.xyz/'),
(113107, 'http://buttons-for-website.com'),
(113108, 'http://buttons-for-website.com'),
(113109, 'http://nbk-portal.no2000.net/'),
(113110, 'http://273-fz.ru/'),
(113111, 'http://273-fz.ru/'),
(113112, 'http://supervesti.ru/'),
(113113, 'http://supervesti.ru/'),
(113114, 'http://supervesti.ru/'),
(113115, 'http://porno-video-chati.ru/'),
(113116, 'http://porno-video-chati.ru/'),
(113117, 'http://porno-video-chati.ru/'),
(113118, 'http://m.baidu.com/s?wd=%7BdFb%7DGamingCommunity-UnrealTournament-UT99UT2004UT3'),
(113119, 'http://dekorkeramik.ru/'),
(113120, 'http://tvand.ru/'),
(113121, 'http://royal-investments.net/'),
(113122, 'http://tvand.ru/'),
(113123, 'http://royal-investments.net/'),
(113124, 'http://dekorkeramik.ru/'),
(113125, 'http://tvand.ru/'),
(113126, 'http://royal-investments.net/'),
(113127, 'http://dekorkeramik.ru/'),
(113128, 'http://pozdrawleniya.com/'),
(113129, 'http://pozdrawleniya.com/'),
(113130, 'http://pozdrawleniya.com/'),
(113131, 'http://zebradudka.com/'),
(113132, 'http://pp-budpostach.com.ua/articles'),
(113133, 'http://zebradudka.com/'),
(113134, 'http://investingclub.ru/'),
(113135, 'http://investingclub.ru/'),
(113136, 'http://investingclub.ru/'),
(113137, 'http://www.gamesites200.com/'),
(113138, 'http://dfbgaming.com'),
(113139, 'http://prombudpostach.com.ua/'),
(113140, 'http://prombudpostach.com.ua/'),
(113141, 'http://prombudpostach.com.ua/'),
(113142, 'http://www.xpresscare.ru/'),
(113143, 'http://www.xpresscare.ru/'),
(113144, 'http://www.xpresscare.ru/'),
(113145, 'http://idc.com.ua/'),
(113146, 'http://idc.com.ua/'),
(113147, 'http://idc.com.ua/'),
(113148, 'http://keywords-monitoring-your-success.com/try.php?u=http://dfbgaming.com'),
(113149, 'http://coinsruss.com/'),
(113150, 'http://coinsruss.com/'),
(113151, 'http://coinsruss.com/'),
(113152, 'http://carsnumber.com/'),
(113153, 'http://carsnumber.com/'),
(113154, 'http://carsnumber.com/'),
(113155, 'http://womensterritory.ru/'),
(113156, 'http://womensterritory.ru/'),
(113157, 'http://womensterritory.ru/'),
(113158, 'http://buttons-for-website.com'),
(113159, 'http://royal-betting.net/'),
(113160, 'http://special-porn.com/'),
(113161, 'http://coop-gamers.ru/'),
(113162, 'http://royal-betting.net/'),
(113163, 'http://coop-gamers.ru/'),
(113164, 'http://special-porn.com/'),
(113165, 'http://coop-gamers.ru/'),
(113166, 'http://royal-betting.net/'),
(113167, 'http://special-porn.com/'),
(113168, 'http://zebradudka.com/'),
(113169, 'http://zebradudka.com/'),
(113170, 'http://zebradudka.com/'),
(113171, 'http://keywords-monitoring-your-success.com/try.php?u=http://dfbgaming.com'),
(113172, 'http://all-sims.ru/'),
(113173, 'http://all-sims.ru/'),
(113174, 'http://all-sims.ru/'),
(113175, 'http://www.hifidesign.ru/'),
(113176, 'http://www.hifidesign.ru/'),
(113177, 'http://www.hifidesign.ru/'),
(113178, 'http://moneytop.ru/'),
(113179, 'http://moneytop.ru/'),
(113180, 'http://meds-online24.com/'),
(113181, 'http://meds-online24.com/'),
(113182, 'http://meds-online24.com/'),
(113183, 'http://pp-budpostach.com.ua/articles'),
(113184, 'http://pp-budpostach.com.ua/articles'),
(113185, 'http://pp-budpostach.com.ua/articles'),
(113186, 'http://porno-video-chati.ru/'),
(113187, 'http://porno-video-chati.ru/'),
(113188, 'http://porno-video-chati.ru/'),
(113189, 'http://uptime.com/dfbgaming.com'),
(113190, 'http://vpnhowto.info/node/78'),
(113191, 'http://vpnhowto.info/node/78'),
(113192, 'http://vpnhowto.info/node/78'),
(113193, 'https://www.google.com/'),
(113194, 'http://uptime.com/dfbgaming.com'),
(113195, 'http://video.server-test.eu'),
(113196, 'http://dear-diary.ru/'),
(113197, 'http://dear-diary.ru/'),
(113198, 'http://mastershef.club/'),
(113199, 'http://mastershef.club/'),
(113200, 'http://mastershef.club/'),
(113201, 'http://uptime.com/dfbgaming.com'),
(113202, 'http://dfbgaming.com'),
(113203, 'http://yoursitename.ru/'),
(113204, 'http://coop-gamers.ru/'),
(113205, 'http://special-porn.com/'),
(113206, 'http://coop-gamers.ru/'),
(113207, 'http://yoursitename.ru/'),
(113208, 'http://special-porn.com/'),
(113209, 'http://coop-gamers.ru/'),
(113210, 'http://yoursitename.ru/'),
(113211, 'http://special-porn.com/'),
(113212, 'http://boleznikogi.com/'),
(113213, 'http://boleznikogi.com/'),
(113214, 'http://boleznikogi.com/'),
(113215, 'http://dfbgaming.com'),
(113216, 'http://free-video-tool.com/'),
(113217, 'http://uptime.com/dfbgaming.com'),
(113218, 'http://investingclub.ru/'),
(113219, 'http://investingclub.ru/'),
(113220, 'http://investingclub.ru/'),
(113221, 'http://keywords-monitoring-your-success.com/try.php?u=http://dfbgaming.com'),
(113222, 'http://keywords-monitoring-your-success.com/try.php?u=http://dfbgaming.com'),
(113223, 'http://ukr-cegla.com.ua/'),
(113224, 'http://ukr-cegla.com.ua/'),
(113225, 'http://ukr-cegla.com.ua/'),
(113226, 'http://moneytop.ru/'),
(113227, 'http://moneytop.ru/'),
(113228, 'http://allsilver925.co.il/'),
(113229, 'http://allsilver925.co.il/'),
(113230, 'http://allsilver925.co.il/'),
(113231, 'http://google.com'),
(113232, 'http://free-video-tool.com/'),
(113233, 'http://uptime.com/dfbgaming.com'),
(113234, 'http://dfbgaming.com'),
(113235, 'http://dfbgaming.com'),
(113236, 'http://www.rbot.info/link/stitydatigihelypi'),
(113237, 'http://keywords-monitoring-your-success.com/try.php?u=http://dfbgaming.com'),
(113238, 'http://uptime.com/dfbgaming.com'),
(113239, 'http://ru.meteotrend.com/'),
(113240, 'http://ru.meteotrend.com/'),
(113241, 'http://ru.meteotrend.com/'),
(113242, 'http://dfbgaming.com'),
(113243, 'http://dfbgaming.com'),
(113244, 'http://pornophoto.xyz/'),
(113245, 'http://woman-h.ru/'),
(113246, 'http://tvand.ru/'),
(113247, 'http://replicaclub.ru/'),
(113248, 'http://woman-h.ru/'),
(113249, 'http://tvand.ru/'),
(113250, 'http://pornophoto.xyz/'),
(113251, 'http://woman-h.ru/'),
(113252, 'http://tvand.ru/'),
(113253, 'http://aeroc.net.ua/'),
(113254, 'http://stoki.ru/'),
(113255, 'http://gazoblok-gazobeton.com.ua/'),
(113256, 'http://www.x720.net/'),
(113257, 'http://aeroc.net.ua/'),
(113258, 'http://gazoblok-gazobeton.com.ua/'),
(113259, 'http://aeroc.net.ua/'),
(113260, 'http://stoki.ru/'),
(113261, 'http://gazoblok-gazobeton.com.ua/'),
(113262, 'http://www.x720.net/'),
(113263, 'http://vucms.com/shop/'),
(113264, 'http://silvermature.net/'),
(113265, 'http://vucms.com/shop/'),
(113266, 'http://silvermature.net/'),
(113267, 'http://silvermature.net/'),
(113268, 'http://vucms.com/shop/'),
(113269, 'http://shopvilleroyboch.com.ua/'),
(113270, 'http://shopvilleroyboch.com.ua/'),
(113271, 'http://shopvilleroyboch.com.ua/'),
(113272, 'http://nbk-portal.no2000.net/'),
(113273, 'https://www.bing.com/'),
(113274, 'http://ladykrossovki.ru/'),
(113275, 'https://www.google.com'),
(113276, 'http://keywords-monitoring-your-success.com/try.php?u=http://dfbgaming.com'),
(113277, 'http://uptime.com/dfbgaming.com'),
(113278, 'http://keywords-monitoring-your-success.com/try.php?u=http://dfbgaming.com'),
(113279, 'http://keywords-monitoring-your-success.com/try.php?u=http://dfbgaming.com'),
(113280, 'http://uptime.com/dfbgaming.com'),
(113281, 'http://keywords-monitoring-your-success.com/try.php?u=http://dfbgaming.com'),
(113282, 'http://keywords-monitoring-your-success.com/try.php?u=http://dfbgaming.com'),
(113283, 'http://www.bing.com/'),
(113284, 'http://dfbgaming.com'),
(113285, 'http://keywords-monitoring-your-success.com/try.php?u=http://dfbgaming.com'),
(113286, 'http://keywords-monitoring-your-success.com/try.php?u=http://dfbgaming.com'),
(113287, 'http://dfbgaming.com'),
(113288, 'http://uptime.com/dfbgaming.com'),
(113289, 'http://keywords-monitoring-your-success.com/try.php?u=http://dfbgaming.com'),
(113290, 'http://dfbgaming.com/'),
(113291, 'http://dfbgaming.com/'),
(113292, 'http://keywords-monitoring-your-success.com/try.php?u=http://dfbgaming.com'),
(113293, 'http://allkrim.com/'),
(113294, 'http://allkrim.com/'),
(113295, 'http://allkrim.com/'),
(113296, 'http://keywords-monitoring-your-success.com/try.php?u=http://dfbgaming.com'),
(113297, 'http://keywords-monitoring-your-success.com/try.php?u=http://dfbgaming.com'),
(113298, 'http://uptime.com/dfbgaming.com'),
(113299, 'http://www.all4invest.ru/'),
(113300, 'http://www.all4invest.ru/'),
(113301, 'http://special-porn.com/'),
(113302, 'http://royal-betting.net/'),
(113303, 'http://special-porn.com/'),
(113304, 'http://royal-betting.net/'),
(113305, 'http://www.hifidesign.ru/'),
(113306, 'http://www.x720.net/'),
(113307, 'http://gazobeton-p.com.ua/'),
(113308, 'http://www.x720.net/'),
(113309, 'http://www.hifidesign.ru/'),
(113310, 'http://www.x720.net/'),
(113311, 'http://gazobeton-p.com.ua/'),
(113312, 'http://gazobeton-p.com.ua/'),
(113313, 'http://silvermature.net/'),
(113314, 'http://all-sims.ru/'),
(113315, 'http://forumsisadmina.ru/'),
(113316, 'http://forumsisadmina.ru/'),
(113317, 'http://all-sims.ru/'),
(113318, 'http://silvermature.net/'),
(113319, 'http://forumsisadmina.ru/'),
(113320, 'https://www.google.de/'),
(113321, 'http://uptime.com/dfbgaming.com'),
(113322, 'http://ladykrossovki.ru/'),
(113323, 'http://moneytop.ru/'),
(113324, 'http://moneytop.ru/'),
(113325, 'http://turdinc.kicks-ass.net/'),
(113326, 'http://uptime.com/dfbgaming.com'),
(113327, 'http://keywords-monitoring-your-success.com/try.php?u=http://dfbgaming.com'),
(113328, 'http://stoki.ru/'),
(113329, 'http://stoki.ru/'),
(113330, 'http://stoki.ru/'),
(113331, 'http://keywords-monitoring-your-success.com/try.php?u=http://dfbgaming.com'),
(113332, 'http://pizza-tycoon.com/'),
(113333, 'http://dfbgaming.com'),
(113334, 'http://dfbgaming.com'),
(113335, 'http://uptime.com/dfbgaming.com'),
(113336, 'http://keywords-monitoring-your-success.com/try.php?u=http://dfbgaming.com'),
(113337, 'http://www.gamesites200.com/unreal/'),
(113338, 'http://keywords-monitoring-your-success.com/try.php?u=http://dfbgaming.com'),
(113339, 'http://uptime.com/dfbgaming.com'),
(113340, 'http://uptime.com/dfbgaming.com'),
(113341, 'http://vpnhowto.info/node/78'),
(113342, 'http://vpnhowto.info/node/78'),
(113343, 'http://vpnhowto.info/node/78'),
(113344, 'http://uptime.com/dfbgaming.com'),
(113345, 'http://www.stadiumhotelguide.com/'),
(113346, 'http://replicaclub.ru/'),
(113347, 'http://www.stadiumhotelguide.com/'),
(113348, 'http://replicaclub.ru/'),
(113349, 'http://hyipmanager.in/karta-sajta/'),
(113350, 'http://chcu.net/russkoe-porno/'),
(113351, 'http://hyipmanager.in/karta-sajta/'),
(113352, 'http://chcu.net/russkoe-porno/'),
(113353, 'http://chcu.net/russkoe-porno/'),
(113354, 'http://hyipmanager.in/karta-sajta/'),
(113355, 'http://havepussy.com/'),
(113356, 'http://havepussy.com/'),
(113357, 'http://havepussy.com/'),
(113358, 'http://vipsiterip.org/'),
(113359, 'http://meds-online24.com/'),
(113360, 'http://shopvilleroyboch.ru/'),
(113361, 'http://shopvilleroyboch.ru/'),
(113362, 'http://vipsiterip.org/'),
(113363, 'http://meds-online24.com/'),
(113364, 'http://vipsiterip.org/'),
(113365, 'http://uptime.com/dfbgaming.com'),
(113366, 'http://pornophoto.xyz/'),
(113367, 'http://pornophoto.xyz/'),
(113368, 'http://pornophoto.xyz/'),
(113369, 'http://dekorkeramik.ru/'),
(113370, 'http://ut3stats.dfbgaming.com/index.php'),
(113371, 'http://stoki.ru/'),
(113372, 'http://stoki.ru/'),
(113373, 'http://stoki.ru/'),
(113374, 'https://www.google.com'),
(113375, 'http://uptime.com/dfbgaming.com'),
(113376, 'http://m.baidu.com/s?wd=%7BdFb%7DGamingCommunity-UnrealTournament-UT99UT2004UT3'),
(113377, 'http://yandex.ru/clck/jsredir?from=yandex.ru%3Bsearch%3Bweb%3B%3B&text=&etext=1036.kobcuYxHx1zzeY7EX'),
(113378, 'http://www.baidu.com/s?wd=%7BdFb%7DGamingCommunity-UnrealTournament-UT99UT2004UT3'),
(113379, 'http://m.baidu.com/s?wd=%7BdFb%7DGamingCommunity-UnrealTournament-UT99UT2004UT3'),
(113380, 'http://yandex.ru/clck/jsredir?from=yandex.ru%3Bsearch%3Bweb%3B%3B&text=&etext=1036.AJmGNGu58r34ElFup'),
(113381, 'http://uptime.com/dfbgaming.com'),
(113382, 'http://udensspices.lv/'),
(113383, 'http://udensspices.lv/'),
(113384, 'http://udensspices.lv/'),
(113385, 'http://yandex.ru/clck/jsredir?from=yandex.ru%3Bsearch%3Bweb%3B%3B&text=&etext=1036.oTI-SOcXjY3SFo4AP'),
(113386, 'http://www.baidu.com/s?wd=%7BdFb%7DGamingCommunity-UnrealTournament-UT99UT2004UT3'),
(113387, 'http://uptime.com/dfbgaming.com'),
(113388, 'http://keywords-monitoring-your-success.com/try.php?u=http://dfbgaming.com'),
(113389, 'http://buttons-for-website.com'),
(113390, 'http://dfbgaming.com'),
(113391, 'https://www.google.com/'),
(113392, 'https://www.google.com/'),
(113393, 'http://keywords-monitoring-your-success.com/try.php?u=http://dfbgaming.com'),
(113394, 'http://uptime.com/dfbgaming.com'),
(113395, 'http://www.all4invest.ru/'),
(113396, 'http://www.all4invest.ru/'),
(113397, 'http://www.xtremetop100.com/out.php?site=1125544398'),
(113398, 'http://dfbgaming.com'),
(113399, 'http://keywords-monitoring-your-success.com/try.php?u=http://dfbgaming.com'),
(113400, 'http://uptime.com/dfbgaming.com'),
(113401, 'http://autobudpostach.club/'),
(113402, 'http://runstocks.com/'),
(113403, 'http://autobudpostach.club/'),
(113404, 'http://runstocks.com/'),
(113405, 'http://autobudpostach.club/'),
(113406, 'http://runstocks.com/'),
(113407, 'http://euronis-free.com/'),
(113408, 'http://moneytop.ru/'),
(113409, 'http://euronis-free.com/'),
(113410, 'http://pornoblood.com/'),
(113411, 'http://tmm-kurs.ru/'),
(113412, 'http://pornoblood.com/'),
(113413, 'http://tmm-kurs.ru/'),
(113414, 'http://buttons-for-website.com'),
(113415, 'http://dfbgaming.com'),
(113416, 'http://forumsisadmina.ru/'),
(113417, 'http://forumsisadmina.ru/'),
(113418, 'http://udensspices.lv/'),
(113419, 'http://udensspices.lv/'),
(113420, 'http://udensspices.lv/'),
(113421, 'http://uptime.com/dfbgaming.com'),
(113422, 'http://dfbgaming.com'),
(113423, 'https://www.google.ca/'),
(113424, 'http://keywords-monitoring-your-success.com/try.php?u=http://dfbgaming.com'),
(113425, 'http://dear-diary.ru/'),
(113426, 'http://dear-diary.ru/'),
(113427, 'http://uptime.com/dfbgaming.com'),
(113428, 'http://znaniyapolza.ru/'),
(113429, 'http://znaniyapolza.ru/'),
(113430, 'http://znaniyapolza.ru/'),
(113431, 'http://keywords-monitoring-your-success.com/try.php?u=http://dfbgaming.com'),
(113432, 'http://zarabotat-na-sajte.ru/'),
(113433, 'http://zarabotat-na-sajte.ru/'),
(113434, 'http://zarabotat-na-sajte.ru/'),
(113435, 'http://uptime.com/dfbgaming.com'),
(113436, 'http://uptime.com/dfbgaming.com'),
(113437, 'http://money-every-day.com/'),
(113438, 'http://my-big-family.com/'),
(113439, 'http://money-every-day.com/'),
(113440, 'http://keywords-monitoring-your-success.com/try.php?u=http://dfbgaming.com'),
(113441, 'http://dfbgaming.com'),
(113442, 'http://uptime.com/dfbgaming.com'),
(113443, 'http://hundejo.com/'),
(113444, 'http://dfbgaming.com/'),
(113445, 'http://keywords-monitoring-your-success.com/try.php?u=http://dfbgaming.com'),
(113446, 'http://www.lego4x4.ru/'),
(113447, 'http://berlininsl.com/'),
(113448, 'http://www.lego4x4.ru/'),
(113449, 'http://berlininsl.com/'),
(113450, 'http://berlininsl.com/'),
(113451, 'http://proekt-mos.ru/'),
(113452, 'http://proekt-mos.ru/'),
(113453, 'http://proekt-mos.ru/'),
(113454, 'http://investingclub.ru/'),
(113455, 'http://investingclub.ru/'),
(113456, 'http://dokumentalkino.net/'),
(113457, 'http://dokumentalkino.net/'),
(113458, 'http://investingclub.ru/'),
(113459, 'http://dokumentalkino.net/'),
(113460, 'http://uptime.com/dfbgaming.com'),
(113461, 'http://keywords-monitoring-your-success.com/try.php?u=http://dfbgaming.com'),
(113462, 'http://keywords-monitoring-your-success.com/try.php?u=http://dfbgaming.com'),
(113463, 'http://dfbgaming.com/'),
(113464, 'http://forumsisadmina.ru/'),
(113465, 'http://forumsisadmina.ru/'),
(113466, 'https://www.google.com'),
(113467, 'http://dfbgaming.com/'),
(113468, 'http://runstocks.com/'),
(113469, 'http://runstocks.com/'),
(113470, 'http://www.womensplay.net/'),
(113471, 'http://uptime.com/dfbgaming.com'),
(113472, 'http://keywords-monitoring-your-success.com/try.php?u=http://dfbgaming.com'),
(113473, 'http://dear-diary.ru/'),
(113474, 'http://dear-diary.ru/'),
(113475, 'http://dear-diary.ru/'),
(113476, 'http://keywords-monitoring-your-success.com/try.php?u=http://dfbgaming.com'),
(113477, 'http://keywords-monitoring-your-success.com/try.php?u=http://dfbgaming.com'),
(113478, 'http://uptime.com/dfbgaming.com'),
(113479, 'http://gsmtlf.ru/'),
(113480, 'http://gsmtlf.ru/'),
(113481, 'http://gsmtlf.ru/'),
(113482, 'https://www.google.com/'),
(113483, 'http://womensterritory.ru/'),
(113484, 'http://womensterritory.ru/'),
(113485, 'http://womensterritory.ru/'),
(113486, 'http://zarabotat-na-sajte.ru/'),
(113487, 'http://zarabotat-na-sajte.ru/'),
(113488, 'http://yandex.ru/clck/jsredir?from=yandex.ru%3Bsearch%3Bweb%3B%3B&text=&etext=1041.ryTIfsgdEiYk6d2Pq'),
(113489, 'http://den-noch24.ru/'),
(113490, 'http://den-noch24.ru/'),
(113491, 'http://den-noch24.ru/'),
(113492, 'http://replicaclub.ru/'),
(113493, 'http://replicaclub.ru/'),
(113494, 'http://replicaclub.ru/'),
(113495, 'http://uptime.com/dfbgaming.com'),
(113496, 'http://dfbgaming.com'),
(113497, 'http://dfbgaming.com'),
(113498, 'https://www.google.com/'),
(113499, 'http://www.gamesites200.com/unreal/'),
(113500, 'http://uptime.com/dfbgaming.com'),
(113501, 'http://berlininsl.com/'),
(113502, 'http://forum.tvmir.org/'),
(113503, 'http://forum.tvmir.org/'),
(113504, 'http://berlininsl.com/'),
(113505, 'http://uptime.com/dfbgaming.com'),
(113506, 'http://ru-z.ru/'),
(113507, 'http://lover.ru/'),
(113508, 'http://lover.ru/'),
(113509, 'http://ru-z.ru/'),
(113510, 'http://lover.ru/'),
(113511, 'http://keywords-monitoring-your-success.com/try.php?u=http://dfbgaming.com'),
(113512, 'http://iqoption-bin.com/'),
(113513, 'http://iqoption-bin.com/'),
(113514, 'http://uptime.com/dfbgaming.com'),
(113515, 'http://keywords-monitoring-your-success.com/try.php?u=http://dfbgaming.com'),
(113516, 'http://istock-mebel.ru/'),
(113517, 'http://istock-mebel.ru/'),
(113518, 'http://tl.rulate.ru/'),
(113519, 'http://tl.rulate.ru/'),
(113520, 'http://tl.rulate.ru/'),
(113521, 'http://free-video-tool.com/'),
(113522, 'http://supervesti.ru/'),
(113523, 'http://supervesti.ru/'),
(113524, 'http://supervesti.ru/'),
(113525, 'http://pozdrawleniya.com/'),
(113526, 'http://pozdrawleniya.com/'),
(113527, 'http://pozdrawleniya.com/'),
(113528, 'http://uptime.com/dfbgaming.com'),
(113529, 'http://keywords-monitoring-your-success.com/try.php?u=http://dfbgaming.com'),
(113530, 'http://keywords-monitoring-your-success.com/try.php?u=http://dfbgaming.com'),
(113531, 'http://keywords-monitoring-your-success.com/try.php?u=http://dfbgaming.com'),
(113532, 'http://keywords-monitoring-your-success.com/try.php?u=http://dfbgaming.com'),
(113533, 'HTTP://dfbgaming.com'),
(113534, 'http://gsmtlf.ru/'),
(113535, 'http://gsmtlf.ru/'),
(113536, 'http://gsmtlf.ru/'),
(113537, 'http://tvand.ru/'),
(113538, 'http://keywords-monitoring-your-success.com/try.php?u=http://dfbgaming.com'),
(113539, 'http://uptime.com/dfbgaming.com'),
(113540, 'http://pozdrawleniya.ru/'),
(113541, 'http://pozdrawleniya.ru/'),
(113542, 'http://pozdrawleniya.ru/'),
(113543, 'http://m.baidu.com/s?wd=%7BdFb%7DGamingCommunity-UnrealTournament-UT99UT2004UT3'),
(113544, 'http://www.baidu.com/s?wd=%7BdFb%7DGamingCommunity-UnrealTournament-UT99UT2004UT3'),
(113545, 'http://www.replica-watch.ru/'),
(113546, 'http://www.replica-watch.ru/'),
(113547, 'http://www.replica-watch.ru/'),
(113548, 'http://uptime.com/dfbgaming.com'),
(113549, 'http://www.pechikamini.ru/'),
(113550, 'http://pornophoto.xyz/'),
(113551, 'http://pornophoto.xyz/'),
(113552, 'http://www.pechikamini.ru/'),
(113553, 'http://buttons-for-website.com'),
(113554, 'http://uptime.com/dfbgaming.com'),
(113555, 'http://pizza-imperia.com/'),
(113556, 'http://nbk-portal.no2000.net/'),
(113557, 'http://keywords-monitoring-your-success.com/try.php?u=http://dfbgaming.com'),
(113558, 'http://uptime.com/dfbgaming.com'),
(113559, 'http://www.xpresscare.ru/'),
(113560, 'http://silvermature.net/'),
(113561, 'http://all-sims.ru/'),
(113562, 'http://all-sims.ru/'),
(113563, 'http://www.xpresscare.ru/'),
(113564, 'http://all-sims.ru/'),
(113565, 'http://www.xpresscare.ru/'),
(113566, 'http://silvermature.net/'),
(113567, 'http://silvermature.net/'),
(113568, 'http://vilingstore.net/'),
(113569, 'http://vilingstore.net/'),
(113570, 'http://vilingstore.net/'),
(113571, 'http://keywords-monitoring-your-success.com/try.php?u=http://dfbgaming.com'),
(113572, 'http://xn--80adiozefkkgf4j9ac.xn--p1ai/'),
(113573, 'http://janettabridal.com/'),
(113574, 'http://xn--80adiozefkkgf4j9ac.xn--p1ai/'),
(113575, 'http://xn--80adiozefkkgf4j9ac.xn--p1ai/'),
(113576, 'http://ladykrossovki.ru/'),
(113577, 'http://ladykrossovki.ru/'),
(113578, 'http://ladykrossovki.ru/'),
(113579, 'http://uptime.com/dfbgaming.com'),
(113580, 'http://keywords-monitoring-your-success.com/try.php?u=http://dfbgaming.com'),
(113581, 'http://www.guiando.com.br/index.php?option=com_users&view=registration'),
(113582, 'http://www.guiando.com.br/index.php?option=com_users&view=registration'),
(113583, 'http://keywords-monitoring-your-success.com/try.php?u=http://dfbgaming.com'),
(113584, 'http://uptime.com/dfbgaming.com'),
(113585, 'http://www.vbcode.com/Asp/code.asp?lstCategory=Internet'),
(113586, 'http://dfbgaming.com'),
(113587, 'http://znaniyapolza.ru/'),
(113588, 'http://znaniyapolza.ru/'),
(113589, 'http://znaniyapolza.ru/'),
(113590, 'http://dfbgaming.com'),
(113591, 'http://touropia.ru/'),
(113592, 'http://touropia.ru/'),
(113593, 'http://touropia.ru/'),
(113594, 'http://cool-wedding.net/'),
(113595, 'http://cool-wedding.net/'),
(113596, 'http://yandex.ru/clck/jsredir?from=yandex.ru%3Bsearch%3Bweb%3B%3B&text=&etext=1047.lp_CssV38j_6QJ7F9'),
(113597, 'http://keywords-monitoring-your-success.com/try.php?u=http://dfbgaming.com'),
(113598, 'http://uptime.com/dfbgaming.com');
INSERT INTO `ndfb_referer` (`rid`, `url`) VALUES
(113599, 'http://keywords-monitoring-your-success.com/try.php?u=http://dfbgaming.com'),
(113600, 'http://pornophoto.xyz/'),
(113601, 'http://berlininsl.com/'),
(113602, 'http://pornophoto.xyz/'),
(113603, 'http://berlininsl.com/'),
(113604, 'http://keywords-monitoring-your-success.com/try.php?u=http://dfbgaming.com'),
(113605, 'http://keywords-monitoring-your-success.com/try.php?u=http://dfbgaming.com'),
(113606, 'http://www.guiando.com.br/index.php?option=com_users&view=registration'),
(113607, 'http://www.guiando.com.br/index.php?option=com_users&view=registration'),
(113608, 'http://www.xtremetop100.com/out.php?site=1125544398'),
(113609, 'http://tvand.ru/'),
(113610, 'http://tvand.ru/'),
(113611, 'http://pizza-tycoon.com/'),
(113612, 'http://kmabiz.org/9WEoRE'),
(113613, 'http://hvd-store.com/'),
(113614, 'http://uptime.com/dfbgaming.com'),
(113615, 'http://keywords-monitoring-your-success.com/try.php?u=http://dfbgaming.com'),
(113616, 'http://buttons-for-website.com'),
(113617, 'http://uptime.com/dfbgaming.com'),
(113618, 'http://keywords-monitoring-your-success.com/try.php?u=http://dfbgaming.com'),
(113619, 'http://www.muz-baza.net/'),
(113620, 'http://www.muz-baza.net/'),
(113621, 'http://www.muz-baza.net/'),
(113622, 'http://keywords-monitoring-your-success.com/try.php?u=http://dfbgaming.com'),
(113623, 'http://keywords-monitoring-your-success.com/try.php?u=http://dfbgaming.com'),
(113624, 'http://delayreferat.ru/'),
(113625, 'http://delayreferat.ru/'),
(113626, 'http://delayreferat.ru/'),
(113627, 'http://shopvilleroyboch.com.ua/'),
(113628, 'http://dneprsvet.com.ua/'),
(113629, 'http://shopvilleroyboch.com.ua/'),
(113630, 'http://dneprsvet.com.ua/'),
(113631, 'http://shopvilleroyboch.com.ua/'),
(113632, 'http://dneprsvet.com.ua/'),
(113633, 'http://uptime.com/dfbgaming.com'),
(113634, 'http://keywords-monitoring-your-success.com/try.php?u=http://dfbgaming.com'),
(113635, 'http://www.muz-baza.net/'),
(113636, 'http://www.muz-baza.net/'),
(113637, 'http://www.muz-baza.net/'),
(113638, 'http://buttons-for-website.com'),
(113639, 'http://kinderok.com/'),
(113640, 'http://www.pornoklad.net/'),
(113641, 'http://kinderok.com/'),
(113642, 'http://www.pornoklad.net/'),
(113643, 'http://www.pornoklad.net/'),
(113644, 'http://kinderok.com/'),
(113645, 'http://DFBGAMING.com'),
(113646, 'http://azlex.uz/'),
(113647, 'http://azlex.uz/'),
(113648, 'http://azlex.uz/'),
(113649, 'http://keywords-monitoring-your-success.com/try.php?u=http://dfbgaming.com'),
(113650, 'http://uptime.com/dfbgaming.com'),
(113651, 'http://onlyforemont.ru/'),
(113652, 'http://onlyforemont.ru/'),
(113653, 'http://onlyforemont.ru/'),
(113654, 'http://keywords-monitoring-your-success.com/try.php?u=http://dfbgaming.com'),
(113655, 'http://keywords-monitoring-your-success.com/try.php?u=http://dfbgaming.com'),
(113656, 'http://yoursitename.ru/'),
(113657, 'http://yoursitename.ru/'),
(113658, 'http://yoursitename.ru/'),
(113659, 'http://healbio.ru/'),
(113660, 'http://healbio.ru/'),
(113661, 'http://healbio.ru/'),
(113662, 'http://www.muz-baza.net/'),
(113663, 'http://www.muz-baza.net/'),
(113664, 'http://www.muz-baza.net/'),
(113665, 'http://uptime.com/dfbgaming.com'),
(113666, 'http://gsmtlf.ru/'),
(113667, 'http://keywords-monitoring-your-success.com/try.php?u=http://dfbgaming.com'),
(113668, 'http://www.vbcode.com/Asp/code.asp?SortBy=WeekDate'),
(113669, 'http://forum.tvmir.org/'),
(113670, 'http://dekorkeramik.ru/'),
(113671, 'http://forum.tvmir.org/'),
(113672, 'http://dekorkeramik.ru/'),
(113673, 'http://dekorkeramik.ru/'),
(113674, 'http://buttons-for-website.com'),
(113675, 'http://keywords-monitoring-your-success.com/try.php?u=http://dfbgaming.com'),
(113676, 'http://segaage.com/forum/messageview.cfm'),
(113677, 'http://uptime.com/dfbgaming.com'),
(113678, 'http://buttons-for-website.com'),
(113679, 'http://www.stadiumhotelguide.com/'),
(113680, 'http://www.stadiumhotelguide.com/'),
(113681, 'http://keywords-monitoring-your-success.com/try.php?u=http://dfbgaming.com'),
(113682, 'http://hyipmanager.in/'),
(113683, 'http://hyipmanager.in/'),
(113684, 'http://hyipmanager.in/'),
(113685, 'http://uptime.com/dfbgaming.com'),
(113686, 'http://kmabiz.org/9WEoRE'),
(113687, 'http://tires.afora.ru/'),
(113688, 'http://tires.afora.ru/'),
(113689, 'http://free-video-tool.com/'),
(113690, 'http://uptime.com/dfbgaming.com'),
(113691, 'http://free-video-tool.com/'),
(113692, 'http://uptime.com/dfbgaming.com'),
(113693, 'http://shopvilleroyboch.com.ua/'),
(113694, 'http://shopvilleroyboch.com.ua/'),
(113695, 'http://shopvilleroyboch.com.ua/'),
(113696, 'http://azlex.uz/'),
(113697, 'http://azlex.uz/'),
(113698, 'http://azlex.uz/'),
(113699, 'http://keywords-monitoring-your-success.com/try.php?u=http://dfbgaming.com'),
(113700, 'http://keywords-monitoring-your-success.com/try.php?u=http://dfbgaming.com'),
(113701, 'http://keywords-monitoring-your-success.com/try.php?u=http://dfbgaming.com'),
(113702, 'http://cool-wedding.net/'),
(113703, 'http://uptime.com/dfbgaming.com'),
(113704, 'http://istock-mebel.ru/'),
(113705, 'http://steame.ru/'),
(113706, 'http://istock-mebel.ru/'),
(113707, 'http://sexsaoy.com/'),
(113708, 'http://berlininsl.com/'),
(113709, 'http://berlininsl.com/'),
(113710, 'http://sexsaoy.com/'),
(113711, 'http://berlininsl.com/'),
(113712, 'http://sexsaoy.com/'),
(113713, 'http://pornoblood.com/'),
(113714, 'http://pornoblood.com/'),
(113715, 'http://pornoblood.com/'),
(113716, 'http://my-big-family.com/'),
(113717, 'http://my-big-family.com/'),
(113718, 'http://zvetki.ru/'),
(113719, 'http://zvetki.ru/'),
(113720, 'http://zvetki.ru/'),
(113721, 'http://uptime.com/dfbgaming.com'),
(113722, 'http://keywords-monitoring-your-success.com/try.php?u=http://dfbgaming.com'),
(113723, 'http://shopvilleroyboch.ru/'),
(113724, 'http://shopvilleroyboch.ru/'),
(113725, 'http://gsmtlf.ru/'),
(113726, 'http://woman-orgasm.ru/'),
(113727, 'http://woman-orgasm.ru/'),
(113728, 'http://woman-orgasm.ru/'),
(113729, 'http://free-video-tool.com/'),
(113730, 'http://porodasobak.net/'),
(113731, 'http://uptime.com/dfbgaming.com'),
(113732, 'http://accessories.afora.ru/'),
(113733, 'http://accessories.afora.ru/'),
(113734, 'http://dfbgaming.com/'),
(113735, 'http://keywords-monitoring-your-success.com/try.php?u=http://dfbgaming.com'),
(113736, 'http://uptime.com/dfbgaming.com'),
(113737, 'http://burger-imperia.com/'),
(113738, 'http://burger-imperia.com/'),
(113739, 'http://kinobaks.com/'),
(113740, 'http://kinobaks.com/'),
(113741, 'http://kinobaks.com/'),
(113742, 'http://dimkino.ru/'),
(113743, 'http://dimkino.ru/'),
(113744, 'http://dimkino.ru/'),
(113745, 'http://tl.rulate.ru/'),
(113746, 'http://woman-orgasm.ru/'),
(113747, 'http://woman-orgasm.ru/'),
(113748, 'http://woman-orgasm.ru/'),
(113749, 'http://ladykrossovki.ru/'),
(113750, 'http://forumsisadmina.ru/'),
(113751, 'http://ladykrossovki.ru/'),
(113752, 'http://forumsisadmina.ru/'),
(113753, 'http://burger-imperia.com/'),
(113754, 'http://uptime.com/dfbgaming.com'),
(113755, 'http://idc.com.ua/'),
(113756, 'http://istock-mebel.ru/'),
(113757, 'http://istock-mebel.ru/'),
(113758, 'http://istock-mebel.ru/'),
(113759, 'http://keywords-monitoring-your-success.com/try.php?u=http://dfbgaming.com'),
(113760, 'http://keywords-monitoring-your-success.com/try.php?u=http://dfbgaming.com'),
(113761, 'http://burger-imperia.com/'),
(113762, 'http://keywords-monitoring-your-success.com/try.php?u=http://dfbgaming.com'),
(113763, 'http://uptime.com/dfbgaming.com'),
(113764, 'http://pozdrawleniya.ru/'),
(113765, 'http://free-video-tool.com/'),
(113766, 'http://cool-wedding.net/'),
(113767, 'http://den-noch24.ru/'),
(113768, 'http://den-noch24.ru/'),
(113769, 'http://cool-wedding.net/'),
(113770, 'http://uptime.com/dfbgaming.com'),
(113771, 'http://keywords-monitoring-your-success.com/try.php?u=http://dfbgaming.com'),
(113772, 'https://mrwhite.biz/'),
(113773, 'http://keywords-monitoring-your-success.com/try.php?u=http://dfbgaming.com'),
(113774, 'http://www.vbcode.com/Asp/code.asp?lstCategory=Internet'),
(113775, 'http://www.vbcode.com/Asp/code.asp'),
(113776, 'http://www.positive2b.ru/'),
(113777, 'http://www.positive2b.ru/'),
(113778, 'http://www.positive2b.ru/'),
(113779, 'http://lover.ru/'),
(113780, 'http://lover.ru/'),
(113781, 'http://avtocredit-legko.ru/'),
(113782, 'http://avtocredit-legko.ru/'),
(113783, 'http://avtocredit-legko.ru/'),
(113784, 'http://keywords-monitoring-your-success.com/try.php?u=http://dfbgaming.com'),
(113785, 'http://www.bing.com/'),
(113786, 'http://euronis-free.com/'),
(113787, 'http://euronis-free.com/'),
(113788, 'http://keywords-monitoring-your-success.com/try.php?u=http://dfbgaming.com'),
(113789, 'http://iqoption-bin.com/'),
(113790, 'http://iqoption-bin.com/'),
(113791, 'http://iqoption-bin.com/'),
(113792, 'http://office-windows.ru/'),
(113793, 'http://janettabridal.com/'),
(113794, 'http://janettabridal.com/'),
(113795, 'http://www.lego4x4.ru/'),
(113796, 'http://www.lego4x4.ru/'),
(113797, 'http://www.lego4x4.ru/'),
(113798, 'http://keywords-monitoring-your-success.com/try.php?u=http://dfbgaming.com'),
(113799, 'http://dear-diary.ru/'),
(113800, 'http://dear-diary.ru/'),
(113801, 'http://dear-diary.ru/'),
(113802, 'http://buttons-for-website.com'),
(113803, 'http://prostosovet.com/'),
(113804, 'http://prostosovet.com/'),
(113805, 'http://prostosovet.com/'),
(113806, 'http://cool-wedding.net/'),
(113807, 'http://cool-wedding.net/'),
(113808, 'http://cool-wedding.net/'),
(113809, 'http://buttons-for-website.com'),
(113810, 'http://perm.afora.ru/'),
(113811, 'http://perm.afora.ru/'),
(113812, 'http://m.baidu.com/s?wd=%7BdFb%7DGamingCommunity-UnrealTournament-UT99UT2004UT3'),
(113813, 'http://www.baidu.com/s?wd=%7BdFb%7DGamingCommunity-UnrealTournament-UT99UT2004UT3'),
(113814, 'http://keywords-monitoring-your-success.com/try.php?u=http://dfbgaming.com'),
(113815, 'http://keywords-monitoring-your-success.com/try.php?u=http://dfbgaming.com'),
(113816, 'HTTP://dfbgaming.com'),
(113817, 'https://mrwhite.biz/'),
(113818, 'http://m.baidu.com/s?wd=%7BdFb%7DGamingCommunity-UnrealTournament-UT99UT2004UT3'),
(113819, 'http://www.baidu.com/s?wd=%7BdFb%7DGamingCommunity-UnrealTournament-UT99UT2004UT3'),
(113820, 'https://www.google.com/'),
(113821, 'http://keywords-monitoring-your-success.com/try.php?u=http://dfbgaming.com'),
(113822, 'http://shopvilleroyboch.ru/'),
(113823, 'http://shopvilleroyboch.ru/'),
(113824, 'http://shopvilleroyboch.ru/'),
(113825, 'http://dimkino.ru/'),
(113826, 'http://dimkino.ru/'),
(113827, 'http://dimkino.ru/'),
(113828, 'http://buttons-for-website.com'),
(113829, 'http://udensapgade.lv/'),
(113830, 'http://allsilver925.co.il/'),
(113831, 'http://allsilver925.co.il/'),
(113832, 'http://allsilver925.co.il/'),
(113833, 'http://free-video-tool.com/'),
(113834, 'https://www.google.com.bn/'),
(113835, 'http://royal-betting.net/'),
(113836, 'http://royal-betting.net/'),
(113837, 'http://royal-betting.net/'),
(113838, 'http://buttons-for-website.com'),
(113839, 'http://idc.com.ua/'),
(113840, 'http://idc.com.ua/'),
(113841, 'http://idc.com.ua/'),
(113842, 'http://www.bing.com/search?q=dfb+gaming&qs=OS&pq=dfbgaming&sc=2-9&sp=1&cvid=04A88FD2C30E40E7AD2D1610'),
(113843, 'http://office-windows.ru/'),
(113844, 'http://office-windows.ru/'),
(113845, 'http://office-windows.ru/'),
(113846, 'http://janettabridal.com/'),
(113847, 'http://janettabridal.com/'),
(113848, 'http://muz-shoes.ru/'),
(113849, 'http://muz-shoes.ru/'),
(113850, 'http://keywords-monitoring-your-success.com/try.php?u=http://dfbgaming.com'),
(113851, 'http://www.bing.com/search?q=dfb+gaming&qs=OS&pq=dfbgaming&sc=2-9&sp=1&cvid=04A88FD2C30E40E7AD2D1610'),
(113852, 'http://burger-imperia.com/'),
(113853, 'http://keywords-monitoring-your-success.com/try.php?u=http://dfbgaming.com'),
(113854, 'http://zvetki.ru/'),
(113855, 'http://zvetki.ru/'),
(113856, 'http://zvetki.ru/'),
(113857, 'http://yoursitename.ru/'),
(113858, 'http://fm-upgrade.ru/'),
(113859, 'http://yoursitename.ru/'),
(113860, 'http://yoursitename.ru/'),
(113861, 'http://download.cnet.com/Nintendo-Collector/3000-2130_4-76014512.html'),
(113862, 'http://silvermature.net/'),
(113863, 'http://perm.afora.ru/'),
(113864, 'http://perm.afora.ru/'),
(113865, 'http://perm.afora.ru/'),
(113866, 'http://interpult.ru'),
(113867, 'http://www.varikozdok.ru/'),
(113868, 'http://www.varikozdok.ru/'),
(113869, 'http://www.varikozdok.ru/'),
(113870, 'http://shopvilleroyboch.ru/'),
(113871, 'http://shopvilleroyboch.ru/'),
(113872, 'http://shopvilleroyboch.ru/'),
(113873, 'http://download.cnet.com/windows/dfb-gaming/3260-20_4-10316377-1.html'),
(113874, 'http://free-video-tool.com/'),
(113875, 'http://meds-online24.com/'),
(113876, 'http://meds-online24.com/'),
(113877, 'http://meds-online24.com/'),
(113878, 'http://zastenchivosti.net/'),
(113879, 'http://zastenchivosti.net/'),
(113880, 'http://zastenchivosti.net/'),
(113881, 'http://ut3stats.dfbgaming.com/index.php?game_name=ut3pc&page=highs&stat_type=pure&per_game'),
(113882, 'http://sexsaoy.com/'),
(113883, 'http://sexsaoy.com/'),
(113884, 'http://royal-betting.net/'),
(113885, 'http://royal-betting.net/'),
(113886, 'http://royal-betting.net/'),
(113887, 'http://keywords-monitoring-your-success.com/try.php?u=http://dfbgaming.com'),
(113888, 'http://azlex.uz/'),
(113889, 'http://azlex.uz/'),
(113890, 'http://azlex.uz/'),
(113891, 'http://znaniyapolza.ru/'),
(113892, 'http://znaniyapolza.ru/'),
(113893, 'http://zdesoboi.com/'),
(113894, 'http://zdesoboi.com/'),
(113895, 'http://www.vbcode.com/Asp/code.asp?SortBy=WeekDate'),
(113896, 'http://ifirestarter.ru/'),
(113897, 'http://ifirestarter.ru/'),
(113898, 'http://www.replica-watch.ru/'),
(113899, 'http://fm-upgrade.ru/'),
(113900, 'http://www.replica-watch.ru/'),
(113901, 'http://fm-upgrade.ru/'),
(113902, 'http://fm-upgrade.ru/'),
(113903, 'http://keywords-monitoring-your-success.com/try.php?u=http://dfbgaming.com'),
(113904, 'http://creditmoney.com.ua/'),
(113905, 'http://creditmoney.com.ua/'),
(113906, 'http://creditmoney.com.ua/'),
(113907, 'http://dokumentalkino.net/'),
(113908, 'http://dokumentalkino.net/'),
(113909, 'http://dokumentalkino.net/'),
(113910, 'http://keywords-monitoring-your-success.com/try.php?u=http://dfbgaming.com'),
(113911, 'http://woman-h.ru/'),
(113912, 'http://woman-h.ru/'),
(113913, 'http://ideibiznesa2015.ru/'),
(113914, 'http://ideibiznesa2015.ru/'),
(113915, 'http://keywords-monitoring-success.com/try.php?u=http://dfbgaming.com'),
(113916, 'http://www.lego4x4.ru/'),
(113917, 'http://www.lego4x4.ru/'),
(113918, 'http://www.xpresscare.ru/'),
(113919, 'http://www.xpresscare.ru/'),
(113920, 'http://ladykrossovki.ru/'),
(113921, 'http://ladykrossovki.ru/'),
(113922, 'http://free-video-tool.com/'),
(113923, 'http://buttons-for-website.com'),
(113924, 'http://flooringinstallation-edmonton.com/'),
(113925, 'http://flooringinstallation-edmonton.com/'),
(113926, 'http://flooringinstallation-edmonton.com/'),
(113927, 'http://to.afora.ru/'),
(113928, 'http://to.afora.ru/'),
(113929, 'http://keywords-monitoring-success.com/try.php?u=http://dfbgaming.com'),
(113930, 'http://www.positive2b.ru/'),
(113931, 'http://www.positive2b.ru/'),
(113932, 'http://www.positive2b.ru/'),
(113933, 'http://cool-wedding.net/'),
(113934, 'http://den-noch24.ru/'),
(113935, 'http://cool-wedding.net/'),
(113936, 'http://den-noch24.ru/'),
(113937, 'http://cool-wedding.net/'),
(113938, 'http://den-noch24.ru/'),
(113939, 'http://keywords-monitoring-success.com/try.php?u=http://dfbgaming.com'),
(113940, 'http://yandex.ru/clck/jsredir?from=yandex.ru%3Bsearch%3Bweb%3B%3B&text=&etext=1064.VnNnNngQ2EDhtUMK1'),
(113941, 'http://www.xtremetop100.com/out.php?site=1125544398'),
(113942, 'http://dneprsvet.com.ua/'),
(113943, 'http://dneprsvet.com.ua/'),
(113944, 'http://dneprsvet.com.ua/'),
(113945, 'http://flooringinstallation-edmonton.com/'),
(113946, 'http://flooringinstallation-edmonton.com/'),
(113947, 'http://flooringinstallation-edmonton.com/'),
(113948, 'http://keywords-monitoring-success.com/try.php?u=http://dfbgaming.com'),
(113949, 'http://inzn.ru/'),
(113950, 'http://inzn.ru/'),
(113951, 'http://inzn.ru/'),
(113952, 'http://woman-h.ru/'),
(113953, 'http://ideibiznesa2015.ru/'),
(113954, 'http://ideibiznesa2015.ru/'),
(113955, 'http://ideibiznesa2015.ru/'),
(113956, 'http://saitevpatorii.com/'),
(113957, 'http://saitevpatorii.com/'),
(113958, 'http://keywords-monitoring-success.com/try.php?u=http://dfbgaming.com'),
(113959, 'http://janettabridal.com/'),
(113960, 'http://janettabridal.com/'),
(113961, 'http://janettabridal.com/'),
(113962, 'http://shopvilleroyboch.com.ua/'),
(113963, 'http://supervesti.ru/'),
(113964, 'http://supervesti.ru/'),
(113965, 'http://supervesti.ru/'),
(113966, 'http://runovschool.ua/'),
(113967, 'http://runovschool.ua/'),
(113968, 'http://runovschool.ua/'),
(113969, 'http://dfbgaming.com'),
(113970, 'http://yandex.ru/clck/jsredir?from=yandex.ru%3Bsearch%3Bweb%3B%3B&text=&etext=1066.TuwPY4AQOKCFpHiF2'),
(113971, 'http://kvectim.ru/'),
(113972, 'http://kvectim.ru/'),
(113973, 'http://kvectim.ru/'),
(113974, 'http://www.guiando.com.br/index.php?option=com_users&view=registration'),
(113975, 'http://www.guiando.com.br/index.php?option=com_users&view=registration'),
(113976, 'http://keywords-monitoring-success.com/try.php?u=http://dfbgaming.com'),
(113977, 'http://keywords-monitoring-success.com/try.php?u=http://dfbgaming.com'),
(113978, 'http://www.guiando.com.br/index.php?option=com_users&view=registration'),
(113979, 'http://www.guiando.com.br/index.php?option=com_users&view=registration'),
(113980, 'http://touropia.ru/'),
(113981, 'http://touropia.ru/'),
(113982, 'http://touropia.ru/'),
(113983, 'http://dfbgaming.com/'),
(113984, 'http://dfbgaming.com/'),
(113985, 'http://pornoblood.com/'),
(113986, 'http://pornoblood.com/'),
(113987, 'http://pornoblood.com/'),
(113988, 'http://www.replica-watch.ru/'),
(113989, 'http://fm-upgrade.ru/'),
(113990, 'http://www.replica-watch.ru/'),
(113991, 'http://fm-upgrade.ru/'),
(113992, 'http://www.replica-watch.ru/'),
(113993, 'http://fm-upgrade.ru/'),
(113994, 'http://vykupavto-krasnodar.ru/'),
(113995, 'http://vykupavto-krasnodar.ru/'),
(113996, 'http://vykupavto-krasnodar.ru/'),
(113997, 'http://keywords-monitoring-success.com/try.php?u=http://dfbgaming.com'),
(113998, 'http://keywords-monitoring-success.com/try.php?u=http://dfbgaming.com'),
(113999, 'http://investingclub.ru/'),
(114000, 'http://woman-orgasm.ru/'),
(114001, 'http://woman-orgasm.ru/'),
(114002, 'http://woman-orgasm.ru/'),
(114003, 'http://www.mosrif.ru/produktsiya'),
(114004, 'http://www.mosrif.ru/produktsiya'),
(114005, 'http://www.mosrif.ru/produktsiya'),
(114006, 'http://www.fapzz.com/'),
(114007, 'http://www.fapzz.com/'),
(114008, 'http://www.fapzz.com/'),
(114009, 'http://www.XX4K.com/'),
(114010, 'http://www.XX4K.com/'),
(114011, 'http://www.pov4.com'),
(114012, 'http://www.cam3k.com'),
(114013, 'http://www.imd.ch/'),
(114014, 'http://www.ezz4.com'),
(114015, 'http://1fet.com'),
(114016, 'http://www.cam3k.com'),
(114017, 'http://www.pov4.com'),
(114018, 'http://www.pov4.com'),
(114019, 'http://www.ezz4.com'),
(114020, 'http://1fet.com'),
(114021, 'http://www.varikozdok.ru/'),
(114022, 'http://www.varikozdok.ru/'),
(114023, 'http://www.varikozdok.ru/'),
(114024, 'http://meds-online24.com/'),
(114025, 'http://meds-online24.com/'),
(114026, 'http://meds-online24.com/'),
(114027, 'http://turdinc.kicks-ass.net/MarioMaker/files1.html'),
(114028, 'http://office-windows.ru/'),
(114029, 'http://office-windows.ru/'),
(114030, 'http://office-windows.ru/'),
(114031, 'http://ut3stats.dfbgaming.com/index.php'),
(114032, 'http://istock-mebel.ru/'),
(114033, 'http://istock-mebel.ru/'),
(114034, 'http://istock-mebel.ru/'),
(114035, 'http://keywords-monitoring-success.com/try.php?u=http://dfbgaming.com'),
(114036, 'http://supervesti.ru/'),
(114037, 'http://supervesti.ru/'),
(114038, 'http://supervesti.ru/'),
(114039, 'http://DFBGAMING.com'),
(114040, 'http://uytmaster.ru/'),
(114041, 'http://uytmaster.ru/'),
(114042, 'http://uytmaster.ru/'),
(114043, 'http://keywords-monitoring-success.com/try.php?u=http://dfbgaming.com'),
(114044, 'http://money-every-day.com/'),
(114045, 'http://money-every-day.com/'),
(114046, 'http://money-every-day.com/'),
(114047, 'http://vykup-avto-krasnodar.ru/'),
(114048, 'http://vykup-avto-krasnodar.ru/'),
(114049, 'http://vykup-avto-krasnodar.ru/'),
(114050, 'http://keywords-monitoring-success.com/try.php?u=http://dfbgaming.com'),
(114051, 'http://dokumentalkino.net/'),
(114052, 'http://dokumentalkino.net/'),
(114053, 'http://dokumentalkino.net/'),
(114054, 'http://pozdrawleniya.ru/'),
(114055, 'http://pozdrawleniya.ru/'),
(114056, 'http://pozdrawleniya.ru/'),
(114057, 'http://www.xtremetop100.com/out.php?site=1125544398'),
(114058, 'http://yoursitename.ru/'),
(114059, 'http://yoursitename.ru/'),
(114060, 'http://yoursitename.ru/'),
(114061, 'http://shopvilleroyboch.ru/'),
(114062, 'http://shopvilleroyboch.ru/'),
(114063, 'http://shopvilleroyboch.ru/'),
(114064, 'http://dnepr-avtospar.com.ua/'),
(114065, 'http://meds-online24.com/'),
(114066, 'http://meds-online24.com/'),
(114067, 'http://www.varikozdok.ru/'),
(114068, 'http://www.varikozdok.ru/'),
(114069, 'http://call-of-duty.info/'),
(114070, 'http://call-of-duty.info/'),
(114071, 'http://keywords-monitoring-success.com/try.php?u=http://dfbgaming.com'),
(114072, 'http://zvetki.ru/'),
(114073, 'http://zastenchivosti.net/'),
(114074, 'http://zvetki.ru/'),
(114075, 'http://zastenchivosti.net/'),
(114076, 'http://zvetki.ru/'),
(114077, 'http://zastenchivosti.net/'),
(114078, 'http://dfbgaming.com'),
(114079, 'http://www.rospromtest.ru/content.php?id=5'),
(114080, 'http://www.rospromtest.ru/content.php?id=5'),
(114081, 'http://www.rospromtest.ru/content.php?id=5'),
(114082, 'http://free-video-tool.com/'),
(114083, 'http://buttons-for-website.com'),
(114084, 'http://royal-betting.net/'),
(114085, 'http://royal-betting.net/'),
(114086, 'http://royal-betting.net/'),
(114087, 'http://gsmtlf.ru/'),
(114088, 'http://gsmtlf.ru/'),
(114089, 'http://gsmtlf.ru/'),
(114090, 'http://buttons-for-website.com'),
(114091, 'http://dokumentalkino.net/'),
(114092, 'http://dokumentalkino.net/'),
(114093, 'http://buttons-for-website.com'),
(114094, 'http://keywords-monitoring-success.com/try.php?u=http://dfbgaming.com'),
(114095, 'http://ideibiznesa2015.ru/'),
(114096, 'http://ideibiznesa2015.ru/'),
(114097, 'http://ideibiznesa2015.ru/'),
(114098, 'http://www.vesnatehno.ru/'),
(114099, 'http://www.vesnatehno.ru/'),
(114100, 'http://www.vesnatehno.ru/'),
(114101, 'http://keywords-monitoring-success.com/try.php?u=http://dfbgaming.com'),
(114102, 'http://free-video-tool.com/'),
(114103, 'http://saitevpatorii.com/'),
(114104, 'http://saitevpatorii.com/'),
(114105, 'http://saitevpatorii.com/'),
(114106, 'http://nbk-portal.no2000.net/portal.php'),
(114107, 'http://yandex.ru/clck/jsredir?from=yandex.ru%3Bsearch%3Bweb%3B%3B&text=&etext=1072.ojvL-wbSGq9VeYXTw'),
(114108, 'http://keywords-monitoring-success.com/try.php?u=http://dfbgaming.com'),
(114109, 'http://dfbgaming.com/'),
(114110, 'http://ordernorxx.com/'),
(114111, 'http://ordernorxx.com/'),
(114112, 'http://ordernorxx.com/'),
(114113, 'http://m.baidu.com/s?wd=%7BdFb%7DGamingCommunity-UnrealTournament-UT99UT2004UT3'),
(114114, 'http://www.baidu.com/s?wd=%7BdFb%7DGamingCommunity-UnrealTournament-UT99UT2004UT3'),
(114115, 'http://m.baidu.com/s?wd=%7BdFb%7DGamingCommunity-UnrealTournament-UT99UT2004UT3'),
(114116, 'http://woman-orgasm.ru/'),
(114117, 'http://woman-orgasm.ru/'),
(114118, 'http://woman-orgasm.ru/'),
(114119, 'http://pozdrawleniya.ru/'),
(114120, 'http://pozdrawleniya.ru/'),
(114121, 'http://pozdrawleniya.ru/'),
(114122, 'http://https-legalrc.biz/'),
(114123, 'http://https-legalrc.biz/'),
(114124, 'http://https-legalrc.biz/'),
(114125, 'http://creditmoney.com.ua/'),
(114126, 'http://creditmoney.com.ua/'),
(114127, 'http://creditmoney.com.ua/'),
(114128, 'http://www.foxinsocks.ru/'),
(114129, 'http://www.foxinsocks.ru/'),
(114130, 'http://www.foxinsocks.ru/'),
(114131, 'http://elvel.com.ua/'),
(114132, 'http://elvel.com.ua/'),
(114133, 'http://elvel.com.ua/'),
(114134, 'http://burger-imperia.com/'),
(114135, 'http://free-video-tool.com/'),
(114136, 'http://free-video-tool.com/'),
(114137, 'http://keywords-monitoring-success.com/try.php?u=http://dfbgaming.com'),
(114138, 'http://solitaire-game.ru/'),
(114139, 'http://solitaire-game.ru/'),
(114140, 'http://solitaire-game.ru/'),
(114141, 'http://onlyforemont.ru/'),
(114142, 'http://onlyforemont.ru/'),
(114143, 'http://znaniyapolza.ru/'),
(114144, 'http://znaniyapolza.ru/'),
(114145, 'http://znaniyapolza.ru/'),
(114146, 'http://buttons-for-website.com'),
(114147, 'http://xn--80adiozefkkgf4j9ac.xn--p1ai/'),
(114148, 'http://xn--80adiozefkkgf4j9ac.xn--p1ai/'),
(114149, 'http://xn--80adiozefkkgf4j9ac.xn--p1ai/'),
(114150, 'http://fix-website-errors.com/try.php?u=http://dfbgaming.com'),
(114151, 'http://fix-website-errors.com/try.php?u=http://dfbgaming.com'),
(114152, 'http://dfbgaming.com'),
(114153, 'http://iqoption-bin.com/'),
(114154, 'http://iqoption-bin.com/'),
(114155, 'http://buttons-for-website.com'),
(114156, 'http://muz-shoes.ru/'),
(114157, 'http://muz-shoes.ru/'),
(114158, 'http://muz-shoes.ru/'),
(114159, 'http://free-video-tool.com/'),
(114160, 'http://storinka.com.ua/'),
(114161, 'http://www.vesnatehno.com/'),
(114162, 'http://storinka.com.ua/'),
(114163, 'http://www.vesnatehno.com/'),
(114164, 'http://www.vesnatehno.com/'),
(114165, 'http://storinka.com.ua/'),
(114166, 'http://to.afora.ru/'),
(114167, 'http://to.afora.ru/'),
(114168, 'http://kinderok.com/'),
(114169, 'http://kinderok.com/'),
(114170, 'http://kinderok.com/'),
(114171, 'http://flooringinstallation-edmonton.com/'),
(114172, 'http://www.positive2b.ru/'),
(114173, 'http://flooringinstallation-edmonton.com/'),
(114174, 'http://www.positive2b.ru/'),
(114175, 'http://flooringinstallation-edmonton.com/'),
(114176, 'http://www.positive2b.ru/'),
(114177, 'http://dimkino.ru/'),
(114178, 'http://dimkino.ru/'),
(114179, 'http://www.allmetalworking.ru/'),
(114180, 'http://www.allmetalworking.ru/'),
(114181, 'http://www.allmetalworking.ru/'),
(114182, 'https://www.google.co.uk/'),
(114183, 'http://vgoloveboli.net/'),
(114184, 'http://vgoloveboli.net/'),
(114185, 'http://dfbgaming.com'),
(114186, 'http://free-video-tool.com/'),
(114187, 'http://finteks.ru/'),
(114188, 'http://finteks.ru/'),
(114189, 'http://udensapgade.lv/'),
(114190, 'http://udensapgade.lv/'),
(114191, 'http://udensapgade.lv/'),
(114192, 'http://dfbgaming.com'),
(114193, 'http://fix-website-errors.com/try.php?u=http://dfbgaming.com'),
(114194, 'http://free-video-tool.com/'),
(114195, 'http://steame.ru/'),
(114196, 'http://steame.ru/'),
(114197, 'http://steame.ru/'),
(114198, 'http://zastenchivosti.net/'),
(114199, 'http://zastenchivosti.net/'),
(114200, 'http://zastenchivosti.net/'),
(114201, 'http://free-video-tool.com/'),
(114202, 'http://gastronom.com.ua/'),
(114203, 'http://gastronom.com.ua/'),
(114204, 'http://gastronom.com.ua/'),
(114205, 'http://fix-website-errors.com/try.php?u=http://dfbgaming.com'),
(114206, 'http://muz-shoes.ru/'),
(114207, 'http://muz-shoes.ru/'),
(114208, 'http://muz-shoes.ru/'),
(114209, 'http://accessories.afora.ru/'),
(114210, 'http://accessories.afora.ru/'),
(114211, 'http://accessories.afora.ru/'),
(114212, 'http://havepussy.com/'),
(114213, 'http://havepussy.com/'),
(114214, 'http://havepussy.com/'),
(114215, 'http://fix-website-errors.com/try.php?u=http://dfbgaming.com'),
(114216, 'http://www.xtremetop100.com/out.php?site=1125544398'),
(114217, 'http://dokumentalkino.net/'),
(114218, 'http://dokumentalkino.net/'),
(114219, 'http://dokumentalkino.net/'),
(114220, 'http://dengi-pod-zalog-nedvizhimosti.ru/'),
(114221, 'http://www.foxinsocks.ru/'),
(114222, 'http://dengi-pod-zalog-nedvizhimosti.ru/'),
(114223, 'http://www.foxinsocks.ru/'),
(114224, 'http://tmm-kurs.ru/'),
(114225, 'http://tmm-kurs.ru/'),
(114226, 'http://bankrot-spb.ru/'),
(114227, 'http://bankrot-spb.ru/'),
(114228, 'http://udensapgade.lv/'),
(114229, 'http://udensapgade.lv/'),
(114230, 'http://fix-website-errors.com/try.php?u=http://dfbgaming.com'),
(114231, 'http://tl.rulate.ru/'),
(114232, 'http://solitaire-game.ru/'),
(114233, 'http://solitaire-game.ru/'),
(114234, 'http://fix-website-errors.com/try.php?u=http://dfbgaming.com'),
(114235, 'http://shopvilleroyboch.com.ua/'),
(114236, 'http://shopvilleroyboch.com.ua/'),
(114237, 'http://shopvilleroyboch.com.ua/'),
(114238, 'http://fix-website-errors.com/try.php?u=http://dfbgaming.com'),
(114239, 'http://muz-shoes.ru/'),
(114240, 'http://muz-shoes.ru/'),
(114241, 'http://muz-shoes.ru/'),
(114242, 'http://to.afora.ru/'),
(114243, 'http://to.afora.ru/'),
(114244, 'http://to.afora.ru/'),
(114245, 'http://vykupavto-krasnodar.ru/'),
(114246, 'http://vykupavto-krasnodar.ru/'),
(114247, 'http://vykupavto-krasnodar.ru/'),
(114248, 'http://sad-torg.com.ua/'),
(114249, 'http://sad-torg.com.ua/'),
(114250, 'http://sad-torg.com.ua/'),
(114251, 'http://fix-website-errors.com/try.php?u=http://dfbgaming.com'),
(114252, 'http://fix-website-errors.com/try.php?u=http://dfbgaming.com'),
(114253, 'http://zaim-pod-zalog-krasnodar.ru/'),
(114254, 'http://den-noch24.ru/'),
(114255, 'http://zaim-pod-zalog-krasnodar.ru/'),
(114256, 'http://zaim-pod-zalog-krasnodar.ru/'),
(114257, 'http://den-noch24.ru/'),
(114258, 'http://www.google.com/search'),
(114259, 'http://www.google.com/search'),
(114260, 'http://woman-orgasm.ru/'),
(114261, 'http://www.muz-baza.net/'),
(114262, 'http://www.muz-baza.net/'),
(114263, 'http://woman-orgasm.ru/'),
(114264, 'http://www.muz-baza.net/'),
(114265, 'http://woman-orgasm.ru/'),
(114266, 'http://sexsaoy.com/'),
(114267, 'http://sexsaoy.com/'),
(114268, 'http://sexsaoy.com/'),
(114269, 'http://www.o-trubah.com/'),
(114270, 'http://www.o-trubah.com/'),
(114271, 'http://www.o-trubah.com/'),
(114272, 'http://fix-website-errors.com/try.php?u=http://dfbgaming.com'),
(114273, 'http://runstocks.com/'),
(114274, 'http://runstocks.com/'),
(114275, 'http://inzn.ru/'),
(114276, 'http://inzn.ru/'),
(114277, 'http://inzn.ru/'),
(114278, 'http://fix-website-errors.com/try.php?u=http://dfbgaming.com'),
(114279, 'http://https-legalrc.biz/'),
(114280, 'http://https-legalrc.biz/'),
(114281, 'http://spravkavspb.ru/'),
(114282, 'http://zdesformula.ru/'),
(114283, 'http://dnepr-avtospar.com.ua/'),
(114284, 'http://spravkavspb.ru/'),
(114285, 'http://zdesformula.ru/'),
(114286, 'http://dnepr-avtospar.com.ua/'),
(114287, 'http://zdesformula.ru/'),
(114288, 'http://spravkavspb.ru/'),
(114289, 'http://dnepr-avtospar.com.ua/'),
(114290, 'http://buy-cheap-pills-order-online.com/'),
(114291, 'http://djonwatch.ru/'),
(114292, 'http://buy-cheap-pills-order-online.com/'),
(114293, 'http://djonwatch.ru/'),
(114294, 'http://buy-cheap-pills-order-online.com/'),
(114295, 'http://djonwatch.ru/'),
(114296, 'http://buttons-for-website.com'),
(114297, 'http://fix-website-errors.com/try.php?u=http://dfbgaming.com'),
(114298, 'http://to.afora.ru/'),
(114299, 'http://xn--80adiozefkkgf4j9ac.xn--p1ai/'),
(114300, 'http://xn--80adiozefkkgf4j9ac.xn--p1ai/'),
(114301, 'http://to.afora.ru/'),
(114302, 'http://to.afora.ru/'),
(114303, 'http://xn--80adiozefkkgf4j9ac.xn--p1ai/'),
(114304, 'http://www.positive2b.ru/'),
(114305, 'http://www.positive2b.ru/'),
(114306, 'http://www.positive2b.ru/'),
(114307, 'http://fix-website-errors.com/try.php?u=http://dfbgaming.com'),
(114308, 'http://vgoloveboli.net/'),
(114309, 'http://vgoloveboli.net/'),
(114310, 'http://vgoloveboli.net/'),
(114311, 'http://gastronom.com.ua/'),
(114312, 'http://gastronom.com.ua/'),
(114313, 'http://gastronom.com.ua/'),
(114314, 'http://dfbgaming.com/'),
(114315, 'https://www.google.com.ar/'),
(114316, 'http://fix-website-errors.com/try.php?u=http://dfbgaming.com'),
(114317, 'http://dfbgaming.com/'),
(114318, 'http://dfbgaming.com/'),
(114319, 'http://dfbgaming.com/'),
(114320, 'http://dfbgaming.com/'),
(114321, 'http://dfbgaming.com/'),
(114322, 'http://dfbgaming.com/'),
(114323, 'http://dfbgaming.com/'),
(114324, 'http://dfbgaming.com/'),
(114325, 'http://dfbgaming.com/'),
(114326, 'http://dfbgaming.com/'),
(114327, 'http://dfbgaming.com/'),
(114328, 'www.google.com'),
(114329, 'www.google.com');

-- --------------------------------------------------------

--
